66.249.74.34 - - [15/Jan/2026:22:51:25 -0500] "GET /?_g=777885 HTTP/1.1" 200 20651 "-" "Mozilla/5.0 (Linux; Android 6.0.1; Nexus 5X Build/MMB29P) AppleWebKit/537.36 (KHTML, like Gecko) Chrome/143.0.7499.192 Mobile Safari/537.36 (compatible; Googlebot/2.1; +http://www.google.com/bot.html)"
66.249.74.33 - - [15/Jan/2026:22:52:01 -0500] "GET /?_g=1099567 HTTP/1.1" 200 20650 "-" "Mozilla/5.0 (Linux; Android 6.0.1; Nexus 5X Build/MMB29P) AppleWebKit/537.36 (KHTML, like Gecko) Chrome/143.0.7499.192 Mobile Safari/537.36 (compatible; Googlebot/2.1; +http://www.google.com/bot.html)"
66.249.65.101 - - [15/Jan/2026:22:53:03 -0500] "GET /?_g=3186185 HTTP/1.1" 301 0 "-" "Mozilla/5.0 (Linux; Android 6.0.1; Nexus 5X Build/MMB29P) AppleWebKit/537.36 (KHTML, like Gecko) Chrome/143.0.7499.192 Mobile Safari/537.36 (compatible; Googlebot/2.1; +http://www.google.com/bot.html)"
66.249.74.34 - - [15/Jan/2026:22:53:03 -0500] "GET /?_g=3186185 HTTP/1.1" 200 20650 "-" "Mozilla/5.0 (Linux; Android 6.0.1; Nexus 5X Build/MMB29P) AppleWebKit/537.36 (KHTML, like Gecko) Chrome/143.0.7499.192 Mobile Safari/537.36 (compatible; Googlebot/2.1; +http://www.google.com/bot.html)"
66.249.65.102 - - [15/Jan/2026:22:53:45 -0500] "GET /?_g=459818 HTTP/1.1" 301 0 "-" "Mozilla/5.0 (Linux; Android 6.0.1; Nexus 5X Build/MMB29P) AppleWebKit/537.36 (KHTML, like Gecko) Chrome/143.0.7499.192 Mobile Safari/537.36 (compatible; Googlebot/2.1; +http://www.google.com/bot.html)"
66.249.74.33 - - [15/Jan/2026:22:53:45 -0500] "GET /?_g=459818 HTTP/1.1" 200 20651 "-" "Mozilla/5.0 (Linux; Android 6.0.1; Nexus 5X Build/MMB29P) AppleWebKit/537.36 (KHTML, like Gecko) Chrome/143.0.7499.192 Mobile Safari/537.36 (compatible; Googlebot/2.1; +http://www.google.com/bot.html)"
66.29.137.46 - - [15/Jan/2026:22:54:43 -0500] "POST /wp-cron.php?doing_wp_cron=1768535683.8920021057128906250000 HTTP/1.1" 200 0 "-" "WordPress/6.9; https://ablacktime.com"
114.119.143.77 - - [15/Jan/2026:22:54:43 -0500] "GET /?_g=2585412 HTTP/1.1" 200 24475 "https://ablacktime.com/?_g=2585412" "Mozilla/5.0 (Linux; Android 7.0;) AppleWebKit/537.36 (KHTML, like Gecko) Mobile Safari/537.36 (compatible; PetalBot;+https://webmaster.petalsearch.com/site/petalbot)"
66.249.65.101 - - [15/Jan/2026:22:55:19 -0500] "GET /?_g=2445599 HTTP/1.1" 301 0 "-" "Mozilla/5.0 (Linux; Android 6.0.1; Nexus 5X Build/MMB29P) AppleWebKit/537.36 (KHTML, like Gecko) Chrome/143.0.7499.192 Mobile Safari/537.36 (compatible; Googlebot/2.1; +http://www.google.com/bot.html)"
66.249.74.32 - - [15/Jan/2026:22:55:19 -0500] "GET /?_g=2445599 HTTP/1.1" 200 20649 "-" "Mozilla/5.0 (Linux; Android 6.0.1; Nexus 5X Build/MMB29P) AppleWebKit/537.36 (KHTML, like Gecko) Chrome/143.0.7499.192 Mobile Safari/537.36 (compatible; Googlebot/2.1; +http://www.google.com/bot.html)"
66.249.65.101 - - [15/Jan/2026:22:56:48 -0500] "GET /?_g=2839291 HTTP/1.1" 301 0 "-" "Mozilla/5.0 (Linux; Android 6.0.1; Nexus 5X Build/MMB29P) AppleWebKit/537.36 (KHTML, like Gecko) Chrome/143.0.7499.192 Mobile Safari/537.36 (compatible; Googlebot/2.1; +http://www.google.com/bot.html)"
66.249.74.32 - - [15/Jan/2026:22:56:49 -0500] "GET /?_g=2839291 HTTP/1.1" 200 20651 "-" "Mozilla/5.0 (Linux; Android 6.0.1; Nexus 5X Build/MMB29P) AppleWebKit/537.36 (KHTML, like Gecko) Chrome/143.0.7499.192 Mobile Safari/537.36 (compatible; Googlebot/2.1; +http://www.google.com/bot.html)"
66.249.65.102 - - [15/Jan/2026:22:57:36 -0500] "GET /?_g=1732225 HTTP/1.1" 301 0 "-" "Mozilla/5.0 (Linux; Android 6.0.1; Nexus 5X Build/MMB29P) AppleWebKit/537.36 (KHTML, like Gecko) Chrome/143.0.7499.192 Mobile Safari/537.36 (compatible; Googlebot/2.1; +http://www.google.com/bot.html)"
66.249.74.32 - - [15/Jan/2026:22:57:36 -0500] "GET /?_g=1732225 HTTP/1.1" 200 20650 "-" "Mozilla/5.0 (Linux; Android 6.0.1; Nexus 5X Build/MMB29P) AppleWebKit/537.36 (KHTML, like Gecko) Chrome/143.0.7499.192 Mobile Safari/537.36 (compatible; Googlebot/2.1; +http://www.google.com/bot.html)"
66.249.65.102 - - [15/Jan/2026:22:59:08 -0500] "GET /?_g=884189 HTTP/1.1" 301 0 "-" "Mozilla/5.0 (Linux; Android 6.0.1; Nexus 5X Build/MMB29P) AppleWebKit/537.36 (KHTML, like Gecko) Chrome/143.0.7499.192 Mobile Safari/537.36 (compatible; Googlebot/2.1; +http://www.google.com/bot.html)"
66.249.65.103 - - [15/Jan/2026:22:59:09 -0500] "GET /?_g=1661522 HTTP/1.1" 301 0 "-" "Mozilla/5.0 (Linux; Android 6.0.1; Nexus 5X Build/MMB29P) AppleWebKit/537.36 (KHTML, like Gecko) Chrome/143.0.7499.192 Mobile Safari/537.36 (compatible; Googlebot/2.1; +http://www.google.com/bot.html)"
66.249.74.33 - - [15/Jan/2026:22:59:09 -0500] "GET /?_g=884189 HTTP/1.1" 200 20651 "-" "Mozilla/5.0 (Linux; Android 6.0.1; Nexus 5X Build/MMB29P) AppleWebKit/537.36 (KHTML, like Gecko) Chrome/143.0.7499.192 Mobile Safari/537.36 (compatible; Googlebot/2.1; +http://www.google.com/bot.html)"
66.249.74.33 - - [15/Jan/2026:22:59:09 -0500] "GET /?_g=1661522 HTTP/1.1" 200 20651 "-" "Mozilla/5.0 (Linux; Android 6.0.1; Nexus 5X Build/MMB29P) AppleWebKit/537.36 (KHTML, like Gecko) Chrome/143.0.7499.192 Mobile Safari/537.36 (compatible; Googlebot/2.1; +http://www.google.com/bot.html)"
66.29.137.46 - - [15/Jan/2026:23:15:14 -0500] "POST /wp-cron.php?doing_wp_cron=1768536913.7936720848083496093750 HTTP/1.1" 200 0 "-" "WordPress/6.9; https://ablacktime.com"
66.249.74.32 - - [15/Jan/2026:23:15:12 -0500] "GET /?_g=3464 HTTP/1.1" 200 20651 "-" "Mozilla/5.0 (Linux; Android 6.0.1; Nexus 5X Build/MMB29P) AppleWebKit/537.36 (KHTML, like Gecko) Chrome/143.0.7499.192 Mobile Safari/537.36 (compatible; Googlebot/2.1; +http://www.google.com/bot.html)"
66.249.65.102 - - [15/Jan/2026:23:15:30 -0500] "GET /?_g=2059849 HTTP/1.1" 301 0 "-" "Mozilla/5.0 (Linux; Android 6.0.1; Nexus 5X Build/MMB29P) AppleWebKit/537.36 (KHTML, like Gecko) Chrome/143.0.7499.192 Mobile Safari/537.36 (compatible; Googlebot/2.1; +http://www.google.com/bot.html)"
66.249.74.32 - - [15/Jan/2026:23:15:30 -0500] "GET /?_g=2059849 HTTP/1.1" 200 20651 "-" "Mozilla/5.0 (Linux; Android 6.0.1; Nexus 5X Build/MMB29P) AppleWebKit/537.36 (KHTML, like Gecko) Chrome/143.0.7499.192 Mobile Safari/537.36 (compatible; Googlebot/2.1; +http://www.google.com/bot.html)"
66.29.137.46 - - [15/Jan/2026:23:17:39 -0500] "POST /wp-cron.php?doing_wp_cron=1768537059.3774859905242919921875 HTTP/1.1" 200 0 "-" "WordPress/6.9; https://ablacktime.com"
66.249.74.33 - - [15/Jan/2026:23:17:38 -0500] "GET /?_g=3042689 HTTP/1.1" 200 20653 "-" "Mozilla/5.0 (Linux; Android 6.0.1; Nexus 5X Build/MMB29P) AppleWebKit/537.36 (KHTML, like Gecko) Chrome/143.0.7499.192 Mobile Safari/537.36 (compatible; Googlebot/2.1; +http://www.google.com/bot.html)"
66.29.137.46 - - [15/Jan/2026:23:33:39 -0500] "POST /wp-cron.php?doing_wp_cron=1768538019.4125990867614746093750 HTTP/1.1" 200 0 "-" "WordPress/6.9; https://ablacktime.com"
66.249.65.102 - - [15/Jan/2026:23:33:37 -0500] "GET /?_g=1535099 HTTP/1.1" 301 0 "-" "Mozilla/5.0 (Linux; Android 6.0.1; Nexus 5X Build/MMB29P) AppleWebKit/537.36 (KHTML, like Gecko) Chrome/143.0.7499.192 Mobile Safari/537.36 (compatible; Googlebot/2.1; +http://www.google.com/bot.html)"
66.249.74.33 - - [15/Jan/2026:23:33:39 -0500] "GET /?_g=1535099 HTTP/1.1" 200 20651 "-" "Mozilla/5.0 (Linux; Android 6.0.1; Nexus 5X Build/MMB29P) AppleWebKit/537.36 (KHTML, like Gecko) Chrome/143.0.7499.192 Mobile Safari/537.36 (compatible; Googlebot/2.1; +http://www.google.com/bot.html)"
114.119.130.13 - - [15/Jan/2026:23:39:06 -0500] "GET /?_g=1609863 HTTP/1.1" 200 24469 "https://ablacktime.com/?_g=1609863" "Mozilla/5.0 (Linux; Android 7.0;) AppleWebKit/537.36 (KHTML, like Gecko) Mobile Safari/537.36 (compatible; PetalBot;+https://webmaster.petalsearch.com/site/petalbot)"
66.29.137.46 - - [15/Jan/2026:23:48:35 -0500] "POST /wp-cron.php?doing_wp_cron=1768538915.1963379383087158203125 HTTP/1.1" 200 0 "-" "WordPress/6.9; https://ablacktime.com"
66.249.65.102 - - [15/Jan/2026:23:48:34 -0500] "GET /?_g=895979 HTTP/1.1" 301 0 "-" "Mozilla/5.0 (Linux; Android 6.0.1; Nexus 5X Build/MMB29P) AppleWebKit/537.36 (KHTML, like Gecko) Chrome/143.0.7499.192 Mobile Safari/537.36 (compatible; Googlebot/2.1; +http://www.google.com/bot.html)"
66.249.74.34 - - [15/Jan/2026:23:48:35 -0500] "GET /?_g=895979 HTTP/1.1" 200 20651 "-" "Mozilla/5.0 (Linux; Android 6.0.1; Nexus 5X Build/MMB29P) AppleWebKit/537.36 (KHTML, like Gecko) Chrome/143.0.7499.192 Mobile Safari/537.36 (compatible; Googlebot/2.1; +http://www.google.com/bot.html)"
66.249.65.102 - - [15/Jan/2026:23:51:40 -0500] "GET /?_g=167718 HTTP/1.1" 301 0 "-" "Mozilla/5.0 (Linux; Android 6.0.1; Nexus 5X Build/MMB29P) AppleWebKit/537.36 (KHTML, like Gecko) Chrome/143.0.7499.192 Mobile Safari/537.36 (compatible; Googlebot/2.1; +http://www.google.com/bot.html)"
66.249.74.32 - - [15/Jan/2026:23:51:41 -0500] "GET /?_g=167718 HTTP/1.1" 200 20651 "-" "Mozilla/5.0 (Linux; Android 6.0.1; Nexus 5X Build/MMB29P) AppleWebKit/537.36 (KHTML, like Gecko) Chrome/143.0.7499.192 Mobile Safari/537.36 (compatible; Googlebot/2.1; +http://www.google.com/bot.html)"
66.249.74.34 - - [15/Jan/2026:23:53:23 -0500] "GET /?_g=2486589 HTTP/1.1" 200 20650 "-" "Mozilla/5.0 (Linux; Android 6.0.1; Nexus 5X Build/MMB29P) AppleWebKit/537.36 (KHTML, like Gecko) Chrome/143.0.7499.192 Mobile Safari/537.36 (compatible; Googlebot/2.1; +http://www.google.com/bot.html)"
66.29.137.46 - - [15/Jan/2026:23:58:50 -0500] "POST /wp-cron.php?doing_wp_cron=1768539530.2966709136962890625000 HTTP/1.1" 200 0 "-" "WordPress/6.9; https://ablacktime.com"
52.230.120.92 - - [15/Jan/2026:23:58:49 -0500] "GET /.well-known/acme-challenge/ HTTP/1.1" 404 6178 "-" "Mozilla/5.0 (Windows NT 10.0; Win64; x64) AppleWebKit/537.36 (KHTML, like Gecko) Chrome/120.0.0.0 Safari/537.36"
52.230.120.92 - - [15/Jan/2026:23:58:50 -0500] "GET /abcd.php HTTP/1.1" 404 6160 "-" "Mozilla/5.0 (Windows NT 10.0; Win64; x64) AppleWebKit/537.36 (KHTML, like Gecko) Chrome/120.0.0.0 Safari/537.36"
52.230.120.92 - - [15/Jan/2026:23:58:52 -0500] "GET /about.php HTTP/1.1" 404 6144 "-" "Mozilla/5.0 (Windows NT 10.0; Win64; x64) AppleWebKit/537.36 (KHTML, like Gecko) Chrome/120.0.0.0 Safari/537.36"
52.230.120.92 - - [15/Jan/2026:23:58:52 -0500] "GET /chosen.php HTTP/1.1" 404 6150 "-" "Mozilla/5.0 (Windows NT 10.0; Win64; x64) AppleWebKit/537.36 (KHTML, like Gecko) Chrome/120.0.0.0 Safari/537.36"
52.230.120.92 - - [15/Jan/2026:23:58:54 -0500] "GET /default.php HTTP/1.1" 404 6159 "-" "Mozilla/5.0 (Windows NT 10.0; Win64; x64) AppleWebKit/537.36 (KHTML, like Gecko) Chrome/120.0.0.0 Safari/537.36"
52.230.120.92 - - [15/Jan/2026:23:58:54 -0500] "GET /ds.php HTTP/1.1" 404 6150 "-" "Mozilla/5.0 (Windows NT 10.0; Win64; x64) AppleWebKit/537.36 (KHTML, like Gecko) Chrome/120.0.0.0 Safari/537.36"
52.230.120.92 - - [15/Jan/2026:23:58:56 -0500] "GET /f5.php HTTP/1.1" 404 6149 "-" "Mozilla/5.0 (Windows NT 10.0; Win64; x64) AppleWebKit/537.36 (KHTML, like Gecko) Chrome/120.0.0.0 Safari/537.36"
52.230.120.92 - - [15/Jan/2026:23:58:57 -0500] "GET /ioxi-o.php HTTP/1.1" 404 6151 "-" "Mozilla/5.0 (Windows NT 10.0; Win64; x64) AppleWebKit/537.36 (KHTML, like Gecko) Chrome/120.0.0.0 Safari/537.36"
52.230.120.92 - - [15/Jan/2026:23:58:57 -0500] "GET /bolt.php HTTP/1.1" 404 6160 "-" "Mozilla/5.0 (Windows NT 10.0; Win64; x64) AppleWebKit/537.36 (KHTML, like Gecko) Chrome/120.0.0.0 Safari/537.36"
52.230.120.92 - - [15/Jan/2026:23:58:58 -0500] "GET /deepseek_d.php HTTP/1.1" 404 6157 "-" "Mozilla/5.0 (Windows NT 10.0; Win64; x64) AppleWebKit/537.36 (KHTML, like Gecko) Chrome/120.0.0.0 Safari/537.36"
52.230.120.92 - - [15/Jan/2026:23:58:59 -0500] "GET /pu9.php HTTP/1.1" 404 6160 "-" "Mozilla/5.0 (Windows NT 10.0; Win64; x64) AppleWebKit/537.36 (KHTML, like Gecko) Chrome/120.0.0.0 Safari/537.36"
52.230.120.92 - - [15/Jan/2026:23:59:00 -0500] "GET /wp-bat.php HTTP/1.1" 404 6149 "-" "Mozilla/5.0 (Windows NT 10.0; Win64; x64) AppleWebKit/537.36 (KHTML, like Gecko) Chrome/120.0.0.0 Safari/537.36"
52.230.120.92 - - [15/Jan/2026:23:59:01 -0500] "GET /file.php HTTP/1.1" 404 6158 "-" "Mozilla/5.0 (Windows NT 10.0; Win64; x64) AppleWebKit/537.36 (KHTML, like Gecko) Chrome/120.0.0.0 Safari/537.36"
52.230.120.92 - - [15/Jan/2026:23:59:01 -0500] "GET /god4m.php HTTP/1.1" 404 6144 "-" "Mozilla/5.0 (Windows NT 10.0; Win64; x64) AppleWebKit/537.36 (KHTML, like Gecko) Chrome/120.0.0.0 Safari/537.36"
52.230.120.92 - - [15/Jan/2026:23:59:03 -0500] "GET /info.php HTTP/1.1" 404 6160 "-" "Mozilla/5.0 (Windows NT 10.0; Win64; x64) AppleWebKit/537.36 (KHTML, like Gecko) Chrome/120.0.0.0 Safari/537.36"
52.230.120.92 - - [15/Jan/2026:23:59:03 -0500] "GET /modules/ HTTP/1.1" 404 6159 "-" "Mozilla/5.0 (Windows NT 10.0; Win64; x64) AppleWebKit/537.36 (KHTML, like Gecko) Chrome/120.0.0.0 Safari/537.36"
52.230.120.92 - - [15/Jan/2026:23:59:04 -0500] "GET /test1.php HTTP/1.1" 404 6143 "-" "Mozilla/5.0 (Windows NT 10.0; Win64; x64) AppleWebKit/537.36 (KHTML, like Gecko) Chrome/120.0.0.0 Safari/537.36"
52.230.120.92 - - [15/Jan/2026:23:59:04 -0500] "GET /uploads/ HTTP/1.1" 404 6160 "-" "Mozilla/5.0 (Windows NT 10.0; Win64; x64) AppleWebKit/537.36 (KHTML, like Gecko) Chrome/120.0.0.0 Safari/537.36"
52.230.120.92 - - [15/Jan/2026:23:59:05 -0500] "GET /wp-admin/images/ HTTP/1.1" 200 2759 "-" "Mozilla/5.0 (Windows NT 10.0; Win64; x64) AppleWebKit/537.36 (KHTML, like Gecko) Chrome/120.0.0.0 Safari/537.36"
52.230.120.92 - - [15/Jan/2026:23:59:06 -0500] "GET /wp-content/uploads/ HTTP/1.1" 200 728 "-" "Mozilla/5.0 (Windows NT 10.0; Win64; x64) AppleWebKit/537.36 (KHTML, like Gecko) Chrome/120.0.0.0 Safari/537.36"
52.230.120.92 - - [15/Jan/2026:23:59:07 -0500] "GET /wp-good.php HTTP/1.1" 404 6160 "-" "Mozilla/5.0 (Windows NT 10.0; Win64; x64) AppleWebKit/537.36 (KHTML, like Gecko) Chrome/120.0.0.0 Safari/537.36"
52.230.120.92 - - [15/Jan/2026:23:59:08 -0500] "GET /wp-includes/ID3/ HTTP/1.1" 200 1387 "-" "Mozilla/5.0 (Windows NT 10.0; Win64; x64) AppleWebKit/537.36 (KHTML, like Gecko) Chrome/120.0.0.0 Safari/537.36"
52.230.120.92 - - [15/Jan/2026:23:59:09 -0500] "GET /wp-includes/Text/ HTTP/1.1" 200 730 "-" "Mozilla/5.0 (Windows NT 10.0; Win64; x64) AppleWebKit/537.36 (KHTML, like Gecko) Chrome/120.0.0.0 Safari/537.36"
52.230.120.92 - - [15/Jan/2026:23:59:09 -0500] "GET /wp-includes/assets/ HTTP/1.1" 200 1062 "-" "Mozilla/5.0 (Windows NT 10.0; Win64; x64) AppleWebKit/537.36 (KHTML, like Gecko) Chrome/120.0.0.0 Safari/537.36"
52.230.120.92 - - [15/Jan/2026:23:59:10 -0500] "GET /wp-includes/js/codemirror/ HTTP/1.1" 200 1133 "-" "Mozilla/5.0 (Windows NT 10.0; Win64; x64) AppleWebKit/537.36 (KHTML, like Gecko) Chrome/120.0.0.0 Safari/537.36"
52.230.120.92 - - [15/Jan/2026:23:59:10 -0500] "GET /wp-includes/js/crop/ HTTP/1.1" 200 753 "-" "Mozilla/5.0 (Windows NT 10.0; Win64; x64) AppleWebKit/537.36 (KHTML, like Gecko) Chrome/120.0.0.0 Safari/537.36"
52.230.120.92 - - [15/Jan/2026:23:59:11 -0500] "GET /wp-includes/pomo/ HTTP/1.1" 200 1062 "-" "Mozilla/5.0 (Windows NT 10.0; Win64; x64) AppleWebKit/537.36 (KHTML, like Gecko) Chrome/120.0.0.0 Safari/537.36"
52.230.120.92 - - [15/Jan/2026:23:59:12 -0500] "GET /wp-includes/rest-api/fields/ HTTP/1.1" 200 1096 "-" "Mozilla/5.0 (Windows NT 10.0; Win64; x64) AppleWebKit/537.36 (KHTML, like Gecko) Chrome/120.0.0.0 Safari/537.36"
52.230.120.92 - - [15/Jan/2026:23:59:13 -0500] "GET /classwithtostring.php HTTP/1.1" 404 6158 "-" "Mozilla/5.0 (Windows NT 10.0; Win64; x64) AppleWebKit/537.36 (KHTML, like Gecko) Chrome/120.0.0.0 Safari/537.36"
52.230.120.92 - - [15/Jan/2026:23:59:14 -0500] "GET /manager.php HTTP/1.1" 404 6160 "-" "Mozilla/5.0 (Windows NT 10.0; Win64; x64) AppleWebKit/537.36 (KHTML, like Gecko) Chrome/120.0.0.0 Safari/537.36"
52.230.120.92 - - [15/Jan/2026:23:59:14 -0500] "GET /radio.php HTTP/1.1" 404 6151 "-" "Mozilla/5.0 (Windows NT 10.0; Win64; x64) AppleWebKit/537.36 (KHTML, like Gecko) Chrome/120.0.0.0 Safari/537.36"
52.230.120.92 - - [15/Jan/2026:23:59:15 -0500] "GET /autoload_classmap.php HTTP/1.1" 404 6156 "-" "Mozilla/5.0 (Windows NT 10.0; Win64; x64) AppleWebKit/537.36 (KHTML, like Gecko) Chrome/120.0.0.0 Safari/537.36"
52.230.120.92 - - [15/Jan/2026:23:59:17 -0500] "GET /wp-content/uploads/2024/ HTTP/1.1" 200 1122 "-" "Mozilla/5.0 (Windows NT 10.0; Win64; x64) AppleWebKit/537.36 (KHTML, like Gecko) Chrome/120.0.0.0 Safari/537.36"
52.230.120.92 - - [15/Jan/2026:23:59:19 -0500] "GET /wp-includes/assets/autoload_classmap.php HTTP/1.1" 404 6171 "-" "Mozilla/5.0 (Windows NT 10.0; Win64; x64) AppleWebKit/537.36 (KHTML, like Gecko) Chrome/120.0.0.0 Safari/537.36"
52.230.120.92 - - [15/Jan/2026:23:59:19 -0500] "GET /wp-includes/blocks/calendar/index.php HTTP/1.1" 301 0 "-" "Mozilla/5.0 (Windows NT 10.0; Win64; x64) AppleWebKit/537.36 (KHTML, like Gecko) Chrome/120.0.0.0 Safari/537.36"
52.230.120.92 - - [15/Jan/2026:23:59:20 -0500] "GET /wp-includes/js/codemirror/index.php HTTP/1.1" 301 0 "-" "Mozilla/5.0 (Windows NT 10.0; Win64; x64) AppleWebKit/537.36 (KHTML, like Gecko) Chrome/120.0.0.0 Safari/537.36"
52.230.120.92 - - [15/Jan/2026:23:59:21 -0500] "GET /wp-includes/rest-api/index.php HTTP/1.1" 301 0 "-" "Mozilla/5.0 (Windows NT 10.0; Win64; x64) AppleWebKit/537.36 (KHTML, like Gecko) Chrome/120.0.0.0 Safari/537.36"
52.230.120.92 - - [15/Jan/2026:23:59:21 -0500] "GET /0.php HTTP/1.1" 404 6146 "-" "Mozilla/5.0 (Windows NT 10.0; Win64; x64) AppleWebKit/537.36 (KHTML, like Gecko) Chrome/120.0.0.0 Safari/537.36"
52.230.120.92 - - [15/Jan/2026:23:59:22 -0500] "GET /07.php HTTP/1.1" 404 6150 "-" "Mozilla/5.0 (Windows NT 10.0; Win64; x64) AppleWebKit/537.36 (KHTML, like Gecko) Chrome/120.0.0.0 Safari/537.36"
52.230.120.92 - - [15/Jan/2026:23:59:22 -0500] "GET /1.php HTTP/1.1" 404 6147 "-" "Mozilla/5.0 (Windows NT 10.0; Win64; x64) AppleWebKit/537.36 (KHTML, like Gecko) Chrome/120.0.0.0 Safari/537.36"
52.230.120.92 - - [15/Jan/2026:23:59:23 -0500] "GET /123.php HTTP/1.1" 404 6160 "-" "Mozilla/5.0 (Windows NT 10.0; Win64; x64) AppleWebKit/537.36 (KHTML, like Gecko) Chrome/120.0.0.0 Safari/537.36"
52.230.120.92 - - [15/Jan/2026:23:59:24 -0500] "GET /aa.php HTTP/1.1" 404 6150 "-" "Mozilla/5.0 (Windows NT 10.0; Win64; x64) AppleWebKit/537.36 (KHTML, like Gecko) Chrome/120.0.0.0 Safari/537.36"
52.230.120.92 - - [15/Jan/2026:23:59:24 -0500] "GET /admin.php HTTP/1.1" 404 6151 "-" "Mozilla/5.0 (Windows NT 10.0; Win64; x64) AppleWebKit/537.36 (KHTML, like Gecko) Chrome/120.0.0.0 Safari/537.36"
52.230.120.92 - - [15/Jan/2026:23:59:25 -0500] "GET /akc.php HTTP/1.1" 404 6160 "-" "Mozilla/5.0 (Windows NT 10.0; Win64; x64) AppleWebKit/537.36 (KHTML, like Gecko) Chrome/120.0.0.0 Safari/537.36"
52.230.120.92 - - [15/Jan/2026:23:59:26 -0500] "GET /akcc.php HTTP/1.1" 404 6160 "-" "Mozilla/5.0 (Windows NT 10.0; Win64; x64) AppleWebKit/537.36 (KHTML, like Gecko) Chrome/120.0.0.0 Safari/537.36"
52.230.120.92 - - [15/Jan/2026:23:59:27 -0500] "GET /asasx.php HTTP/1.1" 404 6151 "-" "Mozilla/5.0 (Windows NT 10.0; Win64; x64) AppleWebKit/537.36 (KHTML, like Gecko) Chrome/120.0.0.0 Safari/537.36"
52.230.120.92 - - [15/Jan/2026:23:59:27 -0500] "GET /asd.php HTTP/1.1" 404 6160 "-" "Mozilla/5.0 (Windows NT 10.0; Win64; x64) AppleWebKit/537.36 (KHTML, like Gecko) Chrome/120.0.0.0 Safari/537.36"
52.230.120.92 - - [15/Jan/2026:23:59:28 -0500] "GET /atomlib.php HTTP/1.1" 404 6162 "-" "Mozilla/5.0 (Windows NT 10.0; Win64; x64) AppleWebKit/537.36 (KHTML, like Gecko) Chrome/120.0.0.0 Safari/537.36"
52.230.120.92 - - [15/Jan/2026:23:59:29 -0500] "GET /axx.php HTTP/1.1" 404 6159 "-" "Mozilla/5.0 (Windows NT 10.0; Win64; x64) AppleWebKit/537.36 (KHTML, like Gecko) Chrome/120.0.0.0 Safari/537.36"
52.230.120.92 - - [15/Jan/2026:23:59:30 -0500] "GET /berax.php HTTP/1.1" 404 6150 "-" "Mozilla/5.0 (Windows NT 10.0; Win64; x64) AppleWebKit/537.36 (KHTML, like Gecko) Chrome/120.0.0.0 Safari/537.36"
52.230.120.92 - - [15/Jan/2026:23:59:31 -0500] "GET /build.php HTTP/1.1" 404 6151 "-" "Mozilla/5.0 (Windows NT 10.0; Win64; x64) AppleWebKit/537.36 (KHTML, like Gecko) Chrome/120.0.0.0 Safari/537.36"
52.230.120.92 - - [15/Jan/2026:23:59:32 -0500] "GET /buy.php HTTP/1.1" 404 6161 "-" "Mozilla/5.0 (Windows NT 10.0; Win64; x64) AppleWebKit/537.36 (KHTML, like Gecko) Chrome/120.0.0.0 Safari/537.36"
52.230.120.92 - - [15/Jan/2026:23:59:32 -0500] "GET /checkbox.php HTTP/1.1" 404 6173 "-" "Mozilla/5.0 (Windows NT 10.0; Win64; x64) AppleWebKit/537.36 (KHTML, like Gecko) Chrome/120.0.0.0 Safari/537.36"
52.230.120.92 - - [15/Jan/2026:23:59:34 -0500] "GET /cong.php HTTP/1.1" 404 6159 "-" "Mozilla/5.0 (Windows NT 10.0; Win64; x64) AppleWebKit/537.36 (KHTML, like Gecko) Chrome/120.0.0.0 Safari/537.36"
52.230.120.92 - - [15/Jan/2026:23:59:34 -0500] "GET /css.php HTTP/1.1" 404 6157 "-" "Mozilla/5.0 (Windows NT 10.0; Win64; x64) AppleWebKit/537.36 (KHTML, like Gecko) Chrome/120.0.0.0 Safari/537.36"
52.230.120.92 - - [15/Jan/2026:23:59:35 -0500] "GET /dropdown.php HTTP/1.1" 404 6170 "-" "Mozilla/5.0 (Windows NT 10.0; Win64; x64) AppleWebKit/537.36 (KHTML, like Gecko) Chrome/120.0.0.0 Safari/537.36"
52.230.120.92 - - [15/Jan/2026:23:59:36 -0500] "GET /edit.php HTTP/1.1" 404 6160 "-" "Mozilla/5.0 (Windows NT 10.0; Win64; x64) AppleWebKit/537.36 (KHTML, like Gecko) Chrome/120.0.0.0 Safari/537.36"
52.230.120.92 - - [15/Jan/2026:23:59:36 -0500] "GET /file2.php HTTP/1.1" 404 6143 "-" "Mozilla/5.0 (Windows NT 10.0; Win64; x64) AppleWebKit/537.36 (KHTML, like Gecko) Chrome/120.0.0.0 Safari/537.36"
66.249.65.101 - - [16/Jan/2026:00:00:21 -0500] "GET /?_g=1948613 HTTP/1.1" 301 0 "-" "Mozilla/5.0 (Linux; Android 6.0.1; Nexus 5X Build/MMB29P) AppleWebKit/537.36 (KHTML, like Gecko) Chrome/143.0.7499.192 Mobile Safari/537.36 (compatible; Googlebot/2.1; +http://www.google.com/bot.html)"
66.249.79.198 - - [16/Jan/2026:00:00:22 -0500] "GET /?_g=1948613 HTTP/1.1" 200 20649 "-" "Mozilla/5.0 (Linux; Android 6.0.1; Nexus 5X Build/MMB29P) AppleWebKit/537.36 (KHTML, like Gecko) Chrome/143.0.7499.192 Mobile Safari/537.36 (compatible; Googlebot/2.1; +http://www.google.com/bot.html)"
52.230.120.92 - - [15/Jan/2026:23:59:37 -0500] "GET /file4.php HTTP/1.1" 404 6143 "-" "Mozilla/5.0 (Windows NT 10.0; Win64; x64) AppleWebKit/537.36 (KHTML, like Gecko) Chrome/120.0.0.0 Safari/537.36"
52.230.120.92 - - [15/Jan/2026:23:59:38 -0500] "GET /filemanager.php HTTP/1.1" 404 6159 "-" "Mozilla/5.0 (Windows NT 10.0; Win64; x64) AppleWebKit/537.36 (KHTML, like Gecko) Chrome/120.0.0.0 Safari/537.36"
52.230.120.92 - - [15/Jan/2026:23:59:38 -0500] "GET /flower.php HTTP/1.1" 404 6151 "-" "Mozilla/5.0 (Windows NT 10.0; Win64; x64) AppleWebKit/537.36 (KHTML, like Gecko) Chrome/120.0.0.0 Safari/537.36"
52.230.120.92 - - [15/Jan/2026:23:59:39 -0500] "GET /form.php HTTP/1.1" 404 6159 "-" "Mozilla/5.0 (Windows NT 10.0; Win64; x64) AppleWebKit/537.36 (KHTML, like Gecko) Chrome/120.0.0.0 Safari/537.36"
52.230.120.92 - - [15/Jan/2026:23:59:40 -0500] "GET /kyami.php HTTP/1.1" 404 6144 "-" "Mozilla/5.0 (Windows NT 10.0; Win64; x64) AppleWebKit/537.36 (KHTML, like Gecko) Chrome/120.0.0.0 Safari/537.36"
52.230.120.92 - - [15/Jan/2026:23:59:41 -0500] "GET /makeasmtp.php HTTP/1.1" 404 6154 "-" "Mozilla/5.0 (Windows NT 10.0; Win64; x64) AppleWebKit/537.36 (KHTML, like Gecko) Chrome/120.0.0.0 Safari/537.36"
52.230.120.92 - - [15/Jan/2026:23:59:42 -0500] "GET /mari.php HTTP/1.1" 404 6160 "-" "Mozilla/5.0 (Windows NT 10.0; Win64; x64) AppleWebKit/537.36 (KHTML, like Gecko) Chrome/120.0.0.0 Safari/537.36"
52.230.120.92 - - [15/Jan/2026:23:59:42 -0500] "GET /moon.php HTTP/1.1" 404 6160 "-" "Mozilla/5.0 (Windows NT 10.0; Win64; x64) AppleWebKit/537.36 (KHTML, like Gecko) Chrome/120.0.0.0 Safari/537.36"
52.230.120.92 - - [15/Jan/2026:23:59:43 -0500] "GET /new.php HTTP/1.1" 404 6160 "-" "Mozilla/5.0 (Windows NT 10.0; Win64; x64) AppleWebKit/537.36 (KHTML, like Gecko) Chrome/120.0.0.0 Safari/537.36"
52.230.120.92 - - [15/Jan/2026:23:59:44 -0500] "GET /wp-activate.php HTTP/1.1" 302 0 "-" "Mozilla/5.0 (Windows NT 10.0; Win64; x64) AppleWebKit/537.36 (KHTML, like Gecko) Chrome/120.0.0.0 Safari/537.36"
52.230.120.92 - - [15/Jan/2026:23:59:44 -0500] "GET /wp-admin.php HTTP/1.1" 404 6172 "-" "Mozilla/5.0 (Windows NT 10.0; Win64; x64) AppleWebKit/537.36 (KHTML, like Gecko) Chrome/120.0.0.0 Safari/537.36"
52.230.120.92 - - [15/Jan/2026:23:59:45 -0500] "GET /wp-trackback.php HTTP/1.1" 404 91 "-" "Mozilla/5.0 (Windows NT 10.0; Win64; x64) AppleWebKit/537.36 (KHTML, like Gecko) Chrome/120.0.0.0 Safari/537.36"
52.230.120.92 - - [15/Jan/2026:23:59:46 -0500] "GET /xmlrpc.php HTTP/1.1" 405 46 "-" "Mozilla/5.0 (Windows NT 10.0; Win64; x64) AppleWebKit/537.36 (KHTML, like Gecko) Chrome/120.0.0.0 Safari/537.36"
52.230.120.92 - - [15/Jan/2026:23:59:47 -0500] "GET /xmrlpc.php HTTP/1.1" 404 6150 "-" "Mozilla/5.0 (Windows NT 10.0; Win64; x64) AppleWebKit/537.36 (KHTML, like Gecko) Chrome/120.0.0.0 Safari/537.36"
52.230.120.92 - - [15/Jan/2026:23:59:47 -0500] "GET /adminfuns.php HTTP/1.1" 404 6153 "-" "Mozilla/5.0 (Windows NT 10.0; Win64; x64) AppleWebKit/537.36 (KHTML, like Gecko) Chrome/120.0.0.0 Safari/537.36"
114.119.141.80 - - [16/Jan/2026:00:03:12 -0500] "GET /?_g=2717827 HTTP/1.1" 200 24470 "https://ablacktime.com/?_g=2717827" "Mozilla/5.0 (Linux; Android 7.0;) AppleWebKit/537.36 (KHTML, like Gecko) Mobile Safari/537.36 (compatible; PetalBot;+https://webmaster.petalsearch.com/site/petalbot)"
43.167.236.228 - - [16/Jan/2026:00:06:26 -0500] "GET / HTTP/1.1" 200 24470 "http://ablacktime.com" "Mozilla/5.0 (iPhone; CPU iPhone OS 13_2_3 like Mac OS X) AppleWebKit/605.1.15 (KHTML, like Gecko) Version/13.0.3 Mobile/15E148 Safari/604.1"
66.29.137.46 - - [16/Jan/2026:00:12:25 -0500] "POST /wp-cron.php?doing_wp_cron=1768540345.0952639579772949218750 HTTP/1.1" 200 0 "-" "WordPress/6.9; https://ablacktime.com"
66.249.65.102 - - [16/Jan/2026:00:12:23 -0500] "GET /?_g=2666616 HTTP/1.1" 301 0 "-" "Mozilla/5.0 (Linux; Android 6.0.1; Nexus 5X Build/MMB29P) AppleWebKit/537.36 (KHTML, like Gecko) Chrome/143.0.7499.192 Mobile Safari/537.36 (compatible; Googlebot/2.1; +http://www.google.com/bot.html)"
66.249.74.32 - - [16/Jan/2026:00:12:25 -0500] "GET /?_g=2666616 HTTP/1.1" 200 20650 "-" "Mozilla/5.0 (Linux; Android 6.0.1; Nexus 5X Build/MMB29P) AppleWebKit/537.36 (KHTML, like Gecko) Chrome/143.0.7499.192 Mobile Safari/537.36 (compatible; Googlebot/2.1; +http://www.google.com/bot.html)"
66.29.137.46 - - [16/Jan/2026:00:14:54 -0500] "POST /wp-cron.php?doing_wp_cron=1768540494.6575810909271240234375 HTTP/1.1" 200 0 "-" "WordPress/6.9; https://ablacktime.com"
66.249.65.102 - - [16/Jan/2026:00:14:53 -0500] "GET /?_g=503213 HTTP/1.1" 301 0 "-" "Mozilla/5.0 (Linux; Android 6.0.1; Nexus 5X Build/MMB29P) AppleWebKit/537.36 (KHTML, like Gecko) Chrome/143.0.7499.192 Mobile Safari/537.36 (compatible; Googlebot/2.1; +http://www.google.com/bot.html)"
66.249.74.33 - - [16/Jan/2026:00:14:54 -0500] "GET /?_g=503213 HTTP/1.1" 200 20650 "-" "Mozilla/5.0 (Linux; Android 6.0.1; Nexus 5X Build/MMB29P) AppleWebKit/537.36 (KHTML, like Gecko) Chrome/143.0.7499.192 Mobile Safari/537.36 (compatible; Googlebot/2.1; +http://www.google.com/bot.html)"
203.162.234.20 - - [16/Jan/2026:00:15:09 -0500] "POST /xmlrpc.php HTTP/1.1" 200 403 "-" "Mozilla/4.0 (compatible; MSIE 7.0; Windows NT 6.1; Win64; x64; Trident/7.0; .NET CLR 2.0.50727; SLCC2; .NET4.0C; .NET4.0E; .NET CLR 3.5.30729; .NET CLR 3.0.30729)"
160.191.55.144 - - [16/Jan/2026:00:15:11 -0500] "POST /xmlrpc.php HTTP/1.1" 200 403 "-" "Mozilla/5.0 (Windows NT 6.1; WOW64) AppleWebKit/537.36 (KHTML, like Gecko) Chrome/65.0.3325.146 Safari/537.36"
206.82.3.126 - - [16/Jan/2026:00:15:15 -0500] "POST /xmlrpc.php HTTP/1.1" 200 403 "-" "Mozilla/5.0 (Macintosh; Intel Mac OS X 10_11_6) AppleWebKit/537.36 (KHTML, like Gecko) Chrome/66.0.3359.139 Safari/537.36"
220.158.232.162 - - [16/Jan/2026:00:15:17 -0500] "POST /xmlrpc.php HTTP/1.1" 200 403 "-" "Mozilla/5.0 (Windows NT 6.2; Win64; x64) AppleWebKit/537.36 (KHTML, like Gecko) Chrome/66.0.3359.117 Safari/537.36"
66.249.74.34 - - [16/Jan/2026:00:15:23 -0500] "GET /?_g=2671969 HTTP/1.1" 200 20651 "-" "Mozilla/5.0 (Linux; Android 6.0.1; Nexus 5X Build/MMB29P) AppleWebKit/537.36 (KHTML, like Gecko) Chrome/143.0.7499.192 Mobile Safari/537.36 (compatible; Googlebot/2.1; +http://www.google.com/bot.html)"
120.79.146.148 - - [16/Jan/2026:00:15:24 -0500] "POST /xmlrpc.php HTTP/1.1" 200 403 "-" "Mozilla/4.0 (compatible; MSIE 7.0; Windows NT 6.1; WOW64; Trident/7.0; SLCC2; .NET CLR 2.0.50727; .NET CLR 3.5.30729; .NET CLR 3.0.30729; Media Center PC 6.0; .NET4.0C; .NET4.0E; InfoPath.3)"
39.109.116.19 - - [16/Jan/2026:00:15:25 -0500] "POST /xmlrpc.php HTTP/1.1" 200 403 "-" "Mozilla/5.0 (Windows NT 6.1) AppleWebKit/537.36 (KHTML, like Gecko) Chrome/63.0.3239.132 Safari/537.36 OPR/50.0.2762.67"
183.56.195.224 - - [16/Jan/2026:00:15:27 -0500] "POST /xmlrpc.php HTTP/1.1" 200 403 "-" "Mozilla/5.0 (X11; Linux x86_64) AppleWebKit/537.36 (KHTML, like Gecko) Chrome/65.0.3325.109 Safari/537.36"
203.162.234.20 - - [16/Jan/2026:00:15:29 -0500] "POST /xmlrpc.php HTTP/1.1" 200 403 "-" "Mozilla/5.0 (Windows NT 10.0; WOW64) AppleWebKit/537.36 (KHTML, like Gecko) Chrome/65.0.3325.146 Safari/537.36"
103.37.60.30 - - [16/Jan/2026:00:15:36 -0500] "POST /xmlrpc.php HTTP/1.1" 200 403 "-" "Mozilla/5.0 (Windows NT 6.0; WOW64; Trident/7.0; rv:11.0) like Gecko"
123.193.80.67 - - [16/Jan/2026:00:15:52 -0500] "POST /xmlrpc.php HTTP/1.1" 200 403 "-" "Mozilla/5.0 (Macintosh; Intel Mac OS X 10_10_5) AppleWebKit/600.8.9 (KHTML, like Gecko) Version/10.1.2 Safari/603.3.8"
116.205.132.51 - - [16/Jan/2026:00:15:55 -0500] "POST /xmlrpc.php HTTP/1.1" 200 403 "-" "Mozilla/5.0 (Windows NT 6.3; Win64; x64; rv:61.0) Gecko/20100101 Firefox/61.0"
103.233.253.97 - - [16/Jan/2026:00:16:05 -0500] "POST /xmlrpc.php HTTP/1.1" 200 403 "-" "Mozilla/4.0 (compatible; MSIE 7.0; Windows NT 6.2; WOW64; Trident/7.0; .NET4.0C; .NET4.0E; Tablet PC 2.0)"
66.29.137.46 - - [16/Jan/2026:00:21:52 -0500] "GET / HTTP/1.1" 200 142268 "-" "Mozilla/5.0 (Windows NT 10.0; Win64; x64; rv:122.0) Gecko/20100101 Firefox/122.0"
66.29.137.46 - - [16/Jan/2026:00:28:44 -0500] "POST /wp-cron.php?doing_wp_cron=1768541324.3746430873870849609375 HTTP/1.1" 200 0 "-" "WordPress/6.9; https://ablacktime.com"
66.249.74.33 - - [16/Jan/2026:00:28:42 -0500] "GET /?_g=813699 HTTP/1.1" 200 20651 "-" "Mozilla/5.0 (Linux; Android 6.0.1; Nexus 5X Build/MMB29P) AppleWebKit/537.36 (KHTML, like Gecko) Chrome/143.0.7499.192 Mobile Safari/537.36 (compatible; Googlebot/2.1; +http://www.google.com/bot.html)"
114.119.135.245 - - [16/Jan/2026:00:34:04 -0500] "GET /?_g=934196 HTTP/1.1" 200 24469 "https://ablacktime.com/?_g=934196" "Mozilla/5.0 (Linux; Android 7.0;) AppleWebKit/537.36 (KHTML, like Gecko) Mobile Safari/537.36 (compatible; PetalBot;+https://webmaster.petalsearch.com/site/petalbot)"
66.249.65.103 - - [16/Jan/2026:00:35:23 -0500] "GET /?_g=2554009 HTTP/1.1" 301 0 "-" "Mozilla/5.0 (Linux; Android 6.0.1; Nexus 5X Build/MMB29P) AppleWebKit/537.36 (KHTML, like Gecko) Chrome/143.0.7499.192 Mobile Safari/537.36 (compatible; Googlebot/2.1; +http://www.google.com/bot.html)"
66.249.74.32 - - [16/Jan/2026:00:35:23 -0500] "GET /?_g=2554009 HTTP/1.1" 200 20651 "-" "Mozilla/5.0 (Linux; Android 6.0.1; Nexus 5X Build/MMB29P) AppleWebKit/537.36 (KHTML, like Gecko) Chrome/143.0.7499.192 Mobile Safari/537.36 (compatible; Googlebot/2.1; +http://www.google.com/bot.html)"
114.119.135.245 - - [16/Jan/2026:00:35:28 -0500] "GET /?_g=553284 HTTP/1.1" 200 24469 "https://ablacktime.com/?_g=553284" "Mozilla/5.0 (Linux; Android 7.0;) AppleWebKit/537.36 (KHTML, like Gecko) Mobile Safari/537.36 (compatible; PetalBot;+https://webmaster.petalsearch.com/site/petalbot)"
114.119.149.65 - - [16/Jan/2026:00:36:55 -0500] "GET /?_g=2207920 HTTP/1.1" 200 24469 "https://ablacktime.com/?_g=2207920" "Mozilla/5.0 (Linux; Android 7.0;) AppleWebKit/537.36 (KHTML, like Gecko) Mobile Safari/537.36 (compatible; PetalBot;+https://webmaster.petalsearch.com/site/petalbot)"
66.249.74.34 - - [16/Jan/2026:00:37:44 -0500] "GET /?_g=2169359 HTTP/1.1" 200 20650 "-" "Mozilla/5.0 (Linux; Android 6.0.1; Nexus 5X Build/MMB29P) AppleWebKit/537.36 (KHTML, like Gecko) Chrome/143.0.7499.192 Mobile Safari/537.36 (compatible; Googlebot/2.1; +http://www.google.com/bot.html)"
114.119.144.36 - - [16/Jan/2026:00:38:16 -0500] "GET /?_g=152333 HTTP/1.1" 200 24469 "https://ablacktime.com/?_g=152333" "Mozilla/5.0 (Linux; Android 7.0;) AppleWebKit/537.36 (KHTML, like Gecko) Mobile Safari/537.36 (compatible; PetalBot;+https://webmaster.petalsearch.com/site/petalbot)"
66.29.137.46 - - [16/Jan/2026:00:39:38 -0500] "POST /wp-cron.php?doing_wp_cron=1768541978.6478359699249267578125 HTTP/1.1" 200 0 "-" "WordPress/6.9; https://ablacktime.com"
114.119.130.13 - - [16/Jan/2026:00:39:38 -0500] "GET /?_g=1384932 HTTP/1.1" 200 24475 "https://ablacktime.com/?_g=1384932" "Mozilla/5.0 (Linux; Android 7.0;) AppleWebKit/537.36 (KHTML, like Gecko) Mobile Safari/537.36 (compatible; PetalBot;+https://webmaster.petalsearch.com/site/petalbot)"
66.249.65.102 - - [16/Jan/2026:00:42:21 -0500] "GET /?_g=1964441 HTTP/1.1" 301 0 "-" "Mozilla/5.0 (Linux; Android 6.0.1; Nexus 5X Build/MMB29P) AppleWebKit/537.36 (KHTML, like Gecko) Chrome/143.0.7499.192 Mobile Safari/537.36 (compatible; Googlebot/2.1; +http://www.google.com/bot.html)"
66.249.74.32 - - [16/Jan/2026:00:42:23 -0500] "GET /?_g=1964441 HTTP/1.1" 200 20650 "-" "Mozilla/5.0 (Linux; Android 6.0.1; Nexus 5X Build/MMB29P) AppleWebKit/537.36 (KHTML, like Gecko) Chrome/143.0.7499.192 Mobile Safari/537.36 (compatible; Googlebot/2.1; +http://www.google.com/bot.html)"
66.249.65.103 - - [16/Jan/2026:00:51:45 -0500] "GET /?_g=868885 HTTP/1.1" 301 0 "-" "Mozilla/5.0 (Linux; Android 6.0.1; Nexus 5X Build/MMB29P) AppleWebKit/537.36 (KHTML, like Gecko) Chrome/143.0.7499.192 Mobile Safari/537.36 (compatible; Googlebot/2.1; +http://www.google.com/bot.html)"
66.249.74.34 - - [16/Jan/2026:00:51:46 -0500] "GET /?_g=868885 HTTP/1.1" 200 20651 "-" "Mozilla/5.0 (Linux; Android 6.0.1; Nexus 5X Build/MMB29P) AppleWebKit/537.36 (KHTML, like Gecko) Chrome/143.0.7499.192 Mobile Safari/537.36 (compatible; Googlebot/2.1; +http://www.google.com/bot.html)"
66.249.74.34 - - [16/Jan/2026:00:53:51 -0500] "GET /?_g=2796024 HTTP/1.1" 200 20651 "-" "Mozilla/5.0 (Linux; Android 6.0.1; Nexus 5X Build/MMB29P) AppleWebKit/537.36 (KHTML, like Gecko) Chrome/143.0.7499.192 Mobile Safari/537.36 (compatible; Googlebot/2.1; +http://www.google.com/bot.html)"
66.29.137.46 - - [16/Jan/2026:00:56:45 -0500] "POST /wp-cron.php?doing_wp_cron=1768543005.6902740001678466796875 HTTP/1.1" 200 0 "-" "WordPress/6.9; https://ablacktime.com"
62.216.64.216 - - [16/Jan/2026:00:56:44 -0500] "GET / HTTP/1.1" 301 0 "-" "Mozilla/5.0 (Macintosh; Intel Mac OS X 10_15_7) AppleWebKit/537.36 (KHTML, like Gecko) Chrome/131.0.0.0 Safari/537.36"
62.216.64.216 - - [16/Jan/2026:00:56:46 -0500] "GET / HTTP/1.1" 200 20650 "https://www.ablacktime.com" "Mozilla/5.0 (Macintosh; Intel Mac OS X 10_15_7) AppleWebKit/537.36 (KHTML, like Gecko) Chrome/131.0.0.0 Safari/537.36"
66.249.65.101 - - [16/Jan/2026:01:00:38 -0500] "GET /?_g=575822 HTTP/1.1" 301 0 "-" "Mozilla/5.0 (Linux; Android 6.0.1; Nexus 5X Build/MMB29P) AppleWebKit/537.36 (KHTML, like Gecko) Chrome/143.0.7499.192 Mobile Safari/537.36 (compatible; Googlebot/2.1; +http://www.google.com/bot.html)"
66.249.74.34 - - [16/Jan/2026:01:00:40 -0500] "GET /?_g=575822 HTTP/1.1" 200 20650 "-" "Mozilla/5.0 (Linux; Android 6.0.1; Nexus 5X Build/MMB29P) AppleWebKit/537.36 (KHTML, like Gecko) Chrome/143.0.7499.192 Mobile Safari/537.36 (compatible; Googlebot/2.1; +http://www.google.com/bot.html)"
66.249.65.103 - - [16/Jan/2026:01:02:32 -0500] "GET /?_g=2008664 HTTP/1.1" 301 0 "-" "Mozilla/5.0 (Linux; Android 6.0.1; Nexus 5X Build/MMB29P) AppleWebKit/537.36 (KHTML, like Gecko) Chrome/143.0.7499.192 Mobile Safari/537.36 (compatible; Googlebot/2.1; +http://www.google.com/bot.html)"
66.249.74.32 - - [16/Jan/2026:01:02:33 -0500] "GET /?_g=2008664 HTTP/1.1" 200 20649 "-" "Mozilla/5.0 (Linux; Android 6.0.1; Nexus 5X Build/MMB29P) AppleWebKit/537.36 (KHTML, like Gecko) Chrome/143.0.7499.192 Mobile Safari/537.36 (compatible; Googlebot/2.1; +http://www.google.com/bot.html)"
66.249.65.102 - - [16/Jan/2026:01:04:44 -0500] "GET /?_g=1133949 HTTP/1.1" 301 0 "-" "Mozilla/5.0 (Linux; Android 6.0.1; Nexus 5X Build/MMB29P) AppleWebKit/537.36 (KHTML, like Gecko) Chrome/143.0.7499.192 Mobile Safari/537.36 (compatible; Googlebot/2.1; +http://www.google.com/bot.html)"
66.249.74.34 - - [16/Jan/2026:01:04:45 -0500] "GET /?_g=1133949 HTTP/1.1" 200 20651 "-" "Mozilla/5.0 (Linux; Android 6.0.1; Nexus 5X Build/MMB29P) AppleWebKit/537.36 (KHTML, like Gecko) Chrome/143.0.7499.192 Mobile Safari/537.36 (compatible; Googlebot/2.1; +http://www.google.com/bot.html)"
66.249.65.102 - - [16/Jan/2026:01:07:28 -0500] "GET /?_g=532078 HTTP/1.1" 301 0 "-" "Mozilla/5.0 (Linux; Android 6.0.1; Nexus 5X Build/MMB29P) AppleWebKit/537.36 (KHTML, like Gecko) Chrome/143.0.7499.192 Mobile Safari/537.36 (compatible; Googlebot/2.1; +http://www.google.com/bot.html)"
66.249.74.32 - - [16/Jan/2026:01:07:29 -0500] "GET /?_g=532078 HTTP/1.1" 200 20649 "-" "Mozilla/5.0 (Linux; Android 6.0.1; Nexus 5X Build/MMB29P) AppleWebKit/537.36 (KHTML, like Gecko) Chrome/143.0.7499.192 Mobile Safari/537.36 (compatible; Googlebot/2.1; +http://www.google.com/bot.html)"
66.249.65.102 - - [16/Jan/2026:01:08:40 -0500] "GET /?_g=1814923 HTTP/1.1" 301 0 "-" "Mozilla/5.0 (Linux; Android 6.0.1; Nexus 5X Build/MMB29P) AppleWebKit/537.36 (KHTML, like Gecko) Chrome/143.0.7499.192 Mobile Safari/537.36 (compatible; Googlebot/2.1; +http://www.google.com/bot.html)"
66.249.74.33 - - [16/Jan/2026:01:08:40 -0500] "GET /?_g=1814923 HTTP/1.1" 200 20649 "-" "Mozilla/5.0 (Linux; Android 6.0.1; Nexus 5X Build/MMB29P) AppleWebKit/537.36 (KHTML, like Gecko) Chrome/143.0.7499.192 Mobile Safari/537.36 (compatible; Googlebot/2.1; +http://www.google.com/bot.html)"
66.29.137.46 - - [16/Jan/2026:01:13:36 -0500] "POST /wp-cron.php?doing_wp_cron=1768544016.8756759166717529296875 HTTP/1.1" 200 0 "-" "WordPress/6.9; https://ablacktime.com"
66.249.74.32 - - [16/Jan/2026:01:13:34 -0500] "GET /?_g=1014505 HTTP/1.1" 200 20652 "-" "Mozilla/5.0 (Linux; Android 6.0.1; Nexus 5X Build/MMB29P) AppleWebKit/537.36 (KHTML, like Gecko) Chrome/143.0.7499.192 Mobile Safari/537.36 (compatible; Googlebot/2.1; +http://www.google.com/bot.html)"
66.249.65.103 - - [16/Jan/2026:01:22:58 -0500] "GET /?_g=2496703 HTTP/1.1" 301 0 "-" "Mozilla/5.0 (Linux; Android 6.0.1; Nexus 5X Build/MMB29P) AppleWebKit/537.36 (KHTML, like Gecko) Chrome/143.0.7499.192 Mobile Safari/537.36 (compatible; Googlebot/2.1; +http://www.google.com/bot.html)"
66.249.74.33 - - [16/Jan/2026:01:22:59 -0500] "GET /?_g=2496703 HTTP/1.1" 200 20651 "-" "Mozilla/5.0 (Linux; Android 6.0.1; Nexus 5X Build/MMB29P) AppleWebKit/537.36 (KHTML, like Gecko) Chrome/143.0.7499.192 Mobile Safari/537.36 (compatible; Googlebot/2.1; +http://www.google.com/bot.html)"
66.29.137.46 - - [16/Jan/2026:01:24:59 -0500] "POST /wp-cron.php?doing_wp_cron=1768544699.7138459682464599609375 HTTP/1.1" 200 0 "-" "WordPress/6.9; https://ablacktime.com"
66.249.65.103 - - [16/Jan/2026:01:24:58 -0500] "GET /?_g=2469529 HTTP/1.1" 301 0 "-" "Mozilla/5.0 (Linux; Android 6.0.1; Nexus 5X Build/MMB29P) AppleWebKit/537.36 (KHTML, like Gecko) Chrome/143.0.7499.192 Mobile Safari/537.36 (compatible; Googlebot/2.1; +http://www.google.com/bot.html)"
66.249.74.34 - - [16/Jan/2026:01:24:59 -0500] "GET /?_g=2469529 HTTP/1.1" 200 20650 "-" "Mozilla/5.0 (Linux; Android 6.0.1; Nexus 5X Build/MMB29P) AppleWebKit/537.36 (KHTML, like Gecko) Chrome/143.0.7499.192 Mobile Safari/537.36 (compatible; Googlebot/2.1; +http://www.google.com/bot.html)"
66.249.74.32 - - [16/Jan/2026:01:26:30 -0500] "GET /?_g=2817154 HTTP/1.1" 200 20651 "-" "Mozilla/5.0 (Linux; Android 6.0.1; Nexus 5X Build/MMB29P) AppleWebKit/537.36 (KHTML, like Gecko) Chrome/143.0.7499.192 Mobile Safari/537.36 (compatible; Googlebot/2.1; +http://www.google.com/bot.html)"
66.249.74.33 - - [16/Jan/2026:01:34:43 -0500] "GET /?_g=2693333 HTTP/1.1" 200 20651 "-" "Mozilla/5.0 (Linux; Android 6.0.1; Nexus 5X Build/MMB29P) AppleWebKit/537.36 (KHTML, like Gecko) Chrome/143.0.7499.192 Mobile Safari/537.36 (compatible; Googlebot/2.1; +http://www.google.com/bot.html)"
66.29.137.46 - - [16/Jan/2026:01:47:56 -0500] "POST /wp-cron.php?doing_wp_cron=1768546076.0621891021728515625000 HTTP/1.1" 200 0 "-" "WordPress/6.9; https://ablacktime.com"
66.249.74.32 - - [16/Jan/2026:01:47:55 -0500] "GET /?_g=1721110 HTTP/1.1" 200 20653 "-" "Mozilla/5.0 (Linux; Android 6.0.1; Nexus 5X Build/MMB29P) AppleWebKit/537.36 (KHTML, like Gecko) Chrome/143.0.7499.192 Mobile Safari/537.36 (compatible; Googlebot/2.1; +http://www.google.com/bot.html)"
13.219.121.241 - - [16/Jan/2026:01:55:22 -0500] "GET / HTTP/1.1" 200 24470 "-" "RecordedFuture Global Inventory Crawler"
195.86.24.111 - - [16/Jan/2026:01:56:16 -0500] "GET / HTTP/1.1" 200 142268 "-" "Mozilla/5.0"
66.29.137.46 - - [16/Jan/2026:01:58:35 -0500] "POST /wp-cron.php?doing_wp_cron=1768546715.2759449481964111328125 HTTP/1.1" 200 0 "-" "WordPress/6.9; https://ablacktime.com"
66.249.74.34 - - [16/Jan/2026:01:58:34 -0500] "GET /?_g=2005599 HTTP/1.1" 200 20652 "-" "Mozilla/5.0 (Linux; Android 6.0.1; Nexus 5X Build/MMB29P) AppleWebKit/537.36 (KHTML, like Gecko) Chrome/143.0.7499.192 Mobile Safari/537.36 (compatible; Googlebot/2.1; +http://www.google.com/bot.html)"
66.249.65.101 - - [16/Jan/2026:02:03:44 -0500] "GET /?_g=2320925 HTTP/1.1" 301 0 "-" "Mozilla/5.0 (Linux; Android 6.0.1; Nexus 5X Build/MMB29P) AppleWebKit/537.36 (KHTML, like Gecko) Chrome/143.0.7499.192 Mobile Safari/537.36 (compatible; Googlebot/2.1; +http://www.google.com/bot.html)"
66.249.74.32 - - [16/Jan/2026:02:03:45 -0500] "GET /?_g=2320925 HTTP/1.1" 200 20650 "-" "Mozilla/5.0 (Linux; Android 6.0.1; Nexus 5X Build/MMB29P) AppleWebKit/537.36 (KHTML, like Gecko) Chrome/143.0.7499.192 Mobile Safari/537.36 (compatible; Googlebot/2.1; +http://www.google.com/bot.html)"
66.249.65.101 - - [16/Jan/2026:02:06:03 -0500] "GET /?_g=2968501 HTTP/1.1" 301 0 "-" "Mozilla/5.0 (Linux; Android 6.0.1; Nexus 5X Build/MMB29P) AppleWebKit/537.36 (KHTML, like Gecko) Chrome/143.0.7499.192 Mobile Safari/537.36 (compatible; Googlebot/2.1; +http://www.google.com/bot.html)"
66.249.74.34 - - [16/Jan/2026:02:06:04 -0500] "GET /?_g=2968501 HTTP/1.1" 200 20649 "-" "Mozilla/5.0 (Linux; Android 6.0.1; Nexus 5X Build/MMB29P) AppleWebKit/537.36 (KHTML, like Gecko) Chrome/143.0.7499.192 Mobile Safari/537.36 (compatible; Googlebot/2.1; +http://www.google.com/bot.html)"
66.249.65.101 - - [16/Jan/2026:02:17:16 -0500] "GET /?_g=822924 HTTP/1.1" 301 0 "-" "Mozilla/5.0 (Linux; Android 6.0.1; Nexus 5X Build/MMB29P) AppleWebKit/537.36 (KHTML, like Gecko) Chrome/143.0.7499.192 Mobile Safari/537.36 (compatible; Googlebot/2.1; +http://www.google.com/bot.html)"
66.249.74.34 - - [16/Jan/2026:02:17:19 -0500] "GET /?_g=822924 HTTP/1.1" 200 20650 "-" "Mozilla/5.0 (Linux; Android 6.0.1; Nexus 5X Build/MMB29P) AppleWebKit/537.36 (KHTML, like Gecko) Chrome/143.0.7499.192 Mobile Safari/537.36 (compatible; Googlebot/2.1; +http://www.google.com/bot.html)"
66.29.137.46 - - [16/Jan/2026:02:19:34 -0500] "POST /wp-cron.php?doing_wp_cron=1768547974.0316560268402099609375 HTTP/1.1" 200 0 "-" "WordPress/6.9; https://ablacktime.com"
66.249.74.32 - - [16/Jan/2026:02:19:32 -0500] "GET /?_g=1093860 HTTP/1.1" 200 20654 "-" "Mozilla/5.0 (Linux; Android 6.0.1; Nexus 5X Build/MMB29P) AppleWebKit/537.36 (KHTML, like Gecko) Chrome/143.0.7499.192 Mobile Safari/537.36 (compatible; Googlebot/2.1; +http://www.google.com/bot.html)"
66.249.74.34 - - [16/Jan/2026:02:23:25 -0500] "GET /?_g=989863 HTTP/1.1" 200 20651 "-" "Mozilla/5.0 (Linux; Android 6.0.1; Nexus 5X Build/MMB29P) AppleWebKit/537.36 (KHTML, like Gecko) Chrome/143.0.7499.192 Mobile Safari/537.36 (compatible; Googlebot/2.1; +http://www.google.com/bot.html)"
198.235.24.53 - - [16/Jan/2026:02:31:51 -0500] "GET / HTTP/1.1" 200 142268 "-" "Hello from Palo Alto Networks, find out more about our scans in https://docs-cortex.paloaltonetworks.com/r/1/Cortex-Xpanse/Scanning-activity"