114.119.149.65 - - [15/Jan/2026:11:21:38 -0500] "GET /?_g=3169926 HTTP/1.1" 200 24470 "https://ablacktime.com/?_g=3169926" "Mozilla/5.0 (Linux; Android 7.0;) AppleWebKit/537.36 (KHTML, like Gecko) Mobile Safari/537.36 (compatible; PetalBot;+https://webmaster.petalsearch.com/site/petalbot)"
66.249.74.34 - - [15/Jan/2026:11:22:23 -0500] "GET /?_g=1503549 HTTP/1.1" 200 20650 "-" "Mozilla/5.0 (Linux; Android 6.0.1; Nexus 5X Build/MMB29P) AppleWebKit/537.36 (KHTML, like Gecko) Chrome/143.0.7499.192 Mobile Safari/537.36 (compatible; Googlebot/2.1; +http://www.google.com/bot.html)"
66.29.137.46 - - [15/Jan/2026:11:26:37 -0500] "POST /wp-cron.php?doing_wp_cron=1768494397.2954709529876708984375 HTTP/1.1" 200 0 "-" "WordPress/6.9; https://ablacktime.com"
54.86.115.253 - - [15/Jan/2026:11:26:36 -0500] "GET / HTTP/1.1" 301 0 "-" "RecordedFuture Global Inventory Crawler"
13.219.121.241 - - [15/Jan/2026:11:27:00 -0500] "GET / HTTP/1.1" 200 24470 "https://66.29.137.46:443" "RecordedFuture Global Inventory Crawler"
66.249.65.103 - - [15/Jan/2026:11:31:00 -0500] "GET /?_g=2460873 HTTP/1.1" 301 0 "-" "Mozilla/5.0 (Linux; Android 6.0.1; Nexus 5X Build/MMB29P) AppleWebKit/537.36 (KHTML, like Gecko) Chrome/143.0.7499.192 Mobile Safari/537.36 (compatible; Googlebot/2.1; +http://www.google.com/bot.html)"
66.249.74.33 - - [15/Jan/2026:11:31:01 -0500] "GET /?_g=2460873 HTTP/1.1" 200 20649 "-" "Mozilla/5.0 (Linux; Android 6.0.1; Nexus 5X Build/MMB29P) AppleWebKit/537.36 (KHTML, like Gecko) Chrome/143.0.7499.192 Mobile Safari/537.36 (compatible; Googlebot/2.1; +http://www.google.com/bot.html)"
66.249.74.33 - - [15/Jan/2026:11:35:19 -0500] "GET /?_g=2972197 HTTP/1.1" 200 20651 "-" "Mozilla/5.0 (Linux; Android 6.0.1; Nexus 5X Build/MMB29P) AppleWebKit/537.36 (KHTML, like Gecko) Chrome/143.0.7499.192 Mobile Safari/537.36 (compatible; Googlebot/2.1; +http://www.google.com/bot.html)"
66.249.65.101 - - [15/Jan/2026:11:36:46 -0500] "GET /?_g=1727086 HTTP/1.1" 301 0 "-" "Mozilla/5.0 (Linux; Android 6.0.1; Nexus 5X Build/MMB29P) AppleWebKit/537.36 (KHTML, like Gecko) Chrome/143.0.7499.192 Mobile Safari/537.36 (compatible; Googlebot/2.1; +http://www.google.com/bot.html)"
66.249.74.34 - - [15/Jan/2026:11:36:47 -0500] "GET /?_g=1727086 HTTP/1.1" 200 20650 "-" "Mozilla/5.0 (Linux; Android 6.0.1; Nexus 5X Build/MMB29P) AppleWebKit/537.36 (KHTML, like Gecko) Chrome/143.0.7499.192 Mobile Safari/537.36 (compatible; Googlebot/2.1; +http://www.google.com/bot.html)"
66.29.137.46 - - [15/Jan/2026:11:40:40 -0500] "POST /wp-cron.php?doing_wp_cron=1768495240.0929229259490966796875 HTTP/1.1" 200 0 "-" "WordPress/6.9; https://ablacktime.com"
66.249.65.103 - - [15/Jan/2026:11:40:39 -0500] "GET /?_g=743296 HTTP/1.1" 301 0 "-" "Mozilla/5.0 (Linux; Android 6.0.1; Nexus 5X Build/MMB29P) AppleWebKit/537.36 (KHTML, like Gecko) Chrome/143.0.7499.192 Mobile Safari/537.36 (compatible; Googlebot/2.1; +http://www.google.com/bot.html)"
66.249.74.34 - - [15/Jan/2026:11:40:40 -0500] "GET /?_g=743296 HTTP/1.1" 200 20649 "-" "Mozilla/5.0 (Linux; Android 6.0.1; Nexus 5X Build/MMB29P) AppleWebKit/537.36 (KHTML, like Gecko) Chrome/143.0.7499.192 Mobile Safari/537.36 (compatible; Googlebot/2.1; +http://www.google.com/bot.html)"
114.119.135.245 - - [15/Jan/2026:11:40:43 -0500] "GET /?_g=1899485 HTTP/1.1" 200 24470 "https://ablacktime.com/?_g=1899485" "Mozilla/5.0 (Linux; Android 7.0;) AppleWebKit/537.36 (KHTML, like Gecko) Mobile Safari/537.36 (compatible; PetalBot;+https://webmaster.petalsearch.com/site/petalbot)"
66.249.74.34 - - [15/Jan/2026:11:52:07 -0500] "GET /?_g=1150940 HTTP/1.1" 200 20652 "-" "Mozilla/5.0 (Linux; Android 6.0.1; Nexus 5X Build/MMB29P) AppleWebKit/537.36 (KHTML, like Gecko) Chrome/143.0.7499.192 Mobile Safari/537.36 (compatible; Googlebot/2.1; +http://www.google.com/bot.html)"
66.29.137.46 - - [15/Jan/2026:11:56:57 -0500] "POST /wp-cron.php?doing_wp_cron=1768496217.4694840908050537109375 HTTP/1.1" 200 0 "-" "WordPress/6.9; https://ablacktime.com"
66.249.65.102 - - [15/Jan/2026:11:56:56 -0500] "GET /?_g=673109 HTTP/1.1" 301 0 "-" "Mozilla/5.0 (Linux; Android 6.0.1; Nexus 5X Build/MMB29P) AppleWebKit/537.36 (KHTML, like Gecko) Chrome/143.0.7499.192 Mobile Safari/537.36 (compatible; Googlebot/2.1; +http://www.google.com/bot.html)"
66.249.74.32 - - [15/Jan/2026:11:56:57 -0500] "GET /?_g=673109 HTTP/1.1" 200 20651 "-" "Mozilla/5.0 (Linux; Android 6.0.1; Nexus 5X Build/MMB29P) AppleWebKit/537.36 (KHTML, like Gecko) Chrome/143.0.7499.192 Mobile Safari/537.36 (compatible; Googlebot/2.1; +http://www.google.com/bot.html)"
66.249.74.32 - - [15/Jan/2026:11:58:46 -0500] "GET /?_g=549980 HTTP/1.1" 200 20651 "-" "Mozilla/5.0 (Linux; Android 6.0.1; Nexus 5X Build/MMB29P) AppleWebKit/537.36 (KHTML, like Gecko) Chrome/143.0.7499.192 Mobile Safari/537.36 (compatible; Googlebot/2.1; +http://www.google.com/bot.html)"
66.249.65.103 - - [15/Jan/2026:12:03:10 -0500] "GET /?_g=448916 HTTP/1.1" 301 0 "-" "Mozilla/5.0 (Linux; Android 6.0.1; Nexus 5X Build/MMB29P) AppleWebKit/537.36 (KHTML, like Gecko) Chrome/143.0.7499.192 Mobile Safari/537.36 (compatible; Googlebot/2.1; +http://www.google.com/bot.html)"
66.249.74.34 - - [15/Jan/2026:12:03:11 -0500] "GET /?_g=448916 HTTP/1.1" 200 20650 "-" "Mozilla/5.0 (Linux; Android 6.0.1; Nexus 5X Build/MMB29P) AppleWebKit/537.36 (KHTML, like Gecko) Chrome/143.0.7499.192 Mobile Safari/537.36 (compatible; Googlebot/2.1; +http://www.google.com/bot.html)"
66.29.137.46 - - [15/Jan/2026:12:20:14 -0500] "POST /wp-cron.php?doing_wp_cron=1768497614.6617009639739990234375 HTTP/1.1" 200 0 "-" "WordPress/6.9; https://ablacktime.com"
47.92.132.67 - - [15/Jan/2026:12:20:13 -0500] "POST /xmlrpc.php HTTP/1.1" 200 403 "-" "Mozilla/5.0 (Windows NT 6.1; WOW64; Trident/7.0; yie11; rv:11.0) like Gecko"
160.191.55.144 - - [15/Jan/2026:12:20:25 -0500] "POST /xmlrpc.php HTTP/1.1" 200 403 "-" "Mozilla/5.0 (Windows NT 6.3; WOW64; Trident/7.0; Touch; MALCJS; rv:11.0) like Gecko"
103.233.253.97 - - [15/Jan/2026:12:20:54 -0500] "POST /xmlrpc.php HTTP/1.1" 200 403 "-" "Mozilla/5.0 (X11; Linux x86_64) AppleWebKit/537.36 (KHTML, like Gecko) Chrome/66.0.3359.181 Safari/537.36"
8.148.237.203 - - [15/Jan/2026:12:21:04 -0500] "POST /xmlrpc.php HTTP/1.1" 200 403 "-" "Mozilla/5.0 (Windows NT 6.3; WOW64; Trident/7.0; MDDCJS; rv:11.0) like Gecko"
103.38.82.71 - - [15/Jan/2026:12:21:05 -0500] "POST /xmlrpc.php HTTP/1.1" 200 403 "-" "Mozilla/5.0 (Windows NT 10.0; WOW64; Trident/7.0; MAARJS; rv:11.0) like Gecko"
66.249.65.101 - - [15/Jan/2026:12:21:27 -0500] "GET /?_g=312022 HTTP/1.1" 301 0 "-" "Mozilla/5.0 (Linux; Android 6.0.1; Nexus 5X Build/MMB29P) AppleWebKit/537.36 (KHTML, like Gecko) Chrome/143.0.7499.192 Mobile Safari/537.36 (compatible; Googlebot/2.1; +http://www.google.com/bot.html)"
66.249.74.32 - - [15/Jan/2026:12:21:27 -0500] "GET /?_g=312022 HTTP/1.1" 200 20651 "-" "Mozilla/5.0 (Linux; Android 6.0.1; Nexus 5X Build/MMB29P) AppleWebKit/537.36 (KHTML, like Gecko) Chrome/143.0.7499.192 Mobile Safari/537.36 (compatible; Googlebot/2.1; +http://www.google.com/bot.html)"
66.29.137.46 - - [15/Jan/2026:12:33:39 -0500] "POST /wp-cron.php?doing_wp_cron=1768498419.3322339057922363281250 HTTP/1.1" 200 0 "-" "WordPress/6.9; https://ablacktime.com"
66.249.65.102 - - [15/Jan/2026:12:33:38 -0500] "GET /?_g=1329709 HTTP/1.1" 301 0 "-" "Mozilla/5.0 (Linux; Android 6.0.1; Nexus 5X Build/MMB29P) AppleWebKit/537.36 (KHTML, like Gecko) Chrome/143.0.7499.192 Mobile Safari/537.36 (compatible; Googlebot/2.1; +http://www.google.com/bot.html)"
66.249.74.33 - - [15/Jan/2026:12:33:39 -0500] "GET /?_g=1329709 HTTP/1.1" 200 20652 "-" "Mozilla/5.0 (Linux; Android 6.0.1; Nexus 5X Build/MMB29P) AppleWebKit/537.36 (KHTML, like Gecko) Chrome/143.0.7499.192 Mobile Safari/537.36 (compatible; Googlebot/2.1; +http://www.google.com/bot.html)"
66.29.137.46 - - [15/Jan/2026:12:39:21 -0500] "POST /wp-cron.php?doing_wp_cron=1768498761.8436949253082275390625 HTTP/1.1" 200 0 "-" "WordPress/6.9; https://ablacktime.com"
66.249.74.34 - - [15/Jan/2026:12:39:20 -0500] "GET /?_g=2843866 HTTP/1.1" 200 20653 "-" "Mozilla/5.0 (Linux; Android 6.0.1; Nexus 5X Build/MMB29P) AppleWebKit/537.36 (KHTML, like Gecko) Chrome/143.0.7499.192 Mobile Safari/537.36 (compatible; Googlebot/2.1; +http://www.google.com/bot.html)"
114.119.161.177 - - [15/Jan/2026:12:40:45 -0500] "GET /apply/ HTTP/1.1" 200 24807 "-" "Mozilla/5.0 (Linux; Android 7.0;) AppleWebKit/537.36 (KHTML, like Gecko) Mobile Safari/537.36 (compatible; PetalBot;+https://webmaster.petalsearch.com/site/petalbot)"
114.119.143.77 - - [15/Jan/2026:12:42:03 -0500] "GET /?_g=323090 HTTP/1.1" 200 24470 "-" "Mozilla/5.0 (Linux; Android 7.0;) AppleWebKit/537.36 (KHTML, like Gecko) Mobile Safari/537.36 (compatible; PetalBot;+https://webmaster.petalsearch.com/site/petalbot)"
66.249.65.101 - - [15/Jan/2026:12:42:48 -0500] "GET /?_g=2150879 HTTP/1.1" 301 0 "-" "Mozilla/5.0 (Linux; Android 6.0.1; Nexus 5X Build/MMB29P) AppleWebKit/537.36 (KHTML, like Gecko) Chrome/143.0.7499.192 Mobile Safari/537.36 (compatible; Googlebot/2.1; +http://www.google.com/bot.html)"
66.249.74.33 - - [15/Jan/2026:12:42:49 -0500] "GET /?_g=2150879 HTTP/1.1" 200 20652 "-" "Mozilla/5.0 (Linux; Android 6.0.1; Nexus 5X Build/MMB29P) AppleWebKit/537.36 (KHTML, like Gecko) Chrome/143.0.7499.192 Mobile Safari/537.36 (compatible; Googlebot/2.1; +http://www.google.com/bot.html)"
177.222.112.208 - - [15/Jan/2026:12:43:10 -0500] "GET / HTTP/1.1" 200 24470 "http://aio.online" "Mozilla/5.0 (Windows NT 6.1; Win64; x64) AppleWebKit/537.36 (KHTML, like Gecko) Chrome/97.0.4692.71 Safari/537.36"
177.222.112.208 - - [15/Jan/2026:12:43:11 -0500] "GET /wp-includes/css/dist/block-library/style.min.css?ver=6.9 HTTP/1.1" 200 20022 "https://ablacktime.com/" "Mozilla/5.0 (Windows NT 6.1; Win64; x64) AppleWebKit/537.36 (KHTML, like Gecko) Chrome/97.0.4692.71 Safari/537.36"
177.222.112.208 - - [15/Jan/2026:12:43:11 -0500] "GET /wp-content/plugins/nicepage/assets/css/nicepage.css?ver=8.1.4 HTTP/1.1" 200 90829 "https://ablacktime.com/" "Mozilla/5.0 (Windows NT 6.1; Win64; x64) AppleWebKit/537.36 (KHTML, like Gecko) Chrome/97.0.4692.71 Safari/537.36"
177.222.112.208 - - [15/Jan/2026:12:43:11 -0500] "GET /wp-content/plugins/nicepage/assets/css/media.css?ver=8.1.4 HTTP/1.1" 200 12081 "https://ablacktime.com/" "Mozilla/5.0 (Windows NT 6.1; Win64; x64) AppleWebKit/537.36 (KHTML, like Gecko) Chrome/97.0.4692.71 Safari/537.36"
177.222.112.208 - - [15/Jan/2026:12:43:11 -0500] "GET /wp-includes/js/jquery/jquery.min.js?ver=3.7.1 HTTP/1.1" 200 34296 "https://ablacktime.com/" "Mozilla/5.0 (Windows NT 6.1; Win64; x64) AppleWebKit/537.36 (KHTML, like Gecko) Chrome/97.0.4692.71 Safari/537.36"
177.222.112.208 - - [15/Jan/2026:12:43:11 -0500] "GET /wp-includes/js/jquery/jquery-migrate.min.js?ver=3.4.1 HTTP/1.1" 200 5233 "https://ablacktime.com/" "Mozilla/5.0 (Windows NT 6.1; Win64; x64) AppleWebKit/537.36 (KHTML, like Gecko) Chrome/97.0.4692.71 Safari/537.36"
177.222.112.208 - - [15/Jan/2026:12:43:11 -0500] "GET /wp-content/plugins/nicepage/assets/js/nicepage.js?ver=8.1.4 HTTP/1.1" 200 150958 "https://ablacktime.com/" "Mozilla/5.0 (Windows NT 6.1; Win64; x64) AppleWebKit/537.36 (KHTML, like Gecko) Chrome/97.0.4692.71 Safari/537.36"
177.222.112.208 - - [15/Jan/2026:12:43:11 -0500] "GET /wp-content/plugins/nicepage/includes/common/js/np-scripts.js?ver=1768322839 HTTP/1.1" 200 283 "https://ablacktime.com/" "Mozilla/5.0 (Windows NT 6.1; Win64; x64) AppleWebKit/537.36 (KHTML, like Gecko) Chrome/97.0.4692.71 Safari/537.36"
177.222.112.208 - - [15/Jan/2026:12:43:13 -0500] "GET /wp-content/uploads/2023/04/RBUVLogo9.png HTTP/1.1" 200 13045 "https://ablacktime.com/" "Mozilla/5.0 (Windows NT 6.1; Win64; x64) AppleWebKit/537.36 (KHTML, like Gecko) Chrome/97.0.4692.71 Safari/537.36"
177.222.112.208 - - [15/Jan/2026:12:43:13 -0500] "GET /wp-content/uploads/2023/04/IMG_4297-1152x1536.jpeg HTTP/1.1" 200 258907 "https://ablacktime.com/" "Mozilla/5.0 (Windows NT 6.1; Win64; x64) AppleWebKit/537.36 (KHTML, like Gecko) Chrome/97.0.4692.71 Safari/537.36"
177.222.112.208 - - [15/Jan/2026:12:43:13 -0500] "GET /wp-content/uploads/2023/04/MJL4081-scaled.jpg HTTP/1.1" 200 419723 "https://ablacktime.com/" "Mozilla/5.0 (Windows NT 6.1; Win64; x64) AppleWebKit/537.36 (KHTML, like Gecko) Chrome/97.0.4692.71 Safari/537.36"
177.222.112.208 - - [15/Jan/2026:12:43:13 -0500] "GET /wp-content/uploads/2023/04/MJL4063-scaled.jpg HTTP/1.1" 200 812169 "https://ablacktime.com/" "Mozilla/5.0 (Windows NT 6.1; Win64; x64) AppleWebKit/537.36 (KHTML, like Gecko) Chrome/97.0.4692.71 Safari/537.36"
177.222.112.208 - - [15/Jan/2026:12:43:13 -0500] "GET /wp-content/uploads/2023/04/MJL4117-1366x2048.jpg HTTP/1.1" 200 544503 "https://ablacktime.com/" "Mozilla/5.0 (Windows NT 6.1; Win64; x64) AppleWebKit/537.36 (KHTML, like Gecko) Chrome/97.0.4692.71 Safari/537.36"
177.222.112.208 - - [15/Jan/2026:12:43:13 -0500] "GET /wp-content/uploads/2023/04/MJL3512-1-scaled.jpg HTTP/1.1" 200 357071 "https://ablacktime.com/" "Mozilla/5.0 (Windows NT 6.1; Win64; x64) AppleWebKit/537.36 (KHTML, like Gecko) Chrome/97.0.4692.71 Safari/537.36"
177.222.112.208 - - [15/Jan/2026:12:43:13 -0500] "GET /wp-content/uploads/2023/04/MJL4023-1366x2048.jpg HTTP/1.1" 200 468041 "https://ablacktime.com/" "Mozilla/5.0 (Windows NT 6.1; Win64; x64) AppleWebKit/537.36 (KHTML, like Gecko) Chrome/97.0.4692.71 Safari/537.36"
177.222.112.208 - - [15/Jan/2026:12:43:14 -0500] "GET /wp-content/uploads/2023/04/MJL3367-1-scaled.jpg HTTP/1.1" 200 361595 "https://ablacktime.com/" "Mozilla/5.0 (Windows NT 6.1; Win64; x64) AppleWebKit/537.36 (KHTML, like Gecko) Chrome/97.0.4692.71 Safari/537.36"
177.222.112.208 - - [15/Jan/2026:12:43:14 -0500] "GET /wp-content/uploads/2023/04/MJL3414-1-scaled.jpg HTTP/1.1" 200 454326 "https://ablacktime.com/" "Mozilla/5.0 (Windows NT 6.1; Win64; x64) AppleWebKit/537.36 (KHTML, like Gecko) Chrome/97.0.4692.71 Safari/537.36"
177.222.112.208 - - [15/Jan/2026:12:43:14 -0500] "GET /wp-content/uploads/2023/04/MJL3656-1-scaled.jpg HTTP/1.1" 200 425851 "https://ablacktime.com/" "Mozilla/5.0 (Windows NT 6.1; Win64; x64) AppleWebKit/537.36 (KHTML, like Gecko) Chrome/97.0.4692.71 Safari/537.36"
177.222.112.208 - - [15/Jan/2026:12:43:14 -0500] "GET /wp-content/uploads/2023/04/RBUVLogo12.png HTTP/1.1" 200 84235 "https://ablacktime.com/" "Mozilla/5.0 (Windows NT 6.1; Win64; x64) AppleWebKit/537.36 (KHTML, like Gecko) Chrome/97.0.4692.71 Safari/537.36"
114.119.133.76 - - [15/Jan/2026:12:43:26 -0500] "GET / HTTP/1.1" 200 24470 "-" "Mozilla/5.0 (Linux; Android 7.0;) AppleWebKit/537.36 (KHTML, like Gecko) Mobile Safari/537.36 (compatible; PetalBot;+https://webmaster.petalsearch.com/site/petalbot)"
66.249.74.33 - - [15/Jan/2026:12:45:17 -0500] "GET /?_g=403274 HTTP/1.1" 200 20652 "-" "Mozilla/5.0 (Linux; Android 6.0.1; Nexus 5X Build/MMB29P) AppleWebKit/537.36 (KHTML, like Gecko) Chrome/143.0.7499.192 Mobile Safari/537.36 (compatible; Googlebot/2.1; +http://www.google.com/bot.html)"
66.249.65.102 - - [15/Jan/2026:12:49:42 -0500] "GET /?_g=604790 HTTP/1.1" 301 0 "-" "Mozilla/5.0 (Linux; Android 6.0.1; Nexus 5X Build/MMB29P) AppleWebKit/537.36 (KHTML, like Gecko) Chrome/143.0.7499.192 Mobile Safari/537.36 (compatible; Googlebot/2.1; +http://www.google.com/bot.html)"
66.249.74.33 - - [15/Jan/2026:12:49:43 -0500] "GET /?_g=604790 HTTP/1.1" 200 20652 "-" "Mozilla/5.0 (Linux; Android 6.0.1; Nexus 5X Build/MMB29P) AppleWebKit/537.36 (KHTML, like Gecko) Chrome/143.0.7499.192 Mobile Safari/537.36 (compatible; Googlebot/2.1; +http://www.google.com/bot.html)"
51.89.25.52 - - [15/Jan/2026:12:51:54 -0500] "GET /images/images/cache.php HTTP/1.1" 404 23371 "-" "Mozilla/5.0 (Windows NT 10.0; Win64; x64) AppleWebKit/537.36 (KHTML, like Gecko) Chrome/127.0.0.0 Safari/537.36"
51.89.25.52 - - [15/Jan/2026:12:52:00 -0500] "GET /wp-content/plugins/cidaas-pro-master/composer.json HTTP/1.1" 403 1242 "-" "Mozilla/5.0 (Windows NT 10.0; Win64; x64) AppleWebKit/537.36 (KHTML, like Gecko) Chrome/127.0.0.0 Safari/537.36"
66.29.137.46 - - [15/Jan/2026:12:56:35 -0500] "POST /wp-cron.php?doing_wp_cron=1768499795.5235159397125244140625 HTTP/1.1" 200 0 "-" "WordPress/6.9; https://ablacktime.com"
66.249.65.103 - - [15/Jan/2026:12:56:34 -0500] "GET /?_g=3144288 HTTP/1.1" 301 0 "-" "Mozilla/5.0 (Linux; Android 6.0.1; Nexus 5X Build/MMB29P) AppleWebKit/537.36 (KHTML, like Gecko) Chrome/143.0.7499.192 Mobile Safari/537.36 (compatible; Googlebot/2.1; +http://www.google.com/bot.html)"
66.249.74.34 - - [15/Jan/2026:12:56:35 -0500] "GET /?_g=3144288 HTTP/1.1" 200 20652 "-" "Mozilla/5.0 (Linux; Android 6.0.1; Nexus 5X Build/MMB29P) AppleWebKit/537.36 (KHTML, like Gecko) Chrome/143.0.7499.192 Mobile Safari/537.36 (compatible; Googlebot/2.1; +http://www.google.com/bot.html)"
66.249.65.103 - - [15/Jan/2026:13:01:10 -0500] "GET /?_g=1315158 HTTP/1.1" 301 0 "-" "Mozilla/5.0 (Linux; Android 6.0.1; Nexus 5X Build/MMB29P) AppleWebKit/537.36 (KHTML, like Gecko) Chrome/143.0.7499.192 Mobile Safari/537.36 (compatible; Googlebot/2.1; +http://www.google.com/bot.html)"
66.249.74.33 - - [15/Jan/2026:13:01:12 -0500] "GET /?_g=1315158 HTTP/1.1" 200 20651 "-" "Mozilla/5.0 (Linux; Android 6.0.1; Nexus 5X Build/MMB29P) AppleWebKit/537.36 (KHTML, like Gecko) Chrome/143.0.7499.192 Mobile Safari/537.36 (compatible; Googlebot/2.1; +http://www.google.com/bot.html)"
114.119.135.245 - - [15/Jan/2026:13:03:57 -0500] "GET /?_g=76882 HTTP/1.1" 200 24470 "https://ablacktime.com/?_g=76882" "Mozilla/5.0 (Linux; Android 7.0;) AppleWebKit/537.36 (KHTML, like Gecko) Mobile Safari/537.36 (compatible; PetalBot;+https://webmaster.petalsearch.com/site/petalbot)"
114.119.135.245 - - [15/Jan/2026:13:05:19 -0500] "GET /?_g=2542830 HTTP/1.1" 200 24470 "https://ablacktime.com/?_g=2542830" "Mozilla/5.0 (Linux; Android 7.0;) AppleWebKit/537.36 (KHTML, like Gecko) Mobile Safari/537.36 (compatible; PetalBot;+https://webmaster.petalsearch.com/site/petalbot)"
66.249.65.101 - - [15/Jan/2026:13:05:45 -0500] "GET /?_g=2622404 HTTP/1.1" 301 0 "-" "Mozilla/5.0 (Linux; Android 6.0.1; Nexus 5X Build/MMB29P) AppleWebKit/537.36 (KHTML, like Gecko) Chrome/143.0.7499.192 Mobile Safari/537.36 (compatible; Googlebot/2.1; +http://www.google.com/bot.html)"
66.249.74.34 - - [15/Jan/2026:13:05:45 -0500] "GET /?_g=2622404 HTTP/1.1" 200 20651 "-" "Mozilla/5.0 (Linux; Android 6.0.1; Nexus 5X Build/MMB29P) AppleWebKit/537.36 (KHTML, like Gecko) Chrome/143.0.7499.192 Mobile Safari/537.36 (compatible; Googlebot/2.1; +http://www.google.com/bot.html)"
114.119.149.65 - - [15/Jan/2026:13:06:36 -0500] "GET /?_g=2309767 HTTP/1.1" 200 24470 "https://ablacktime.com/?_g=2309767" "Mozilla/5.0 (Linux; Android 7.0;) AppleWebKit/537.36 (KHTML, like Gecko) Mobile Safari/537.36 (compatible; PetalBot;+https://webmaster.petalsearch.com/site/petalbot)"
114.119.133.76 - - [15/Jan/2026:13:07:50 -0500] "GET /?_g=1244996 HTTP/1.1" 200 24468 "https://ablacktime.com/?_g=1244996" "Mozilla/5.0 (Linux; Android 7.0;) AppleWebKit/537.36 (KHTML, like Gecko) Mobile Safari/537.36 (compatible; PetalBot;+https://webmaster.petalsearch.com/site/petalbot)"
66.29.137.46 - - [15/Jan/2026:13:26:47 -0500] "POST /wp-cron.php?doing_wp_cron=1768501607.4111700057983398437500 HTTP/1.1" 200 0 "-" "WordPress/6.9; https://ablacktime.com"
66.249.74.34 - - [15/Jan/2026:13:26:46 -0500] "GET /?_g=721835 HTTP/1.1" 200 20652 "-" "Mozilla/5.0 (Linux; Android 6.0.1; Nexus 5X Build/MMB29P) AppleWebKit/537.36 (KHTML, like Gecko) Chrome/143.0.7499.192 Mobile Safari/537.36 (compatible; Googlebot/2.1; +http://www.google.com/bot.html)"
66.249.74.32 - - [15/Jan/2026:13:31:35 -0500] "GET /?_g=2482223 HTTP/1.1" 200 20650 "-" "Mozilla/5.0 (Linux; Android 6.0.1; Nexus 5X Build/MMB29P) AppleWebKit/537.36 (KHTML, like Gecko) Chrome/143.0.7499.192 Mobile Safari/537.36 (compatible; Googlebot/2.1; +http://www.google.com/bot.html)"
114.119.144.36 - - [15/Jan/2026:13:33:23 -0500] "GET /?_g=2004976 HTTP/1.1" 200 24470 "https://ablacktime.com/?_g=2004976" "Mozilla/5.0 (Linux; Android 7.0;) AppleWebKit/537.36 (KHTML, like Gecko) Mobile Safari/537.36 (compatible; PetalBot;+https://webmaster.petalsearch.com/site/petalbot)"
66.249.65.101 - - [15/Jan/2026:13:34:11 -0500] "GET /?_g=2273005 HTTP/1.1" 301 0 "-" "Mozilla/5.0 (Linux; Android 6.0.1; Nexus 5X Build/MMB29P) AppleWebKit/537.36 (KHTML, like Gecko) Chrome/143.0.7499.192 Mobile Safari/537.36 (compatible; Googlebot/2.1; +http://www.google.com/bot.html)"
66.249.74.34 - - [15/Jan/2026:13:34:11 -0500] "GET /?_g=2273005 HTTP/1.1" 200 20650 "-" "Mozilla/5.0 (Linux; Android 6.0.1; Nexus 5X Build/MMB29P) AppleWebKit/537.36 (KHTML, like Gecko) Chrome/143.0.7499.192 Mobile Safari/537.36 (compatible; Googlebot/2.1; +http://www.google.com/bot.html)"
66.249.65.103 - - [15/Jan/2026:13:36:39 -0500] "GET /?_g=2242213 HTTP/1.1" 301 0 "-" "Mozilla/5.0 (Linux; Android 6.0.1; Nexus 5X Build/MMB29P) AppleWebKit/537.36 (KHTML, like Gecko) Chrome/143.0.7499.192 Mobile Safari/537.36 (compatible; Googlebot/2.1; +http://www.google.com/bot.html)"
66.249.74.34 - - [15/Jan/2026:13:36:40 -0500] "GET /?_g=2242213 HTTP/1.1" 200 20651 "-" "Mozilla/5.0 (Linux; Android 6.0.1; Nexus 5X Build/MMB29P) AppleWebKit/537.36 (KHTML, like Gecko) Chrome/143.0.7499.192 Mobile Safari/537.36 (compatible; Googlebot/2.1; +http://www.google.com/bot.html)"
138.68.51.10 - - [15/Jan/2026:13:38:11 -0500] "GET / HTTP/1.1" 200 24470 "-" "Mozilla/5.0 (Windows NT 10.0; Win64; x64) AppleWebKit/537.36"
138.68.51.10 - - [15/Jan/2026:13:38:12 -0500] "GET /wp-includes/js/jquery/jquery.min.js?ver=3.7.1 HTTP/1.1" 200 34296 "-" "Mozilla/5.0 (Windows NT 10.0; Win64; x64) AppleWebKit/537.36"
138.68.51.10 - - [15/Jan/2026:13:38:12 -0500] "GET /wp-content/plugins/nicepage/assets/js/nicepage.js?ver=8.1.4 HTTP/1.1" 200 150958 "-" "Mozilla/5.0 (Windows NT 10.0; Win64; x64) AppleWebKit/537.36"
138.68.51.10 - - [15/Jan/2026:13:38:12 -0500] "GET /wp-content/plugins/nicepage/includes/common/js/np-scripts.js?ver=1768322839 HTTP/1.1" 200 283 "-" "Mozilla/5.0 (Windows NT 10.0; Win64; x64) AppleWebKit/537.36"
138.68.51.10 - - [15/Jan/2026:13:38:12 -0500] "GET /wp-includes/js/jquery/jquery-migrate.min.js?ver=3.4.1 HTTP/1.1" 200 5233 "-" "Mozilla/5.0 (Windows NT 10.0; Win64; x64) AppleWebKit/537.36"
66.29.137.46 - - [15/Jan/2026:13:46:34 -0500] "POST /wp-cron.php?doing_wp_cron=1768502794.8041369915008544921875 HTTP/1.1" 200 0 "-" "WordPress/6.9; https://ablacktime.com"
66.249.65.103 - - [15/Jan/2026:13:46:33 -0500] "GET /?_g=990374 HTTP/1.1" 301 0 "-" "Mozilla/5.0 (Linux; Android 6.0.1; Nexus 5X Build/MMB29P) AppleWebKit/537.36 (KHTML, like Gecko) Chrome/143.0.7499.192 Mobile Safari/537.36 (compatible; Googlebot/2.1; +http://www.google.com/bot.html)"
66.249.74.33 - - [15/Jan/2026:13:46:34 -0500] "GET /?_g=990374 HTTP/1.1" 200 20651 "-" "Mozilla/5.0 (Linux; Android 6.0.1; Nexus 5X Build/MMB29P) AppleWebKit/537.36 (KHTML, like Gecko) Chrome/143.0.7499.192 Mobile Safari/537.36 (compatible; Googlebot/2.1; +http://www.google.com/bot.html)"
195.24.237.182 - - [15/Jan/2026:13:47:16 -0500] "GET /style.php HTTP/1.1" 404 6803 "http://ablacktime.com/style.php" "Go-http-client/2.0"
195.24.237.182 - - [15/Jan/2026:13:47:16 -0500] "GET /wp-content/style.php HTTP/1.1" 404 6807 "http://ablacktime.com/wp-content/style.php" "Go-http-client/2.0"
195.24.237.182 - - [15/Jan/2026:13:47:17 -0500] "GET /wp-content/themes/style.php HTTP/1.1" 404 6815 "http://ablacktime.com/wp-content/themes/style.php" "Go-http-client/2.0"
195.24.237.182 - - [15/Jan/2026:13:47:17 -0500] "GET /wp-admin/style.php HTTP/1.1" 404 6810 "http://ablacktime.com/wp-admin/style.php" "Go-http-client/2.0"
195.24.237.182 - - [15/Jan/2026:13:47:17 -0500] "GET /wp-includes/style.php HTTP/1.1" 404 6809 "http://ablacktime.com/wp-includes/style.php" "Go-http-client/2.0"
195.24.237.182 - - [15/Jan/2026:13:47:18 -0500] "GET /chosen.php?p= HTTP/1.1" 301 0 "http://ablacktime.com/chosen.php?p=" "Go-http-client/2.0"
195.24.237.182 - - [15/Jan/2026:13:47:18 -0500] "GET /chosen.php HTTP/1.1" 404 6806 "https://ablacktime.com/chosen.php?p=" "Go-http-client/2.0"
195.24.237.182 - - [15/Jan/2026:13:47:18 -0500] "GET /file.php HTTP/1.1" 404 6806 "http://ablacktime.com/file.php" "Go-http-client/2.0"
195.24.237.182 - - [15/Jan/2026:13:47:19 -0500] "GET /flower.php HTTP/1.1" 404 6806 "http://ablacktime.com/flower.php" "Go-http-client/2.0"
195.24.237.182 - - [15/Jan/2026:13:47:19 -0500] "GET /gifclass.php HTTP/1.1" 404 6808 "http://ablacktime.com/gifclass.php#888xyz999" "Go-http-client/2.0"
195.24.237.182 - - [15/Jan/2026:13:47:20 -0500] "GET /bless.php HTTP/1.1" 404 6805 "http://ablacktime.com/bless.php#888xyz999" "Go-http-client/2.0"
195.24.237.182 - - [15/Jan/2026:13:47:20 -0500] "GET /class-t.api.php HTTP/1.1" 404 6810 "http://ablacktime.com/class-t.api.php#888xyz999" "Go-http-client/2.0"
195.24.237.182 - - [15/Jan/2026:13:47:20 -0500] "GET /blurbs.php HTTP/1.1" 404 6806 "http://ablacktime.com/blurbs.php#888xyz999" "Go-http-client/2.0"
195.24.237.182 - - [15/Jan/2026:13:47:21 -0500] "GET /akcc.php HTTP/1.1" 404 6804 "http://ablacktime.com/akcc.php" "Go-http-client/2.0"
195.24.237.182 - - [15/Jan/2026:13:47:21 -0500] "GET /abcd.php HTTP/1.1" 404 6804 "http://ablacktime.com/abcd.php" "Go-http-client/2.0"
195.24.237.182 - - [15/Jan/2026:13:47:22 -0500] "GET /flex.php HTTP/1.1" 404 6804 "http://ablacktime.com/flex.php" "Go-http-client/2.0"
195.24.237.182 - - [15/Jan/2026:13:47:22 -0500] "GET /doc.php HTTP/1.1" 404 6803 "http://ablacktime.com/doc.php" "Go-http-client/2.0"
195.24.237.182 - - [15/Jan/2026:13:47:23 -0500] "GET /wp-includes/js/thickbox/thickbox.php HTTP/1.1" 404 6827 "http://ablacktime.com/wp-includes/js/thickbox/thickbox.php" "Go-http-client/2.0"
195.24.237.182 - - [15/Jan/2026:13:47:23 -0500] "GET /akc.php HTTP/1.1" 404 6803 "http://ablacktime.com/akc.php" "Go-http-client/2.0"
195.24.237.182 - - [15/Jan/2026:13:47:24 -0500] "GET /zoo.php HTTP/1.1" 404 6804 "http://ablacktime.com/zoo.php" "Go-http-client/2.0"
195.24.237.182 - - [15/Jan/2026:13:47:24 -0500] "GET /zwso.php HTTP/1.1" 404 6805 "http://ablacktime.com//zwso.php" "Go-http-client/2.0"
195.24.237.182 - - [15/Jan/2026:13:47:24 -0500] "GET /wp-content/plugins/hellopress/wp_mna.php HTTP/1.1" 404 6832 "http://ablacktime.com/wp-content/plugins/hellopress/wp_mna.php" "Go-http-client/2.0"
195.24.237.182 - - [15/Jan/2026:13:47:25 -0500] "GET /bolt.php HTTP/1.1" 404 6805 "http://ablacktime.com/bolt.php" "Go-http-client/2.0"
195.24.237.182 - - [15/Jan/2026:13:47:25 -0500] "GET /shlo.php HTTP/1.1" 404 6805 "http://ablacktime.com/shlo.php#lufix" "Go-http-client/2.0"
195.24.237.182 - - [15/Jan/2026:13:47:26 -0500] "GET /files.php HTTP/1.1" 404 6806 "http://ablacktime.com/files.php#admin@3tu/T?TJ8v?N" "Go-http-client/2.0"
195.24.237.182 - - [15/Jan/2026:13:47:26 -0500] "GET /wp-editor.php HTTP/1.1" 404 6804 "http://ablacktime.com/wp-editor.php#lufix" "Go-http-client/2.0"
114.119.144.36 - - [15/Jan/2026:13:48:57 -0500] "GET /?_g=919652 HTTP/1.1" 200 24470 "https://ablacktime.com/?_g=919652" "Mozilla/5.0 (Linux; Android 7.0;) AppleWebKit/537.36 (KHTML, like Gecko) Mobile Safari/537.36 (compatible; PetalBot;+https://webmaster.petalsearch.com/site/petalbot)"
51.68.247.205 - - [15/Jan/2026:13:50:00 -0500] "GET /robots.txt HTTP/1.1" 200 66 "-" "Mozilla/5.0 (compatible; AhrefsBot/7.0; +http://ahrefs.com/robot/)"
15.235.27.125 - - [15/Jan/2026:13:50:04 -0500] "GET / HTTP/1.1" 200 20650 "-" "Mozilla/5.0 (compatible; AhrefsBot/7.0; +http://ahrefs.com/robot/)"
114.119.141.80 - - [15/Jan/2026:13:50:19 -0500] "GET /?_g=848856 HTTP/1.1" 200 24470 "https://ablacktime.com/?_g=848856" "Mozilla/5.0 (Linux; Android 7.0;) AppleWebKit/537.36 (KHTML, like Gecko) Mobile Safari/537.36 (compatible; PetalBot;+https://webmaster.petalsearch.com/site/petalbot)"
114.119.161.177 - - [15/Jan/2026:13:51:46 -0500] "GET /?_g=3129644 HTTP/1.1" 200 24470 "https://ablacktime.com/?_g=3129644" "Mozilla/5.0 (Linux; Android 7.0;) AppleWebKit/537.36 (KHTML, like Gecko) Mobile Safari/537.36 (compatible; PetalBot;+https://webmaster.petalsearch.com/site/petalbot)"
114.119.141.80 - - [15/Jan/2026:13:53:09 -0500] "GET /?_g=425455 HTTP/1.1" 200 24470 "https://ablacktime.com/?_g=425455" "Mozilla/5.0 (Linux; Android 7.0;) AppleWebKit/537.36 (KHTML, like Gecko) Mobile Safari/537.36 (compatible; PetalBot;+https://webmaster.petalsearch.com/site/petalbot)"
66.29.137.46 - - [15/Jan/2026:13:54:33 -0500] "POST /wp-cron.php?doing_wp_cron=1768503273.0573270320892333984375 HTTP/1.1" 200 0 "-" "WordPress/6.9; https://ablacktime.com"
114.119.130.13 - - [15/Jan/2026:13:54:32 -0500] "GET /?_g=3118020 HTTP/1.1" 200 24476 "https://ablacktime.com/?_g=3118020" "Mozilla/5.0 (Linux; Android 7.0;) AppleWebKit/537.36 (KHTML, like Gecko) Mobile Safari/537.36 (compatible; PetalBot;+https://webmaster.petalsearch.com/site/petalbot)"
114.119.149.65 - - [15/Jan/2026:13:55:55 -0500] "GET /?_g=971603 HTTP/1.1" 200 24469 "https://ablacktime.com/?_g=971603" "Mozilla/5.0 (Linux; Android 7.0;) AppleWebKit/537.36 (KHTML, like Gecko) Mobile Safari/537.36 (compatible; PetalBot;+https://webmaster.petalsearch.com/site/petalbot)"
114.119.161.177 - - [15/Jan/2026:13:57:19 -0500] "GET /?_g=3113595 HTTP/1.1" 200 24469 "https://ablacktime.com/?_g=3113595" "Mozilla/5.0 (Linux; Android 7.0;) AppleWebKit/537.36 (KHTML, like Gecko) Mobile Safari/537.36 (compatible; PetalBot;+https://webmaster.petalsearch.com/site/petalbot)"
114.119.144.36 - - [15/Jan/2026:13:58:45 -0500] "GET /?_g=2710713 HTTP/1.1" 200 24470 "https://ablacktime.com/?_g=2710713" "Mozilla/5.0 (Linux; Android 7.0;) AppleWebKit/537.36 (KHTML, like Gecko) Mobile Safari/537.36 (compatible; PetalBot;+https://webmaster.petalsearch.com/site/petalbot)"
114.119.143.77 - - [15/Jan/2026:14:00:10 -0500] "GET /?_g=599087 HTTP/1.1" 200 24468 "https://ablacktime.com/?_g=599087" "Mozilla/5.0 (Linux; Android 7.0;) AppleWebKit/537.36 (KHTML, like Gecko) Mobile Safari/537.36 (compatible; PetalBot;+https://webmaster.petalsearch.com/site/petalbot)"
114.119.144.36 - - [15/Jan/2026:14:01:34 -0500] "GET /?_g=3171650 HTTP/1.1" 200 24470 "https://ablacktime.com/?_g=3171650" "Mozilla/5.0 (Linux; Android 7.0;) AppleWebKit/537.36 (KHTML, like Gecko) Mobile Safari/537.36 (compatible; PetalBot;+https://webmaster.petalsearch.com/site/petalbot)"
114.119.161.177 - - [15/Jan/2026:14:02:54 -0500] "GET /?_g=320483 HTTP/1.1" 200 24470 "https://ablacktime.com/?_g=320483" "Mozilla/5.0 (Linux; Android 7.0;) AppleWebKit/537.36 (KHTML, like Gecko) Mobile Safari/537.36 (compatible; PetalBot;+https://webmaster.petalsearch.com/site/petalbot)"
114.119.130.13 - - [15/Jan/2026:14:04:18 -0500] "GET /?_g=2457781 HTTP/1.1" 200 24470 "https://ablacktime.com/?_g=2457781" "Mozilla/5.0 (Linux; Android 7.0;) AppleWebKit/537.36 (KHTML, like Gecko) Mobile Safari/537.36 (compatible; PetalBot;+https://webmaster.petalsearch.com/site/petalbot)"
114.119.135.245 - - [15/Jan/2026:14:05:41 -0500] "GET /?_g=2874038 HTTP/1.1" 200 24470 "https://ablacktime.com/?_g=2874038" "Mozilla/5.0 (Linux; Android 7.0;) AppleWebKit/537.36 (KHTML, like Gecko) Mobile Safari/537.36 (compatible; PetalBot;+https://webmaster.petalsearch.com/site/petalbot)"
66.249.65.102 - - [15/Jan/2026:14:06:21 -0500] "GET /?_g=203798 HTTP/1.1" 301 0 "-" "Mozilla/5.0 (Linux; Android 6.0.1; Nexus 5X Build/MMB29P) AppleWebKit/537.36 (KHTML, like Gecko) Chrome/143.0.7499.192 Mobile Safari/537.36 (compatible; Googlebot/2.1; +http://www.google.com/bot.html)"
66.249.74.33 - - [15/Jan/2026:14:06:22 -0500] "GET /?_g=203798 HTTP/1.1" 200 20651 "-" "Mozilla/5.0 (Linux; Android 6.0.1; Nexus 5X Build/MMB29P) AppleWebKit/537.36 (KHTML, like Gecko) Chrome/143.0.7499.192 Mobile Safari/537.36 (compatible; Googlebot/2.1; +http://www.google.com/bot.html)"
114.119.144.36 - - [15/Jan/2026:14:07:04 -0500] "GET /?_g=2547831 HTTP/1.1" 200 24469 "https://ablacktime.com/?_g=2547831" "Mozilla/5.0 (Linux; Android 7.0;) AppleWebKit/537.36 (KHTML, like Gecko) Mobile Safari/537.36 (compatible; PetalBot;+https://webmaster.petalsearch.com/site/petalbot)"
114.119.141.80 - - [15/Jan/2026:14:08:30 -0500] "GET /?_g=833040 HTTP/1.1" 200 24469 "https://ablacktime.com/?_g=833040" "Mozilla/5.0 (Linux; Android 7.0;) AppleWebKit/537.36 (KHTML, like Gecko) Mobile Safari/537.36 (compatible; PetalBot;+https://webmaster.petalsearch.com/site/petalbot)"
66.249.65.102 - - [15/Jan/2026:14:08:50 -0500] "GET /?_g=102861 HTTP/1.1" 301 0 "-" "Mozilla/5.0 (Linux; Android 6.0.1; Nexus 5X Build/MMB29P) AppleWebKit/537.36 (KHTML, like Gecko) Chrome/143.0.7499.192 Mobile Safari/537.36 (compatible; Googlebot/2.1; +http://www.google.com/bot.html)"
66.249.74.33 - - [15/Jan/2026:14:08:50 -0500] "GET /?_g=102861 HTTP/1.1" 200 20650 "-" "Mozilla/5.0 (Linux; Android 6.0.1; Nexus 5X Build/MMB29P) AppleWebKit/537.36 (KHTML, like Gecko) Chrome/143.0.7499.192 Mobile Safari/537.36 (compatible; Googlebot/2.1; +http://www.google.com/bot.html)"
66.29.137.46 - - [15/Jan/2026:14:09:51 -0500] "POST /wp-cron.php?doing_wp_cron=1768504191.8028869628906250000000 HTTP/1.1" 200 0 "-" "WordPress/6.9; https://ablacktime.com"
114.119.161.177 - - [15/Jan/2026:14:09:51 -0500] "GET /?_g=2408464 HTTP/1.1" 200 24475 "https://ablacktime.com/?_g=2408464" "Mozilla/5.0 (Linux; Android 7.0;) AppleWebKit/537.36 (KHTML, like Gecko) Mobile Safari/537.36 (compatible; PetalBot;+https://webmaster.petalsearch.com/site/petalbot)"
114.119.133.76 - - [15/Jan/2026:14:11:15 -0500] "GET /?_g=2366000 HTTP/1.1" 200 24470 "https://ablacktime.com/?_g=2366000" "Mozilla/5.0 (Linux; Android 7.0;) AppleWebKit/537.36 (KHTML, like Gecko) Mobile Safari/537.36 (compatible; PetalBot;+https://webmaster.petalsearch.com/site/petalbot)"
114.119.143.77 - - [15/Jan/2026:14:12:39 -0500] "GET /?_g=2321805 HTTP/1.1" 200 24470 "https://ablacktime.com/?_g=2321805" "Mozilla/5.0 (Linux; Android 7.0;) AppleWebKit/537.36 (KHTML, like Gecko) Mobile Safari/537.36 (compatible; PetalBot;+https://webmaster.petalsearch.com/site/petalbot)"
51.68.111.207 - - [15/Jan/2026:14:13:43 -0500] "GET /robots.txt HTTP/1.1" 200 66 "-" "Mozilla/5.0 (compatible; MJ12bot/v2.0.4; http://mj12bot.com/)"
51.68.111.207 - - [15/Jan/2026:14:13:44 -0500] "GET / HTTP/1.1" 200 20650 "-" "Mozilla/5.0 (compatible; MJ12bot/v2.0.4; http://mj12bot.com/)"
66.29.137.46 - - [15/Jan/2026:14:14:04 -0500] "POST /wp-cron.php?doing_wp_cron=1768504444.0141959190368652343750 HTTP/1.1" 200 0 "-" "WordPress/6.9; https://ablacktime.com"
114.119.130.13 - - [15/Jan/2026:14:14:02 -0500] "GET /?_g=2295382 HTTP/1.1" 200 24476 "https://ablacktime.com/?_g=2295382" "Mozilla/5.0 (Linux; Android 7.0;) AppleWebKit/537.36 (KHTML, like Gecko) Mobile Safari/537.36 (compatible; PetalBot;+https://webmaster.petalsearch.com/site/petalbot)"
114.119.161.177 - - [15/Jan/2026:14:15:25 -0500] "GET /?_g=2201735 HTTP/1.1" 200 24470 "https://ablacktime.com/?_g=2201735" "Mozilla/5.0 (Linux; Android 7.0;) AppleWebKit/537.36 (KHTML, like Gecko) Mobile Safari/537.36 (compatible; PetalBot;+https://webmaster.petalsearch.com/site/petalbot)"
114.119.149.65 - - [15/Jan/2026:14:16:49 -0500] "GET /?_g=2189159 HTTP/1.1" 200 24470 "https://ablacktime.com/?_g=2189159" "Mozilla/5.0 (Linux; Android 7.0;) AppleWebKit/537.36 (KHTML, like Gecko) Mobile Safari/537.36 (compatible; PetalBot;+https://webmaster.petalsearch.com/site/petalbot)"
114.119.130.13 - - [15/Jan/2026:14:18:50 -0500] "GET /?_g=204160 HTTP/1.1" 200 24470 "https://ablacktime.com/?_g=204160" "Mozilla/5.0 (Linux; Android 7.0;) AppleWebKit/537.36 (KHTML, like Gecko) Mobile Safari/537.36 (compatible; PetalBot;+https://webmaster.petalsearch.com/site/petalbot)"
114.119.161.177 - - [15/Jan/2026:14:19:36 -0500] "GET /?_g=3011064 HTTP/1.1" 200 24470 "https://ablacktime.com/?_g=3011064" "Mozilla/5.0 (Linux; Android 7.0;) AppleWebKit/537.36 (KHTML, like Gecko) Mobile Safari/537.36 (compatible; PetalBot;+https://webmaster.petalsearch.com/site/petalbot)"
114.119.135.245 - - [15/Jan/2026:14:21:01 -0500] "GET /?_g=1945451 HTTP/1.1" 200 24469 "https://ablacktime.com/?_g=1945451" "Mozilla/5.0 (Linux; Android 7.0;) AppleWebKit/537.36 (KHTML, like Gecko) Mobile Safari/537.36 (compatible; PetalBot;+https://webmaster.petalsearch.com/site/petalbot)"
114.119.133.76 - - [15/Jan/2026:14:22:24 -0500] "GET /?_g=1912077 HTTP/1.1" 200 24470 "https://ablacktime.com/?_g=1912077" "Mozilla/5.0 (Linux; Android 7.0;) AppleWebKit/537.36 (KHTML, like Gecko) Mobile Safari/537.36 (compatible; PetalBot;+https://webmaster.petalsearch.com/site/petalbot)"
66.249.74.34 - - [15/Jan/2026:14:23:42 -0500] "GET /?_g=1663203 HTTP/1.1" 200 20651 "-" "Mozilla/5.0 (Linux; Android 6.0.1; Nexus 5X Build/MMB29P) AppleWebKit/537.36 (KHTML, like Gecko) Chrome/143.0.7499.192 Mobile Safari/537.36 (compatible; Googlebot/2.1; +http://www.google.com/bot.html)"
114.119.143.77 - - [15/Jan/2026:14:23:48 -0500] "GET /?_g=1899485 HTTP/1.1" 200 24470 "https://ablacktime.com/?_g=1899485" "Mozilla/5.0 (Linux; Android 7.0;) AppleWebKit/537.36 (KHTML, like Gecko) Mobile Safari/537.36 (compatible; PetalBot;+https://webmaster.petalsearch.com/site/petalbot)"
66.249.65.102 - - [15/Jan/2026:14:24:07 -0500] "GET /?_g=2668639 HTTP/1.1" 301 0 "-" "Mozilla/5.0 (Linux; Android 6.0.1; Nexus 5X Build/MMB29P) AppleWebKit/537.36 (KHTML, like Gecko) Chrome/143.0.7499.192 Mobile Safari/537.36 (compatible; Googlebot/2.1; +http://www.google.com/bot.html)"
66.249.74.34 - - [15/Jan/2026:14:24:08 -0500] "GET /?_g=2668639 HTTP/1.1" 200 20651 "-" "Mozilla/5.0 (Linux; Android 6.0.1; Nexus 5X Build/MMB29P) AppleWebKit/537.36 (KHTML, like Gecko) Chrome/143.0.7499.192 Mobile Safari/537.36 (compatible; Googlebot/2.1; +http://www.google.com/bot.html)"
66.29.137.46 - - [15/Jan/2026:14:25:11 -0500] "POST /wp-cron.php?doing_wp_cron=1768505111.5440280437469482421875 HTTP/1.1" 200 0 "-" "WordPress/6.9; https://ablacktime.com"
114.119.135.245 - - [15/Jan/2026:14:25:11 -0500] "GET /?_g=1805695 HTTP/1.1" 200 24475 "https://ablacktime.com/?_g=1805695" "Mozilla/5.0 (Linux; Android 7.0;) AppleWebKit/537.36 (KHTML, like Gecko) Mobile Safari/537.36 (compatible; PetalBot;+https://webmaster.petalsearch.com/site/petalbot)"
66.249.65.102 - - [15/Jan/2026:14:25:59 -0500] "GET /?_g=251538 HTTP/1.1" 301 0 "-" "Mozilla/5.0 (Linux; Android 6.0.1; Nexus 5X Build/MMB29P) AppleWebKit/537.36 (KHTML, like Gecko) Chrome/143.0.7499.192 Mobile Safari/537.36 (compatible; Googlebot/2.1; +http://www.google.com/bot.html)"
66.249.74.34 - - [15/Jan/2026:14:25:59 -0500] "GET /?_g=251538 HTTP/1.1" 200 20651 "-" "Mozilla/5.0 (Linux; Android 6.0.1; Nexus 5X Build/MMB29P) AppleWebKit/537.36 (KHTML, like Gecko) Chrome/143.0.7499.192 Mobile Safari/537.36 (compatible; Googlebot/2.1; +http://www.google.com/bot.html)"
114.119.161.177 - - [15/Jan/2026:14:26:34 -0500] "GET /?_g=1804386 HTTP/1.1" 200 24470 "https://ablacktime.com/?_g=1804386" "Mozilla/5.0 (Linux; Android 7.0;) AppleWebKit/537.36 (KHTML, like Gecko) Mobile Safari/537.36 (compatible; PetalBot;+https://webmaster.petalsearch.com/site/petalbot)"
114.119.149.65 - - [15/Jan/2026:14:28:01 -0500] "GET /?_g=1729142 HTTP/1.1" 200 24470 "https://ablacktime.com/?_g=1729142" "Mozilla/5.0 (Linux; Android 7.0;) AppleWebKit/537.36 (KHTML, like Gecko) Mobile Safari/537.36 (compatible; PetalBot;+https://webmaster.petalsearch.com/site/petalbot)"
114.119.130.13 - - [15/Jan/2026:14:29:22 -0500] "GET /?_g=143644 HTTP/1.1" 200 24470 "https://ablacktime.com/?_g=143644" "Mozilla/5.0 (Linux; Android 7.0;) AppleWebKit/537.36 (KHTML, like Gecko) Mobile Safari/537.36 (compatible; PetalBot;+https://webmaster.petalsearch.com/site/petalbot)"
114.119.130.13 - - [15/Jan/2026:14:30:46 -0500] "GET /?_g=1115255 HTTP/1.1" 200 24470 "https://ablacktime.com/?_g=1115255" "Mozilla/5.0 (Linux; Android 7.0;) AppleWebKit/537.36 (KHTML, like Gecko) Mobile Safari/537.36 (compatible; PetalBot;+https://webmaster.petalsearch.com/site/petalbot)"
66.249.65.101 - - [15/Jan/2026:14:33:36 -0500] "GET /?_g=2669167 HTTP/1.1" 301 0 "-" "Mozilla/5.0 (Linux; Android 6.0.1; Nexus 5X Build/MMB29P) AppleWebKit/537.36 (KHTML, like Gecko) Chrome/143.0.7499.192 Mobile Safari/537.36 (compatible; Googlebot/2.1; +http://www.google.com/bot.html)"
66.249.74.33 - - [15/Jan/2026:14:33:37 -0500] "GET /?_g=2669167 HTTP/1.1" 200 20651 "-" "Mozilla/5.0 (Linux; Android 6.0.1; Nexus 5X Build/MMB29P) AppleWebKit/537.36 (KHTML, like Gecko) Chrome/143.0.7499.192 Mobile Safari/537.36 (compatible; Googlebot/2.1; +http://www.google.com/bot.html)"
66.249.65.101 - - [15/Jan/2026:14:33:47 -0500] "GET /?_g=1904205 HTTP/1.1" 301 0 "-" "Mozilla/5.0 (Linux; Android 6.0.1; Nexus 5X Build/MMB29P) AppleWebKit/537.36 (KHTML, like Gecko) Chrome/143.0.7499.192 Mobile Safari/537.36 (compatible; Googlebot/2.1; +http://www.google.com/bot.html)"
66.249.74.33 - - [15/Jan/2026:14:33:47 -0500] "GET /?_g=1904205 HTTP/1.1" 200 20651 "-" "Mozilla/5.0 (Linux; Android 6.0.1; Nexus 5X Build/MMB29P) AppleWebKit/537.36 (KHTML, like Gecko) Chrome/143.0.7499.192 Mobile Safari/537.36 (compatible; Googlebot/2.1; +http://www.google.com/bot.html)"
66.249.65.102 - - [15/Jan/2026:14:35:46 -0500] "GET /?_g=349845 HTTP/1.1" 301 0 "-" "Mozilla/5.0 (Linux; Android 6.0.1; Nexus 5X Build/MMB29P) AppleWebKit/537.36 (KHTML, like Gecko) Chrome/143.0.7499.192 Mobile Safari/537.36 (compatible; Googlebot/2.1; +http://www.google.com/bot.html)"
66.249.74.34 - - [15/Jan/2026:14:35:47 -0500] "GET /?_g=349845 HTTP/1.1" 200 20651 "-" "Mozilla/5.0 (Linux; Android 6.0.1; Nexus 5X Build/MMB29P) AppleWebKit/537.36 (KHTML, like Gecko) Chrome/143.0.7499.192 Mobile Safari/537.36 (compatible; Googlebot/2.1; +http://www.google.com/bot.html)"
66.249.65.103 - - [15/Jan/2026:14:38:33 -0500] "GET /?_g=3182228 HTTP/1.1" 301 0 "-" "Mozilla/5.0 (Linux; Android 6.0.1; Nexus 5X Build/MMB29P) AppleWebKit/537.36 (KHTML, like Gecko) Chrome/143.0.7499.192 Mobile Safari/537.36 (compatible; Googlebot/2.1; +http://www.google.com/bot.html)"
66.249.74.32 - - [15/Jan/2026:14:38:34 -0500] "GET /?_g=3182228 HTTP/1.1" 200 20650 "-" "Mozilla/5.0 (Linux; Android 6.0.1; Nexus 5X Build/MMB29P) AppleWebKit/537.36 (KHTML, like Gecko) Chrome/143.0.7499.192 Mobile Safari/537.36 (compatible; Googlebot/2.1; +http://www.google.com/bot.html)"
66.249.65.102 - - [15/Jan/2026:14:38:49 -0500] "GET /?_g=1125113 HTTP/1.1" 301 0 "-" "Mozilla/5.0 (Linux; Android 6.0.1; Nexus 5X Build/MMB29P) AppleWebKit/537.36 (KHTML, like Gecko) Chrome/143.0.7499.192 Mobile Safari/537.36 (compatible; Googlebot/2.1; +http://www.google.com/bot.html)"
66.249.74.32 - - [15/Jan/2026:14:38:49 -0500] "GET /?_g=1125113 HTTP/1.1" 200 20652 "-" "Mozilla/5.0 (Linux; Android 6.0.1; Nexus 5X Build/MMB29P) AppleWebKit/537.36 (KHTML, like Gecko) Chrome/143.0.7499.192 Mobile Safari/537.36 (compatible; Googlebot/2.1; +http://www.google.com/bot.html)"
66.29.137.46 - - [15/Jan/2026:14:42:26 -0500] "POST /wp-cron.php?doing_wp_cron=1768506146.2908511161804199218750 HTTP/1.1" 200 0 "-" "WordPress/6.9; https://ablacktime.com"
66.249.65.103 - - [15/Jan/2026:14:42:25 -0500] "GET /?_g=976656 HTTP/1.1" 301 0 "-" "Mozilla/5.0 (Linux; Android 6.0.1; Nexus 5X Build/MMB29P) AppleWebKit/537.36 (KHTML, like Gecko) Chrome/143.0.7499.192 Mobile Safari/537.36 (compatible; Googlebot/2.1; +http://www.google.com/bot.html)"
66.249.74.32 - - [15/Jan/2026:14:42:26 -0500] "GET /?_g=976656 HTTP/1.1" 200 20651 "-" "Mozilla/5.0 (Linux; Android 6.0.1; Nexus 5X Build/MMB29P) AppleWebKit/537.36 (KHTML, like Gecko) Chrome/143.0.7499.192 Mobile Safari/537.36 (compatible; Googlebot/2.1; +http://www.google.com/bot.html)"
66.249.65.103 - - [15/Jan/2026:14:44:13 -0500] "GET /?_g=882193 HTTP/1.1" 301 0 "-" "Mozilla/5.0 (Linux; Android 6.0.1; Nexus 5X Build/MMB29P) AppleWebKit/537.36 (KHTML, like Gecko) Chrome/143.0.7499.192 Mobile Safari/537.36 (compatible; Googlebot/2.1; +http://www.google.com/bot.html)"
66.249.74.34 - - [15/Jan/2026:14:44:14 -0500] "GET /?_g=882193 HTTP/1.1" 200 20649 "-" "Mozilla/5.0 (Linux; Android 6.0.1; Nexus 5X Build/MMB29P) AppleWebKit/537.36 (KHTML, like Gecko) Chrome/143.0.7499.192 Mobile Safari/537.36 (compatible; Googlebot/2.1; +http://www.google.com/bot.html)"
66.249.65.101 - - [15/Jan/2026:14:46:01 -0500] "GET /?_g=2225738 HTTP/1.1" 301 0 "-" "Mozilla/5.0 (Linux; Android 6.0.1; Nexus 5X Build/MMB29P) AppleWebKit/537.36 (KHTML, like Gecko) Chrome/143.0.7499.192 Mobile Safari/537.36 (compatible; Googlebot/2.1; +http://www.google.com/bot.html)"
66.249.74.34 - - [15/Jan/2026:14:46:02 -0500] "GET /?_g=2225738 HTTP/1.1" 200 20651 "-" "Mozilla/5.0 (Linux; Android 6.0.1; Nexus 5X Build/MMB29P) AppleWebKit/537.36 (KHTML, like Gecko) Chrome/143.0.7499.192 Mobile Safari/537.36 (compatible; Googlebot/2.1; +http://www.google.com/bot.html)"
43.167.245.18 - - [15/Jan/2026:14:46:08 -0500] "GET / HTTP/1.1" 301 0 "http://www.ablacktime.com" "Mozilla/5.0 (iPhone; CPU iPhone OS 13_2_3 like Mac OS X) AppleWebKit/605.1.15 (KHTML, like Gecko) Version/13.0.3 Mobile/15E148 Safari/604.1"
43.167.245.18 - - [15/Jan/2026:14:46:09 -0500] "GET / HTTP/1.1" 200 24470 "https://www.ablacktime.com/" "Mozilla/5.0 (iPhone; CPU iPhone OS 13_2_3 like Mac OS X) AppleWebKit/605.1.15 (KHTML, like Gecko) Version/13.0.3 Mobile/15E148 Safari/604.1"
66.249.65.103 - - [15/Jan/2026:14:47:50 -0500] "GET /?_g=2115779 HTTP/1.1" 301 0 "-" "Mozilla/5.0 (Linux; Android 6.0.1; Nexus 5X Build/MMB29P) AppleWebKit/537.36 (KHTML, like Gecko) Chrome/143.0.7499.192 Mobile Safari/537.36 (compatible; Googlebot/2.1; +http://www.google.com/bot.html)"
66.249.74.32 - - [15/Jan/2026:14:47:51 -0500] "GET /?_g=2115779 HTTP/1.1" 200 20650 "-" "Mozilla/5.0 (Linux; Android 6.0.1; Nexus 5X Build/MMB29P) AppleWebKit/537.36 (KHTML, like Gecko) Chrome/143.0.7499.192 Mobile Safari/537.36 (compatible; Googlebot/2.1; +http://www.google.com/bot.html)"
66.249.74.32 - - [15/Jan/2026:14:48:37 -0500] "GET /?_g=2678502 HTTP/1.1" 200 20651 "-" "Mozilla/5.0 (Linux; Android 6.0.1; Nexus 5X Build/MMB29P) AppleWebKit/537.36 (KHTML, like Gecko) Chrome/143.0.7499.192 Mobile Safari/537.36 (compatible; GoogleOther)"
66.249.65.102 - - [15/Jan/2026:14:49:38 -0500] "GET /?_g=3174027 HTTP/1.1" 301 0 "-" "Mozilla/5.0 (Linux; Android 6.0.1; Nexus 5X Build/MMB29P) AppleWebKit/537.36 (KHTML, like Gecko) Chrome/143.0.7499.192 Mobile Safari/537.36 (compatible; Googlebot/2.1; +http://www.google.com/bot.html)"
66.249.74.33 - - [15/Jan/2026:14:49:38 -0500] "GET /?_g=3174027 HTTP/1.1" 200 20651 "-" "Mozilla/5.0 (Linux; Android 6.0.1; Nexus 5X Build/MMB29P) AppleWebKit/537.36 (KHTML, like Gecko) Chrome/143.0.7499.192 Mobile Safari/537.36 (compatible; Googlebot/2.1; +http://www.google.com/bot.html)"
66.249.74.33 - - [15/Jan/2026:14:51:08 -0500] "GET /?_g=2678502 HTTP/1.1" 200 20651 "-" "Mozilla/5.0 (Linux; Android 6.0.1; Nexus 5X Build/MMB29P) AppleWebKit/537.36 (KHTML, like Gecko) Chrome/143.0.7499.192 Mobile Safari/537.36 (compatible; Googlebot/2.1; +http://www.google.com/bot.html)"
66.249.65.101 - - [15/Jan/2026:14:51:27 -0500] "GET /?_g=2639217 HTTP/1.1" 301 0 "-" "Mozilla/5.0 (Linux; Android 6.0.1; Nexus 5X Build/MMB29P) AppleWebKit/537.36 (KHTML, like Gecko) Chrome/143.0.7499.192 Mobile Safari/537.36 (compatible; Googlebot/2.1; +http://www.google.com/bot.html)"
66.249.74.32 - - [15/Jan/2026:14:51:27 -0500] "GET /?_g=2639217 HTTP/1.1" 200 20651 "-" "Mozilla/5.0 (Linux; Android 6.0.1; Nexus 5X Build/MMB29P) AppleWebKit/537.36 (KHTML, like Gecko) Chrome/143.0.7499.192 Mobile Safari/537.36 (compatible; Googlebot/2.1; +http://www.google.com/bot.html)"
66.249.65.102 - - [15/Jan/2026:14:53:15 -0500] "GET /?_g=2240215 HTTP/1.1" 301 0 "-" "Mozilla/5.0 (Linux; Android 6.0.1; Nexus 5X Build/MMB29P) AppleWebKit/537.36 (KHTML, like Gecko) Chrome/143.0.7499.192 Mobile Safari/537.36 (compatible; Googlebot/2.1; +http://www.google.com/bot.html)"
66.249.74.34 - - [15/Jan/2026:14:53:16 -0500] "GET /?_g=2240215 HTTP/1.1" 200 20651 "-" "Mozilla/5.0 (Linux; Android 6.0.1; Nexus 5X Build/MMB29P) AppleWebKit/537.36 (KHTML, like Gecko) Chrome/143.0.7499.192 Mobile Safari/537.36 (compatible; Googlebot/2.1; +http://www.google.com/bot.html)"
66.29.137.46 - - [15/Jan/2026:14:55:05 -0500] "POST /wp-cron.php?doing_wp_cron=1768506905.4236409664154052734375 HTTP/1.1" 200 0 "-" "WordPress/6.9; https://ablacktime.com"
66.249.65.102 - - [15/Jan/2026:14:55:03 -0500] "GET /?_g=129269 HTTP/1.1" 301 0 "-" "Mozilla/5.0 (Linux; Android 6.0.1; Nexus 5X Build/MMB29P) AppleWebKit/537.36 (KHTML, like Gecko) Chrome/143.0.7499.192 Mobile Safari/537.36 (compatible; Googlebot/2.1; +http://www.google.com/bot.html)"
66.249.74.32 - - [15/Jan/2026:14:55:05 -0500] "GET /?_g=129269 HTTP/1.1" 200 20651 "-" "Mozilla/5.0 (Linux; Android 6.0.1; Nexus 5X Build/MMB29P) AppleWebKit/537.36 (KHTML, like Gecko) Chrome/143.0.7499.192 Mobile Safari/537.36 (compatible; Googlebot/2.1; +http://www.google.com/bot.html)"
49.7.227.204 - - [15/Jan/2026:14:55:20 -0500] "GET / HTTP/1.1" 301 0 "http://www.ablacktime.com" "Mozilla/5.0 (iPhone; CPU iPhone OS 13_2_3 like Mac OS X) AppleWebKit/605.1.15 (KHTML, like Gecko) Version/13.0.3 Mobile/15E148 Safari/604.1"
49.7.227.204 - - [15/Jan/2026:14:55:22 -0500] "GET / HTTP/1.1" 200 24470 "https://www.ablacktime.com/" "Mozilla/5.0 (iPhone; CPU iPhone OS 13_2_3 like Mac OS X) AppleWebKit/605.1.15 (KHTML, like Gecko) Version/13.0.3 Mobile/15E148 Safari/604.1"
66.249.65.101 - - [15/Jan/2026:14:55:23 -0500] "GET /?_g=1242720 HTTP/1.1" 301 0 "-" "Mozilla/5.0 (Linux; Android 6.0.1; Nexus 5X Build/MMB29P) AppleWebKit/537.36 (KHTML, like Gecko) Chrome/143.0.7499.192 Mobile Safari/537.36 (compatible; Googlebot/2.1; +http://www.google.com/bot.html)"
66.249.74.32 - - [15/Jan/2026:14:55:23 -0500] "GET /?_g=1242720 HTTP/1.1" 200 20651 "-" "Mozilla/5.0 (Linux; Android 6.0.1; Nexus 5X Build/MMB29P) AppleWebKit/537.36 (KHTML, like Gecko) Chrome/143.0.7499.192 Mobile Safari/537.36 (compatible; Googlebot/2.1; +http://www.google.com/bot.html)"
