66.249.73.1 - - [15/Jan/2026:12:48:14 -0500] "GET /pcmypage/shopdetail/250066778/?_g=1168499 HTTP/1.1" 404 12153 "-" "Mozilla/5.0 (Linux; Android 6.0.1; Nexus 5X Build/MMB29P) AppleWebKit/537.36 (KHTML, like Gecko) Chrome/143.0.7499.192 Mobile Safari/537.36 (compatible; Googlebot/2.1; +http://www.google.com/bot.html)"
66.249.73.15 - - [15/Jan/2026:12:48:14 -0500] "GET /index.php/pcmypage/shopdetail/137336678//?_g=869160 HTTP/1.1" 301 0 "-" "Mozilla/5.0 (Linux; Android 6.0.1; Nexus 5X Build/MMB29P) AppleWebKit/537.36 (KHTML, like Gecko) Chrome/143.0.7499.192 Mobile Safari/537.36 (compatible; Googlebot/2.1; +http://www.google.com/bot.html)"
66.249.73.1 - - [15/Jan/2026:12:48:15 -0500] "GET /pcmypage/shopdetail/137336678/?_g=869160 HTTP/1.1" 404 12152 "-" "Mozilla/5.0 (Linux; Android 6.0.1; Nexus 5X Build/MMB29P) AppleWebKit/537.36 (KHTML, like Gecko) Chrome/143.0.7499.192 Mobile Safari/537.36 (compatible; Googlebot/2.1; +http://www.google.com/bot.html)"
66.249.73.14 - - [15/Jan/2026:12:49:54 -0500] "GET /index.php/safe_search/config/shopdetail/250122078/pcmypage/feature/index.html//?_g=339148 HTTP/1.1" 301 0 "-" "Mozilla/5.0 (Linux; Android 6.0.1; Nexus 5X Build/MMB29P) AppleWebKit/537.36 (KHTML, like Gecko) Chrome/143.0.7499.192 Mobile Safari/537.36 (compatible; Googlebot/2.1; +http://www.google.com/bot.html)"
66.249.73.14 - - [15/Jan/2026:12:49:55 -0500] "GET /safe_search/config/shopdetail/250122078/pcmypage/feature/index.html/?_g=339148 HTTP/1.1" 404 12240 "-" "Mozilla/5.0 (Linux; Android 6.0.1; Nexus 5X Build/MMB29P) AppleWebKit/537.36 (KHTML, like Gecko) Chrome/143.0.7499.192 Mobile Safari/537.36 (compatible; Googlebot/2.1; +http://www.google.com/bot.html)"
66.249.73.1 - - [15/Jan/2026:12:50:09 -0500] "GET /index.php/safe_search/config?return_url=%2Fproduct%2Fdetail%2F88487749 HTTP/1.1" 301 0 "-" "Mozilla/5.0 (Linux; Android 6.0.1; Nexus 5X Build/MMB29P) AppleWebKit/537.36 (KHTML, like Gecko) Chrome/143.0.7499.192 Mobile Safari/537.36 (compatible; Googlebot/2.1; +http://www.google.com/bot.html)"
66.249.73.15 - - [15/Jan/2026:12:50:09 -0500] "GET /index.php/zhHant/product/surugaya/19066218//?_g=365553 HTTP/1.1" 301 0 "-" "Mozilla/5.0 (Linux; Android 6.0.1; Nexus 5X Build/MMB29P) AppleWebKit/537.36 (KHTML, like Gecko) Chrome/143.0.7499.192 Mobile Safari/537.36 (compatible; Googlebot/2.1; +http://www.google.com/bot.html)"
66.249.73.1 - - [15/Jan/2026:12:50:09 -0500] "GET /safe_search/config?return_url=%2Fproduct%2Fdetail%2F88487749 HTTP/1.1" 404 12156 "-" "Mozilla/5.0 (Linux; Android 6.0.1; Nexus 5X Build/MMB29P) AppleWebKit/537.36 (KHTML, like Gecko) Chrome/143.0.7499.192 Mobile Safari/537.36 (compatible; Googlebot/2.1; +http://www.google.com/bot.html)"
66.249.73.14 - - [15/Jan/2026:12:50:10 -0500] "GET /zhHant/product/surugaya/19066218/?_g=365553 HTTP/1.1" 404 12149 "-" "Mozilla/5.0 (Linux; Android 6.0.1; Nexus 5X Build/MMB29P) AppleWebKit/537.36 (KHTML, like Gecko) Chrome/143.0.7499.192 Mobile Safari/537.36 (compatible; Googlebot/2.1; +http://www.google.com/bot.html)"
66.249.73.15 - - [15/Jan/2026:12:50:19 -0500] "GET /index.php/pcmypage/shopdetail/6695478/?_g=2093447 HTTP/1.1" 301 0 "-" "Mozilla/5.0 (Linux; Android 6.0.1; Nexus 5X Build/MMB29P) AppleWebKit/537.36 (KHTML, like Gecko) Chrome/143.0.7499.192 Mobile Safari/537.36 (compatible; Googlebot/2.1; +http://www.google.com/bot.html)"
66.249.73.14 - - [15/Jan/2026:12:50:19 -0500] "GET /pcmypage/shopdetail/6695478/?_g=2093447 HTTP/1.1" 404 12192 "-" "Mozilla/5.0 (Linux; Android 6.0.1; Nexus 5X Build/MMB29P) AppleWebKit/537.36 (KHTML, like Gecko) Chrome/143.0.7499.192 Mobile Safari/537.36 (compatible; Googlebot/2.1; +http://www.google.com/bot.html)"
66.249.73.14 - - [15/Jan/2026:12:50:24 -0500] "GET /index.php/safe_search/config/shopdetail/250122078/pcmypage/feature/index.html//?_g=670868 HTTP/1.1" 301 0 "-" "Mozilla/5.0 (Linux; Android 6.0.1; Nexus 5X Build/MMB29P) AppleWebKit/537.36 (KHTML, like Gecko) Chrome/143.0.7499.192 Mobile Safari/537.36 (compatible; Googlebot/2.1; +http://www.google.com/bot.html)"
66.249.73.14 - - [15/Jan/2026:12:50:24 -0500] "GET /safe_search/config/shopdetail/250122078/pcmypage/feature/index.html/?_g=670868 HTTP/1.1" 404 12240 "-" "Mozilla/5.0 (Linux; Android 6.0.1; Nexus 5X Build/MMB29P) AppleWebKit/537.36 (KHTML, like Gecko) Chrome/143.0.7499.192 Mobile Safari/537.36 (compatible; Googlebot/2.1; +http://www.google.com/bot.html)"
66.249.73.14 - - [15/Jan/2026:12:52:25 -0500] "GET /index.php/product/edit/74287283/toiawase/feature/index.html//?_g=1521143 HTTP/1.1" 301 0 "-" "Mozilla/5.0 (Linux; Android 6.0.1; Nexus 5X Build/MMB29P) AppleWebKit/537.36 (KHTML, like Gecko) Chrome/143.0.7499.192 Mobile Safari/537.36 (compatible; Googlebot/2.1; +http://www.google.com/bot.html)"
66.249.73.14 - - [15/Jan/2026:12:52:26 -0500] "GET /product/edit/74287283/toiawase/feature/index.html/?_g=1521143 HTTP/1.1" 404 12190 "-" "Mozilla/5.0 (Linux; Android 6.0.1; Nexus 5X Build/MMB29P) AppleWebKit/537.36 (KHTML, like Gecko) Chrome/143.0.7499.192 Mobile Safari/537.36 (compatible; Googlebot/2.1; +http://www.google.com/bot.html)"
66.249.73.14 - - [15/Jan/2026:12:54:17 -0500] "GET /index.php/zhHant/product/surugaya/19066218//?_g=2898969 HTTP/1.1" 301 0 "-" "Mozilla/5.0 (Linux; Android 6.0.1; Nexus 5X Build/MMB29P) AppleWebKit/537.36 (KHTML, like Gecko) Chrome/143.0.7499.192 Mobile Safari/537.36 (compatible; Googlebot/2.1; +http://www.google.com/bot.html)"
66.249.73.15 - - [15/Jan/2026:12:54:19 -0500] "GET /zhHant/product/surugaya/19066218/?_g=2898969 HTTP/1.1" 404 12149 "-" "Mozilla/5.0 (Linux; Android 6.0.1; Nexus 5X Build/MMB29P) AppleWebKit/537.36 (KHTML, like Gecko) Chrome/143.0.7499.192 Mobile Safari/537.36 (compatible; Googlebot/2.1; +http://www.google.com/bot.html)"
196.119.192.88 - - [15/Jan/2026:12:58:27 -0500] "GET /?_g=734046 HTTP/1.1" 200 74788 "-" "Mozilla/5.0 (Macintosh; Intel Mac OS X 10_15_5) AppleWebKit/537.36 (KHTML, like Gecko) Chrome/90.0.4430.93 Safari/537.36"
177.52.82.61 - - [15/Jan/2026:12:59:08 -0500] "GET /?_g=2114692 HTTP/1.1" 200 74256 "-" "Mozilla/5.0 (Macintosh; Intel Mac OS X 10_11_6) AppleWebKit/537.36 (KHTML, like Gecko) Chrome/97.0.4692.99 Safari/537.36"
66.249.73.14 - - [15/Jan/2026:13:00:32 -0500] "GET /index.php//?_g=1423640 HTTP/1.1" 301 0 "-" "Mozilla/5.0 (Linux; Android 6.0.1; Nexus 5X Build/MMB29P) AppleWebKit/537.36 (KHTML, like Gecko) Chrome/143.0.7499.192 Mobile Safari/537.36 (compatible; Googlebot/2.1; +http://www.google.com/bot.html)"
66.249.73.1 - - [15/Jan/2026:13:00:33 -0500] "GET /?_g=1423640 HTTP/1.1" 200 54654 "-" "Mozilla/5.0 (Linux; Android 6.0.1; Nexus 5X Build/MMB29P) AppleWebKit/537.36 (KHTML, like Gecko) Chrome/143.0.7499.192 Mobile Safari/537.36 (compatible; Googlebot/2.1; +http://www.google.com/bot.html)"
177.72.196.97 - - [15/Jan/2026:13:03:09 -0500] "GET /?_g=1062658 HTTP/1.1" 200 74250 "-" "Mozilla/5.0 (Macintosh; Intel Mac OS X 10_14_6) AppleWebKit/537.36 (KHTML, like Gecko) Chrome/94.0.4606.81 Safari/537.36"
66.249.73.15 - - [15/Jan/2026:13:06:49 -0500] "GET /index.php/zhHant/product/surugaya/19066218//?_g=2874061 HTTP/1.1" 301 0 "-" "Mozilla/5.0 (Linux; Android 6.0.1; Nexus 5X Build/MMB29P) AppleWebKit/537.36 (KHTML, like Gecko) Chrome/143.0.7499.192 Mobile Safari/537.36 (compatible; Googlebot/2.1; +http://www.google.com/bot.html)"
66.249.73.1 - - [15/Jan/2026:13:06:50 -0500] "GET /zhHant/product/surugaya/19066218/?_g=2874061 HTTP/1.1" 404 12149 "-" "Mozilla/5.0 (Linux; Android 6.0.1; Nexus 5X Build/MMB29P) AppleWebKit/537.36 (KHTML, like Gecko) Chrome/143.0.7499.192 Mobile Safari/537.36 (compatible; Googlebot/2.1; +http://www.google.com/bot.html)"
66.29.137.46 - - [15/Jan/2026:13:09:11 -0500] "POST /wp-cron.php?doing_wp_cron=1768500551.1859569549560546875000 HTTP/1.1" 200 0 "-" "WordPress/6.9; https://ardaughters.org"
66.249.73.1 - - [15/Jan/2026:13:09:10 -0500] "GET /index.php/pcmypage/shopdetail/197144378//?_g=2221635 HTTP/1.1" 301 0 "-" "Mozilla/5.0 (Linux; Android 6.0.1; Nexus 5X Build/MMB29P) AppleWebKit/537.36 (KHTML, like Gecko) Chrome/143.0.7499.192 Mobile Safari/537.36 (compatible; Googlebot/2.1; +http://www.google.com/bot.html)"
66.249.73.1 - - [15/Jan/2026:13:09:11 -0500] "GET /pcmypage/shopdetail/197144378/?_g=2221635 HTTP/1.1" 404 12152 "-" "Mozilla/5.0 (Linux; Android 6.0.1; Nexus 5X Build/MMB29P) AppleWebKit/537.36 (KHTML, like Gecko) Chrome/143.0.7499.192 Mobile Safari/537.36 (compatible; Googlebot/2.1; +http://www.google.com/bot.html)"
66.249.73.1 - - [15/Jan/2026:13:10:40 -0500] "GET /index.php/pcmypage/shopdetail/280698978/feature/honten/index.html//?_g=3085878 HTTP/1.1" 301 0 "-" "Mozilla/5.0 (Linux; Android 6.0.1; Nexus 5X Build/MMB29P) AppleWebKit/537.36 (KHTML, like Gecko) Chrome/143.0.7499.192 Mobile Safari/537.36 (compatible; Googlebot/2.1; +http://www.google.com/bot.html)"
66.249.73.14 - - [15/Jan/2026:13:10:41 -0500] "GET /pcmypage/shopdetail/280698978/feature/honten/index.html/?_g=3085878 HTTP/1.1" 404 12221 "-" "Mozilla/5.0 (Linux; Android 6.0.1; Nexus 5X Build/MMB29P) AppleWebKit/537.36 (KHTML, like Gecko) Chrome/143.0.7499.192 Mobile Safari/537.36 (compatible; Googlebot/2.1; +http://www.google.com/bot.html)"
177.67.246.94 - - [15/Jan/2026:13:12:44 -0500] "GET /?_g=2252228 HTTP/1.1" 200 74256 "-" "Mozilla/5.0 (Windows NT 6.1; Win64; x64) AppleWebKit/537.36 (KHTML, like Gecko) Chrome/84.0.4147.135 Safari/537.36"
66.249.73.14 - - [15/Jan/2026:13:13:35 -0500] "GET /index.php/pcmypage/safe_search/config/shopdetail/46321878//?_g=163352 HTTP/1.1" 301 0 "-" "Mozilla/5.0 (Linux; Android 6.0.1; Nexus 5X Build/MMB29P) AppleWebKit/537.36 (KHTML, like Gecko) Chrome/143.0.7499.192 Mobile Safari/537.36 (compatible; Googlebot/2.1; +http://www.google.com/bot.html)"
66.249.73.14 - - [15/Jan/2026:13:13:35 -0500] "GET /pcmypage/safe_search/config/shopdetail/46321878/?_g=163352 HTTP/1.1" 404 12160 "-" "Mozilla/5.0 (Linux; Android 6.0.1; Nexus 5X Build/MMB29P) AppleWebKit/537.36 (KHTML, like Gecko) Chrome/143.0.7499.192 Mobile Safari/537.36 (compatible; Googlebot/2.1; +http://www.google.com/bot.html)"
66.249.73.1 - - [15/Jan/2026:13:17:11 -0500] "GET /index.php/pcmypage/shopdetail/250066778//?_g=2972192 HTTP/1.1" 301 0 "-" "Mozilla/5.0 (Linux; Android 6.0.1; Nexus 5X Build/MMB29P) AppleWebKit/537.36 (KHTML, like Gecko) Chrome/143.0.7499.192 Mobile Safari/537.36 (compatible; Googlebot/2.1; +http://www.google.com/bot.html)"
66.249.73.14 - - [15/Jan/2026:13:17:13 -0500] "GET /pcmypage/shopdetail/250066778/?_g=2972192 HTTP/1.1" 404 12152 "-" "Mozilla/5.0 (Linux; Android 6.0.1; Nexus 5X Build/MMB29P) AppleWebKit/537.36 (KHTML, like Gecko) Chrome/143.0.7499.192 Mobile Safari/537.36 (compatible; Googlebot/2.1; +http://www.google.com/bot.html)"
66.249.73.1 - - [15/Jan/2026:13:21:13 -0500] "GET /index.php/zhHant/product/surugaya/19066218//?_g=455656 HTTP/1.1" 301 0 "-" "Mozilla/5.0 (Linux; Android 6.0.1; Nexus 5X Build/MMB29P) AppleWebKit/537.36 (KHTML, like Gecko) Chrome/143.0.7499.192 Mobile Safari/537.36 (compatible; Googlebot/2.1; +http://www.google.com/bot.html)"
66.249.73.14 - - [15/Jan/2026:13:21:14 -0500] "GET /zhHant/product/surugaya/19066218/?_g=455656 HTTP/1.1" 404 12150 "-" "Mozilla/5.0 (Linux; Android 6.0.1; Nexus 5X Build/MMB29P) AppleWebKit/537.36 (KHTML, like Gecko) Chrome/143.0.7499.192 Mobile Safari/537.36 (compatible; Googlebot/2.1; +http://www.google.com/bot.html)"
66.249.73.15 - - [15/Jan/2026:13:24:06 -0500] "GET /index.php/pcmypage/shopdetail/164134978//?_g=1014273 HTTP/1.1" 301 0 "-" "Mozilla/5.0 (Linux; Android 6.0.1; Nexus 5X Build/MMB29P) AppleWebKit/537.36 (KHTML, like Gecko) Chrome/143.0.7499.192 Mobile Safari/537.36 (compatible; Googlebot/2.1; +http://www.google.com/bot.html)"
66.249.73.1 - - [15/Jan/2026:13:24:07 -0500] "GET /pcmypage/shopdetail/164134978/?_g=1014273 HTTP/1.1" 404 12152 "-" "Mozilla/5.0 (Linux; Android 6.0.1; Nexus 5X Build/MMB29P) AppleWebKit/537.36 (KHTML, like Gecko) Chrome/143.0.7499.192 Mobile Safari/537.36 (compatible; Googlebot/2.1; +http://www.google.com/bot.html)"
66.249.73.15 - - [15/Jan/2026:13:25:01 -0500] "GET /index.php/safe_search/config/shopdetail/250122078/pcmypage/feature/index.html//?_g=800857 HTTP/1.1" 301 0 "-" "Mozilla/5.0 (Linux; Android 6.0.1; Nexus 5X Build/MMB29P) AppleWebKit/537.36 (KHTML, like Gecko) Chrome/143.0.7499.192 Mobile Safari/537.36 (compatible; Googlebot/2.1; +http://www.google.com/bot.html)"
66.249.73.15 - - [15/Jan/2026:13:25:01 -0500] "GET /safe_search/config/shopdetail/250122078/pcmypage/feature/index.html/?_g=800857 HTTP/1.1" 404 12238 "-" "Mozilla/5.0 (Linux; Android 6.0.1; Nexus 5X Build/MMB29P) AppleWebKit/537.36 (KHTML, like Gecko) Chrome/143.0.7499.192 Mobile Safari/537.36 (compatible; Googlebot/2.1; +http://www.google.com/bot.html)"
66.249.73.15 - - [15/Jan/2026:13:27:08 -0500] "GET /index.php/safe_search/config/shopdetail/20176978//?_g=3204895 HTTP/1.1" 301 0 "-" "Mozilla/5.0 (Linux; Android 6.0.1; Nexus 5X Build/MMB29P) AppleWebKit/537.36 (KHTML, like Gecko) Chrome/143.0.7499.192 Mobile Safari/537.36 (compatible; Googlebot/2.1; +http://www.google.com/bot.html)"
66.249.73.14 - - [15/Jan/2026:13:27:09 -0500] "GET /safe_search/config/shopdetail/20176978/?_g=3204895 HTTP/1.1" 404 12215 "-" "Mozilla/5.0 (Linux; Android 6.0.1; Nexus 5X Build/MMB29P) AppleWebKit/537.36 (KHTML, like Gecko) Chrome/143.0.7499.192 Mobile Safari/537.36 (compatible; Googlebot/2.1; +http://www.google.com/bot.html)"
66.249.73.14 - - [15/Jan/2026:13:29:32 -0500] "GET /index.php/pcmypage/shopdetail/197144378//?_g=74230 HTTP/1.1" 301 0 "-" "Mozilla/5.0 (Linux; Android 6.0.1; Nexus 5X Build/MMB29P) AppleWebKit/537.36 (KHTML, like Gecko) Chrome/143.0.7499.192 Mobile Safari/537.36 (compatible; Googlebot/2.1; +http://www.google.com/bot.html)"
66.249.73.15 - - [15/Jan/2026:13:29:34 -0500] "GET /pcmypage/shopdetail/197144378/?_g=74230 HTTP/1.1" 404 12152 "-" "Mozilla/5.0 (Linux; Android 6.0.1; Nexus 5X Build/MMB29P) AppleWebKit/537.36 (KHTML, like Gecko) Chrome/143.0.7499.192 Mobile Safari/537.36 (compatible; Googlebot/2.1; +http://www.google.com/bot.html)"
66.249.73.1 - - [15/Jan/2026:13:33:12 -0500] "GET /index.php/pcmypage/shopdetail/164134978//?_g=2730991 HTTP/1.1" 301 0 "-" "Mozilla/5.0 (Linux; Android 6.0.1; Nexus 5X Build/MMB29P) AppleWebKit/537.36 (KHTML, like Gecko) Chrome/143.0.7499.192 Mobile Safari/537.36 (compatible; Googlebot/2.1; +http://www.google.com/bot.html)"
66.249.73.14 - - [15/Jan/2026:13:33:13 -0500] "GET /pcmypage/shopdetail/164134978/?_g=2730991 HTTP/1.1" 404 12152 "-" "Mozilla/5.0 (Linux; Android 6.0.1; Nexus 5X Build/MMB29P) AppleWebKit/537.36 (KHTML, like Gecko) Chrome/143.0.7499.192 Mobile Safari/537.36 (compatible; Googlebot/2.1; +http://www.google.com/bot.html)"
66.249.73.15 - - [15/Jan/2026:13:33:13 -0500] "GET /index.php/product/edit/11156469//?_g=1289938 HTTP/1.1" 301 0 "-" "Mozilla/5.0 (Linux; Android 6.0.1; Nexus 5X Build/MMB29P) AppleWebKit/537.36 (KHTML, like Gecko) Chrome/143.0.7499.192 Mobile Safari/537.36 (compatible; Googlebot/2.1; +http://www.google.com/bot.html)"
66.249.73.15 - - [15/Jan/2026:13:33:13 -0500] "GET /product/edit/11156469/?_g=1289938 HTTP/1.1" 404 12149 "-" "Mozilla/5.0 (Linux; Android 6.0.1; Nexus 5X Build/MMB29P) AppleWebKit/537.36 (KHTML, like Gecko) Chrome/143.0.7499.192 Mobile Safari/537.36 (compatible; Googlebot/2.1; +http://www.google.com/bot.html)"
66.249.73.14 - - [15/Jan/2026:13:33:23 -0500] "GET /index.php/product/edit/94257994/toreka/goods_menu.html/shopdetail/219416578/?_g=1610908 HTTP/1.1" 301 0 "-" "Mozilla/5.0 (Linux; Android 6.0.1; Nexus 5X Build/MMB29P) AppleWebKit/537.36 (KHTML, like Gecko) Chrome/143.0.7499.192 Mobile Safari/537.36 (compatible; Googlebot/2.1; +http://www.google.com/bot.html)"
66.249.73.15 - - [15/Jan/2026:13:33:23 -0500] "GET /product/edit/94257994/toreka/goods_menu.html/shopdetail/219416578/?_g=1610908 HTTP/1.1" 404 12203 "-" "Mozilla/5.0 (Linux; Android 6.0.1; Nexus 5X Build/MMB29P) AppleWebKit/537.36 (KHTML, like Gecko) Chrome/143.0.7499.192 Mobile Safari/537.36 (compatible; Googlebot/2.1; +http://www.google.com/bot.html)"
5.34.33.122 - - [15/Jan/2026:13:36:05 -0500] "GET /?_g=468372 HTTP/1.1" 200 74256 "-" "Mozilla/5.0 (Windows NT 10.0; WOW64; x64) AppleWebKit/537.36 (KHTML, like Gecko) Chrome/105.0.5118.205 Safari/537.36"
197.232.62.133 - - [15/Jan/2026:13:36:44 -0500] "GET /?_g=2007556 HTTP/1.1" 200 74250 "-" "Mozilla/5.0 (Windows NT 10.0; Win64; x64) AppleWebKit/537.36 (KHTML, like Gecko) Chrome/77.0.3865.120 Safari/537.36"
66.249.65.33 - - [15/Jan/2026:13:37:31 -0500] "GET /?_g=2889303 HTTP/1.1" 301 0 "-" "Mozilla/5.0 (Linux; Android 6.0.1; Nexus 5X Build/MMB29P) AppleWebKit/537.36 (KHTML, like Gecko) Chrome/143.0.7499.192 Mobile Safari/537.36 (compatible; Googlebot/2.1; +http://www.google.com/bot.html)"
66.249.73.1 - - [15/Jan/2026:13:37:31 -0500] "GET /?_g=2889303 HTTP/1.1" 200 54655 "-" "Mozilla/5.0 (Linux; Android 6.0.1; Nexus 5X Build/MMB29P) AppleWebKit/537.36 (KHTML, like Gecko) Chrome/143.0.7499.192 Mobile Safari/537.36 (compatible; Googlebot/2.1; +http://www.google.com/bot.html)"
138.68.51.10 - - [15/Jan/2026:13:37:59 -0500] "GET / HTTP/1.1" 200 74256 "-" "Mozilla/5.0 (Windows NT 10.0; Win64; x64) AppleWebKit/537.36"
138.68.51.10 - - [15/Jan/2026:13:38:00 -0500] "GET /wp-content/plugins/nicepage/includes/common/js/np-scripts.js?ver=1768502279 HTTP/1.1" 200 283 "-" "Mozilla/5.0 (Windows NT 10.0; Win64; x64) AppleWebKit/537.36"
138.68.51.10 - - [15/Jan/2026:13:38:00 -0500] "GET /wp-content/plugins/contact-form-7/includes/swv/js/index.js?ver=6.1.4 HTTP/1.1" 200 3835 "-" "Mozilla/5.0 (Windows NT 10.0; Win64; x64) AppleWebKit/537.36"
138.68.51.10 - - [15/Jan/2026:13:38:00 -0500] "GET /wp-includes/js/jquery/jquery.min.js?ver=3.7.1 HTTP/1.1" 200 34296 "-" "Mozilla/5.0 (Windows NT 10.0; Win64; x64) AppleWebKit/537.36"
138.68.51.10 - - [15/Jan/2026:13:38:01 -0500] "GET /wp-content/plugins/contact-form-7/includes/js/index.js?ver=6.1.4 HTTP/1.1" 200 4621 "-" "Mozilla/5.0 (Windows NT 10.0; Win64; x64) AppleWebKit/537.36"
138.68.51.10 - - [15/Jan/2026:13:38:01 -0500] "GET /wp-content/plugins/nicepage/assets/js/nicepage.js?ver=8.1.4 HTTP/1.1" 200 150958 "-" "Mozilla/5.0 (Windows NT 10.0; Win64; x64) AppleWebKit/537.36"
138.68.51.10 - - [15/Jan/2026:13:38:01 -0500] "GET /wp-includes/js/dist/i18n.min.js?ver=c26c3dc7bed366793375 HTTP/1.1" 200 2322 "-" "Mozilla/5.0 (Windows NT 10.0; Win64; x64) AppleWebKit/537.36"
138.68.51.10 - - [15/Jan/2026:13:38:01 -0500] "GET /wp-includes/js/dist/hooks.min.js?ver=dd5603f07f9220ed27f1 HTTP/1.1" 200 2042 "-" "Mozilla/5.0 (Windows NT 10.0; Win64; x64) AppleWebKit/537.36"
138.68.51.10 - - [15/Jan/2026:13:38:01 -0500] "GET /wp-includes/js/jquery/jquery-migrate.min.js?ver=3.4.1 HTTP/1.1" 200 5233 "-" "Mozilla/5.0 (Windows NT 10.0; Win64; x64) AppleWebKit/537.36"
138.68.51.10 - - [15/Jan/2026:13:38:05 -0500] "GET / HTTP/1.1" 200 74250 "-" "Mozilla/5.0 (Windows NT 10.0; Win64; x64) AppleWebKit/537.36"
138.68.51.10 - - [15/Jan/2026:13:38:06 -0500] "GET /wp-content/plugins/contact-form-7/includes/swv/js/index.js?ver=6.1.4 HTTP/1.1" 200 3835 "-" "Mozilla/5.0 (Windows NT 10.0; Win64; x64) AppleWebKit/537.36"
138.68.51.10 - - [15/Jan/2026:13:38:06 -0500] "GET /wp-includes/js/jquery/jquery.min.js?ver=3.7.1 HTTP/1.1" 200 34296 "-" "Mozilla/5.0 (Windows NT 10.0; Win64; x64) AppleWebKit/537.36"
138.68.51.10 - - [15/Jan/2026:13:38:06 -0500] "GET /wp-content/plugins/nicepage/includes/common/js/np-scripts.js?ver=1768502285 HTTP/1.1" 200 283 "-" "Mozilla/5.0 (Windows NT 10.0; Win64; x64) AppleWebKit/537.36"
138.68.51.10 - - [15/Jan/2026:13:38:06 -0500] "GET /wp-content/plugins/contact-form-7/includes/js/index.js?ver=6.1.4 HTTP/1.1" 200 4621 "-" "Mozilla/5.0 (Windows NT 10.0; Win64; x64) AppleWebKit/537.36"
138.68.51.10 - - [15/Jan/2026:13:38:06 -0500] "GET /wp-content/plugins/nicepage/assets/js/nicepage.js?ver=8.1.4 HTTP/1.1" 200 150958 "-" "Mozilla/5.0 (Windows NT 10.0; Win64; x64) AppleWebKit/537.36"
138.68.51.10 - - [15/Jan/2026:13:38:07 -0500] "GET /wp-includes/js/dist/i18n.min.js?ver=c26c3dc7bed366793375 HTTP/1.1" 200 2322 "-" "Mozilla/5.0 (Windows NT 10.0; Win64; x64) AppleWebKit/537.36"
138.68.51.10 - - [15/Jan/2026:13:38:07 -0500] "GET /wp-includes/js/dist/hooks.min.js?ver=dd5603f07f9220ed27f1 HTTP/1.1" 200 2042 "-" "Mozilla/5.0 (Windows NT 10.0; Win64; x64) AppleWebKit/537.36"
138.68.51.10 - - [15/Jan/2026:13:38:07 -0500] "GET /wp-includes/js/jquery/jquery-migrate.min.js?ver=3.4.1 HTTP/1.1" 200 5233 "-" "Mozilla/5.0 (Windows NT 10.0; Win64; x64) AppleWebKit/537.36"
66.249.73.1 - - [15/Jan/2026:13:39:08 -0500] "GET /index.php/safe_search/config/shopdetail/250122078/pcmypage/feature/index.html//?_g=557069 HTTP/1.1" 301 0 "-" "Mozilla/5.0 (Linux; Android 6.0.1; Nexus 5X Build/MMB29P) AppleWebKit/537.36 (KHTML, like Gecko) Chrome/143.0.7499.192 Mobile Safari/537.36 (compatible; Googlebot/2.1; +http://www.google.com/bot.html)"
66.249.73.14 - - [15/Jan/2026:13:39:08 -0500] "GET /safe_search/config/shopdetail/250122078/pcmypage/feature/index.html/?_g=557069 HTTP/1.1" 404 12238 "-" "Mozilla/5.0 (Linux; Android 6.0.1; Nexus 5X Build/MMB29P) AppleWebKit/537.36 (KHTML, like Gecko) Chrome/143.0.7499.192 Mobile Safari/537.36 (compatible; Googlebot/2.1; +http://www.google.com/bot.html)"
94.205.145.123 - - [15/Jan/2026:13:39:13 -0500] "GET /?_g=2522420 HTTP/1.1" 200 74250 "-" "Mozilla/5.0 (Macintosh; Intel Mac OS X 10_15_7) AppleWebKit/537.36 (KHTML, like Gecko) Chrome/102.0.0.0 Safari/537.36"
66.249.73.15 - - [15/Jan/2026:13:40:07 -0500] "GET /index.php//contents/renga/ HTTP/1.1" 301 0 "-" "Mozilla/5.0 (Linux; Android 6.0.1; Nexus 5X Build/MMB29P) AppleWebKit/537.36 (KHTML, like Gecko) Chrome/143.0.7499.192 Mobile Safari/537.36 (compatible; Googlebot/2.1; +http://www.google.com/bot.html)"
66.249.73.1 - - [15/Jan/2026:13:40:07 -0500] "GET /contents/renga/ HTTP/1.1" 404 12133 "-" "Mozilla/5.0 (Linux; Android 6.0.1; Nexus 5X Build/MMB29P) AppleWebKit/537.36 (KHTML, like Gecko) Chrome/143.0.7499.192 Mobile Safari/537.36 (compatible; Googlebot/2.1; +http://www.google.com/bot.html)"
66.249.73.1 - - [15/Jan/2026:13:41:08 -0500] "GET /index.php/pcmypage/shopdetail/183258478/game.html//?_g=550765 HTTP/1.1" 301 0 "-" "Mozilla/5.0 (Linux; Android 6.0.1; Nexus 5X Build/MMB29P) AppleWebKit/537.36 (KHTML, like Gecko) Chrome/143.0.7499.192 Mobile Safari/537.36 (compatible; Googlebot/2.1; +http://www.google.com/bot.html)"
66.249.73.1 - - [15/Jan/2026:13:41:08 -0500] "GET /pcmypage/shopdetail/183258478/game.html/?_g=550765 HTTP/1.1" 404 12184 "-" "Mozilla/5.0 (Linux; Android 6.0.1; Nexus 5X Build/MMB29P) AppleWebKit/537.36 (KHTML, like Gecko) Chrome/143.0.7499.192 Mobile Safari/537.36 (compatible; Googlebot/2.1; +http://www.google.com/bot.html)"
37.111.219.150 - - [15/Jan/2026:13:41:38 -0500] "GET /?_g=1175719 HTTP/1.1" 200 74256 "-" "Mozilla/5.0 (Macintosh; Intel Mac OS X 10_14_6) AppleWebKit/537.36 (KHTML, like Gecko) Brave Chrome/78.0.3904.108 Safari/537.36"
66.249.73.1 - - [15/Jan/2026:13:42:55 -0500] "GET /index.php/safe_search/config/pcmypage/ HTTP/1.1" 301 0 "-" "Mozilla/5.0 (Linux; Android 6.0.1; Nexus 5X Build/MMB29P) AppleWebKit/537.36 (KHTML, like Gecko) Chrome/143.0.7499.192 Mobile Safari/537.36 (compatible; Googlebot/2.1; +http://www.google.com/bot.html)"
66.249.73.14 - - [15/Jan/2026:13:42:55 -0500] "GET /safe_search/config/pcmypage/ HTTP/1.1" 404 12206 "-" "Mozilla/5.0 (Linux; Android 6.0.1; Nexus 5X Build/MMB29P) AppleWebKit/537.36 (KHTML, like Gecko) Chrome/143.0.7499.192 Mobile Safari/537.36 (compatible; Googlebot/2.1; +http://www.google.com/bot.html)"
66.249.73.14 - - [15/Jan/2026:13:42:55 -0500] "GET /index.php/safe_search/config/shopdetail/271108678//?_g=823791 HTTP/1.1" 301 0 "-" "Mozilla/5.0 (Linux; Android 6.0.1; Nexus 5X Build/MMB29P) AppleWebKit/537.36 (KHTML, like Gecko) Chrome/143.0.7499.192 Mobile Safari/537.36 (compatible; Googlebot/2.1; +http://www.google.com/bot.html)"
66.249.73.14 - - [15/Jan/2026:13:42:55 -0500] "GET /safe_search/config/shopdetail/271108678/?_g=823791 HTTP/1.1" 404 12208 "-" "Mozilla/5.0 (Linux; Android 6.0.1; Nexus 5X Build/MMB29P) AppleWebKit/537.36 (KHTML, like Gecko) Chrome/143.0.7499.192 Mobile Safari/537.36 (compatible; Googlebot/2.1; +http://www.google.com/bot.html)"
146.174.162.253 - - [15/Jan/2026:13:43:19 -0500] "GET / HTTP/1.1" 200 74250 "-" "Mozilla/5.0 (X11; U; Linux i686; ko-KR; rv:1.9.2.3) Gecko/20100423 Ubuntu/10.04 (lucid) Firefox/3.6.3"
66.249.73.1 - - [15/Jan/2026:13:44:05 -0500] "GET /index.php/safe_search/config/shopdetail/20176978//?_g=1190547 HTTP/1.1" 301 0 "-" "Mozilla/5.0 (Linux; Android 6.0.1; Nexus 5X Build/MMB29P) AppleWebKit/537.36 (KHTML, like Gecko) Chrome/143.0.7499.192 Mobile Safari/537.36 (compatible; Googlebot/2.1; +http://www.google.com/bot.html)"
66.249.73.15 - - [15/Jan/2026:13:44:06 -0500] "GET /safe_search/config/shopdetail/20176978/?_g=1190547 HTTP/1.1" 404 12213 "-" "Mozilla/5.0 (Linux; Android 6.0.1; Nexus 5X Build/MMB29P) AppleWebKit/537.36 (KHTML, like Gecko) Chrome/143.0.7499.192 Mobile Safari/537.36 (compatible; Googlebot/2.1; +http://www.google.com/bot.html)"
66.249.73.14 - - [15/Jan/2026:13:44:18 -0500] "GET /index.php/safe_search/config/shopdetail/250122078/pcmypage/feature/index.html//?_g=2930195 HTTP/1.1" 301 0 "-" "Mozilla/5.0 (Linux; Android 6.0.1; Nexus 5X Build/MMB29P) AppleWebKit/537.36 (KHTML, like Gecko) Chrome/143.0.7499.192 Mobile Safari/537.36 (compatible; Googlebot/2.1; +http://www.google.com/bot.html)"
66.249.73.15 - - [15/Jan/2026:13:44:18 -0500] "GET /safe_search/config/shopdetail/250122078/pcmypage/feature/index.html/?_g=2930195 HTTP/1.1" 404 12240 "-" "Mozilla/5.0 (Linux; Android 6.0.1; Nexus 5X Build/MMB29P) AppleWebKit/537.36 (KHTML, like Gecko) Chrome/143.0.7499.192 Mobile Safari/537.36 (compatible; Googlebot/2.1; +http://www.google.com/bot.html)"
190.179.166.140 - - [15/Jan/2026:13:46:41 -0500] "GET /?_g=76357 HTTP/1.1" 200 74256 "-" "Mozilla/5.0 (Windows NT 6.1) AppleWebKit/537.36 (KHTML, like Gecko) Chrome/95.0.4638.69 Safari/537.36"
161.22.56.243 - - [15/Jan/2026:13:47:24 -0500] "GET /?_g=737104 HTTP/1.1" 200 74256 "-" "Mozilla/5.0 (Windows NT 6.3; Win64; x64) AppleWebKit/537.36 (KHTML, like Gecko) Brave Chrome/88.0.4324.182 Safari/537.36"
66.249.73.15 - - [15/Jan/2026:13:47:29 -0500] "GET /index.php/pcmypage/shop/pg/1005024010//?_g=1482138 HTTP/1.1" 301 0 "-" "Mozilla/5.0 (Linux; Android 6.0.1; Nexus 5X Build/MMB29P) AppleWebKit/537.36 (KHTML, like Gecko) Chrome/143.0.7499.192 Mobile Safari/537.36 (compatible; Googlebot/2.1; +http://www.google.com/bot.html)"
66.249.73.15 - - [15/Jan/2026:13:47:30 -0500] "GET /pcmypage/shop/pg/1005024010/?_g=1482138 HTTP/1.1" 404 12195 "-" "Mozilla/5.0 (Linux; Android 6.0.1; Nexus 5X Build/MMB29P) AppleWebKit/537.36 (KHTML, like Gecko) Chrome/143.0.7499.192 Mobile Safari/537.36 (compatible; Googlebot/2.1; +http://www.google.com/bot.html)"
66.249.73.14 - - [15/Jan/2026:13:48:50 -0500] "GET /index.php/pcmypage/shopdetail/183258478/game.html//?_g=984021 HTTP/1.1" 301 0 "-" "Mozilla/5.0 (Linux; Android 6.0.1; Nexus 5X Build/MMB29P) AppleWebKit/537.36 (KHTML, like Gecko) Chrome/143.0.7499.192 Mobile Safari/537.36 (compatible; Googlebot/2.1; +http://www.google.com/bot.html)"
66.249.73.15 - - [15/Jan/2026:13:48:50 -0500] "GET /pcmypage/shopdetail/183258478/game.html/?_g=984021 HTTP/1.1" 404 12184 "-" "Mozilla/5.0 (Linux; Android 6.0.1; Nexus 5X Build/MMB29P) AppleWebKit/537.36 (KHTML, like Gecko) Chrome/143.0.7499.192 Mobile Safari/537.36 (compatible; Googlebot/2.1; +http://www.google.com/bot.html)"
66.249.73.15 - - [15/Jan/2026:13:49:42 -0500] "GET /index.php/safe_search/config/shopdetail/250122078/pcmypage/feature/index.html//?_g=2111765 HTTP/1.1" 301 0 "-" "Mozilla/5.0 (Linux; Android 6.0.1; Nexus 5X Build/MMB29P) AppleWebKit/537.36 (KHTML, like Gecko) Chrome/143.0.7499.192 Mobile Safari/537.36 (compatible; Googlebot/2.1; +http://www.google.com/bot.html)"
66.249.73.14 - - [15/Jan/2026:13:49:42 -0500] "GET /safe_search/config/shopdetail/250122078/pcmypage/feature/index.html/?_g=2111765 HTTP/1.1" 404 12240 "-" "Mozilla/5.0 (Linux; Android 6.0.1; Nexus 5X Build/MMB29P) AppleWebKit/537.36 (KHTML, like Gecko) Chrome/143.0.7499.192 Mobile Safari/537.36 (compatible; Googlebot/2.1; +http://www.google.com/bot.html)"
66.249.73.15 - - [15/Jan/2026:13:50:04 -0500] "GET /index.php/zhHant/product/surugaya/19066218//?_g=1166543 HTTP/1.1" 301 0 "-" "Mozilla/5.0 (Linux; Android 6.0.1; Nexus 5X Build/MMB29P) AppleWebKit/537.36 (KHTML, like Gecko) Chrome/143.0.7499.192 Mobile Safari/537.36 (compatible; Googlebot/2.1; +http://www.google.com/bot.html)"
66.249.73.14 - - [15/Jan/2026:13:50:04 -0500] "GET /zhHant/product/surugaya/19066218/?_g=1166543 HTTP/1.1" 404 12149 "-" "Mozilla/5.0 (Linux; Android 6.0.1; Nexus 5X Build/MMB29P) AppleWebKit/537.36 (KHTML, like Gecko) Chrome/143.0.7499.192 Mobile Safari/537.36 (compatible; Googlebot/2.1; +http://www.google.com/bot.html)"
14.191.181.243 - - [15/Jan/2026:13:50:42 -0500] "GET /?_g=320942 HTTP/1.1" 200 74250 "-" "Mozilla/5.0 (Macintosh; Intel Mac OS X 10_13_6) AppleWebKit/537.36 (KHTML, like Gecko) Brave Chrome/80.0.3987.162 Safari/537.36"
66.249.73.1 - - [15/Jan/2026:13:51:29 -0500] "GET /index.php/safe_search/config/shopdetail/250122078/pcmypage/feature/index.html//?_g=1437990 HTTP/1.1" 301 0 "-" "Mozilla/5.0 (Linux; Android 6.0.1; Nexus 5X Build/MMB29P) AppleWebKit/537.36 (KHTML, like Gecko) Chrome/143.0.7499.192 Mobile Safari/537.36 (compatible; Googlebot/2.1; +http://www.google.com/bot.html)"
66.249.73.14 - - [15/Jan/2026:13:51:29 -0500] "GET /safe_search/config/shopdetail/250122078/pcmypage/feature/index.html/?_g=1437990 HTTP/1.1" 404 12238 "-" "Mozilla/5.0 (Linux; Android 6.0.1; Nexus 5X Build/MMB29P) AppleWebKit/537.36 (KHTML, like Gecko) Chrome/143.0.7499.192 Mobile Safari/537.36 (compatible; Googlebot/2.1; +http://www.google.com/bot.html)"
66.249.73.1 - - [15/Jan/2026:13:51:30 -0500] "GET /index.php/safe_search/config/shopdetail/271108678//?_g=1130313 HTTP/1.1" 301 0 "-" "Mozilla/5.0 (Linux; Android 6.0.1; Nexus 5X Build/MMB29P) AppleWebKit/537.36 (KHTML, like Gecko) Chrome/143.0.7499.192 Mobile Safari/537.36 (compatible; Googlebot/2.1; +http://www.google.com/bot.html)"
66.249.73.14 - - [15/Jan/2026:13:51:31 -0500] "GET /safe_search/config/shopdetail/271108678/?_g=1130313 HTTP/1.1" 404 12208 "-" "Mozilla/5.0 (Linux; Android 6.0.1; Nexus 5X Build/MMB29P) AppleWebKit/537.36 (KHTML, like Gecko) Chrome/143.0.7499.192 Mobile Safari/537.36 (compatible; Googlebot/2.1; +http://www.google.com/bot.html)"
102.158.136.124 - - [15/Jan/2026:13:51:36 -0500] "GET /?_g=903804 HTTP/1.1" 200 74249 "-" "Mozilla/5.0 (Windows NT 6.1) AppleWebKit/537.36 (KHTML, like Gecko) Chrome/90.0.4430.93 Safari/537.36"
191.242.51.220 - - [15/Jan/2026:13:51:41 -0500] "GET /?_g=601253 HTTP/1.1" 200 74249 "-" "Mozilla/5.0 (Macintosh; Intel Mac OS X 10_15_7) AppleWebKit/537.36 (KHTML, like Gecko) Brave Chrome/87.0.4280.141 Safari/537.36"
66.249.73.15 - - [15/Jan/2026:13:53:15 -0500] "GET /index.php/zhHant/product/surugaya/19066218//?_g=55336 HTTP/1.1" 301 0 "-" "Mozilla/5.0 (Linux; Android 6.0.1; Nexus 5X Build/MMB29P) AppleWebKit/537.36 (KHTML, like Gecko) Chrome/143.0.7499.192 Mobile Safari/537.36 (compatible; Googlebot/2.1; +http://www.google.com/bot.html)"
66.249.73.15 - - [15/Jan/2026:13:53:16 -0500] "GET /zhHant/product/surugaya/19066218/?_g=55336 HTTP/1.1" 404 12149 "-" "Mozilla/5.0 (Linux; Android 6.0.1; Nexus 5X Build/MMB29P) AppleWebKit/537.36 (KHTML, like Gecko) Chrome/143.0.7499.192 Mobile Safari/537.36 (compatible; Googlebot/2.1; +http://www.google.com/bot.html)"
66.249.73.1 - - [15/Jan/2026:13:53:19 -0500] "GET /index.php/product/edit/97439751/dozin.html/shopdetail/228101078/?_g=2887463 HTTP/1.1" 301 0 "-" "Mozilla/5.0 (Linux; Android 6.0.1; Nexus 5X Build/MMB29P) AppleWebKit/537.36 (KHTML, like Gecko) Chrome/143.0.7499.192 Mobile Safari/537.36 (compatible; Googlebot/2.1; +http://www.google.com/bot.html)"
66.249.73.1 - - [15/Jan/2026:13:53:19 -0500] "GET /product/edit/97439751/dozin.html/shopdetail/228101078/?_g=2887463 HTTP/1.1" 404 12225 "-" "Mozilla/5.0 (Linux; Android 6.0.1; Nexus 5X Build/MMB29P) AppleWebKit/537.36 (KHTML, like Gecko) Chrome/143.0.7499.192 Mobile Safari/537.36 (compatible; Googlebot/2.1; +http://www.google.com/bot.html)"
66.249.73.15 - - [15/Jan/2026:13:55:01 -0500] "GET /index.php/?_g=2963667 HTTP/1.1" 301 0 "-" "Mozilla/5.0 (Linux; Android 6.0.1; Nexus 5X Build/MMB29P) AppleWebKit/537.36 (KHTML, like Gecko) Chrome/143.0.7499.192 Mobile Safari/537.36 (compatible; Googlebot/2.1; +http://www.google.com/bot.html)"
66.249.73.15 - - [15/Jan/2026:13:55:02 -0500] "GET /?_g=2963667 HTTP/1.1" 200 54654 "-" "Mozilla/5.0 (Linux; Android 6.0.1; Nexus 5X Build/MMB29P) AppleWebKit/537.36 (KHTML, like Gecko) Chrome/143.0.7499.192 Mobile Safari/537.36 (compatible; Googlebot/2.1; +http://www.google.com/bot.html)"
66.249.73.14 - - [15/Jan/2026:13:55:04 -0500] "GET /wp-content/uploads/nicepage-fonts/header-footer-custom-fonts.css?ver=8.1.4 HTTP/1.1" 200 1 "https://ardaughters.org/?_g=2963667" "Mozilla/5.0 (Linux; Android 6.0.1; Nexus 5X Build/MMB29P) AppleWebKit/537.36 (KHTML, like Gecko) Chrome/143.0.7499.192 Mobile Safari/537.36 (compatible; Googlebot/2.1; +http://www.google.com/bot.html)"
66.249.73.15 - - [15/Jan/2026:13:55:07 -0500] "GET /zhHant/product/surugaya/24900705?campaign_uid=f64d716db5e979ed2f947dbaf4296895b951ae7f HTTP/1.1" 404 12148 "-" "Mozilla/5.0 (Linux; Android 6.0.1; Nexus 5X Build/MMB29P) AppleWebKit/537.36 (KHTML, like Gecko) Chrome/143.0.7499.192 Mobile Safari/537.36 (compatible; Googlebot/2.1; +http://www.google.com/bot.html)"
66.249.73.15 - - [15/Jan/2026:13:55:08 -0500] "GET /index.php/?_g=2678421 HTTP/1.1" 301 0 "-" "Mozilla/5.0 (Linux; Android 6.0.1; Nexus 5X Build/MMB29P) AppleWebKit/537.36 (KHTML, like Gecko) Chrome/143.0.7499.192 Mobile Safari/537.36 (compatible; Googlebot/2.1; +http://www.google.com/bot.html)"
66.249.73.14 - - [15/Jan/2026:13:55:08 -0500] "GET /?_g=2678421 HTTP/1.1" 200 54655 "-" "Mozilla/5.0 (Linux; Android 6.0.1; Nexus 5X Build/MMB29P) AppleWebKit/537.36 (KHTML, like Gecko) Chrome/143.0.7499.192 Mobile Safari/537.36 (compatible; Googlebot/2.1; +http://www.google.com/bot.html)"
212.30.36.94 - - [15/Jan/2026:13:55:21 -0500] "GET /wp-json/wp/v2/posts?per_page=4&_fields=id,slug,comment_status HTTP/1.1" 200 250 "-" "-"
66.249.73.15 - - [15/Jan/2026:13:56:25 -0500] "GET /index.php/product/edit/60174306/pcmypage//?_g=767872 HTTP/1.1" 301 0 "-" "Mozilla/5.0 (Linux; Android 6.0.1; Nexus 5X Build/MMB29P) AppleWebKit/537.36 (KHTML, like Gecko) Chrome/143.0.7499.192 Mobile Safari/537.36 (compatible; Googlebot/2.1; +http://www.google.com/bot.html)"
66.249.73.15 - - [15/Jan/2026:13:56:25 -0500] "GET /product/edit/60174306/pcmypage/?_g=767872 HTTP/1.1" 404 12206 "-" "Mozilla/5.0 (Linux; Android 6.0.1; Nexus 5X Build/MMB29P) AppleWebKit/537.36 (KHTML, like Gecko) Chrome/143.0.7499.192 Mobile Safari/537.36 (compatible; Googlebot/2.1; +http://www.google.com/bot.html)"
66.249.73.15 - - [15/Jan/2026:13:56:33 -0500] "GET /index.php/zhHant/product/surugaya/19066218//?_g=2760722 HTTP/1.1" 301 0 "-" "Mozilla/5.0 (Linux; Android 6.0.1; Nexus 5X Build/MMB29P) AppleWebKit/537.36 (KHTML, like Gecko) Chrome/143.0.7499.192 Mobile Safari/537.36 (compatible; Googlebot/2.1; +http://www.google.com/bot.html)"
66.249.73.14 - - [15/Jan/2026:13:56:33 -0500] "GET /zhHant/product/surugaya/19066218/?_g=2760722 HTTP/1.1" 404 12150 "-" "Mozilla/5.0 (Linux; Android 6.0.1; Nexus 5X Build/MMB29P) AppleWebKit/537.36 (KHTML, like Gecko) Chrome/143.0.7499.192 Mobile Safari/537.36 (compatible; Googlebot/2.1; +http://www.google.com/bot.html)"
66.249.73.14 - - [15/Jan/2026:13:56:56 -0500] "GET /zhHant/product/surugaya/51431931?campaign_uid=f64d716db5e979ed2f947dbaf4296895b951ae7f HTTP/1.1" 404 12150 "-" "Mozilla/5.0 (Linux; Android 6.0.1; Nexus 5X Build/MMB29P) AppleWebKit/537.36 (KHTML, like Gecko) Chrome/143.0.7499.192 Mobile Safari/537.36 (compatible; Googlebot/2.1; +http://www.google.com/bot.html)"
66.249.73.15 - - [15/Jan/2026:13:57:13 -0500] "GET /index.php/pcmypage//?_g=1302148 HTTP/1.1" 301 0 "-" "Mozilla/5.0 (Linux; Android 6.0.1; Nexus 5X Build/MMB29P) AppleWebKit/537.36 (KHTML, like Gecko) Chrome/143.0.7499.192 Mobile Safari/537.36 (compatible; Googlebot/2.1; +http://www.google.com/bot.html)"
66.249.73.1 - - [15/Jan/2026:13:57:13 -0500] "GET /pcmypage/?_g=1302148 HTTP/1.1" 404 12158 "-" "Mozilla/5.0 (Linux; Android 6.0.1; Nexus 5X Build/MMB29P) AppleWebKit/537.36 (KHTML, like Gecko) Chrome/143.0.7499.192 Mobile Safari/537.36 (compatible; Googlebot/2.1; +http://www.google.com/bot.html)"
170.84.179.11 - - [15/Jan/2026:14:01:29 -0500] "GET /?_g=1718701 HTTP/1.1" 200 74256 "-" "Mozilla/5.0 (Windows NT 10.0; Win64; x64) AppleWebKit/537.36 (KHTML, like Gecko) Chrome/75.0.3770.90 Safari/537.36"
187.169.110.44 - - [15/Jan/2026:14:02:26 -0500] "GET /?_g=3004534 HTTP/1.1" 200 74788 "-" "Mozilla/5.0 (Windows NT 10.0; Win64; x64) AppleWebKit/537.36 (KHTML, like Gecko) Chrome/95.0.4638.69 Safari/537.36"
41.158.162.121 - - [15/Jan/2026:14:03:41 -0500] "GET /?_g=347250 HTTP/1.1" 200 74249 "-" "Mozilla/5.0 (Windows NT 6.3; WOW64) AppleWebKit/537.36 (KHTML, like Gecko) Chrome/75.0.3770.100 ADG/11.0.2566 AOLBUILD/11.0.2566 Safari/537.36"
46.20.103.158 - - [15/Jan/2026:14:05:54 -0500] "GET /?_g=3117666 HTTP/1.1" 200 74256 "-" "Mozilla/5.0 (Windows NT 6.1; Win64; x64) AppleWebKit/537.36 (KHTML, like Gecko) Chrome/101.0.0.0 Safari/537.36"
66.29.137.46 - - [15/Jan/2026:14:08:14 -0500] "POST /wp-cron.php?doing_wp_cron=1768504094.5590009689331054687500 HTTP/1.1" 200 0 "-" "WordPress/6.9; https://ardaughters.org"
151.242.63.73 - - [15/Jan/2026:14:08:13 -0500] "GET / HTTP/1.1" 200 74256 "-" "Mozilla/5.0 (Windows NT 10.0; Win64; x64) AppleWebKit/537.36 (KHTML, like Gecko) Chrome/58.0.3029.110 Safari/537.3"
190.56.143.11 - - [15/Jan/2026:14:10:24 -0500] "GET /?_g=2119338 HTTP/1.1" 200 74256 "-" "Mozilla/5.0 (Macintosh; Intel Mac OS X 10_14_6) AppleWebKit/537.36 (KHTML, like Gecko) Brave Chrome/86.0.4240.183 Safari/537.36"
66.249.73.1 - - [15/Jan/2026:14:11:15 -0500] "GET /index.php/pcmypage/shopdetail/197144378//?_g=66511 HTTP/1.1" 301 0 "-" "Mozilla/5.0 (Linux; Android 6.0.1; Nexus 5X Build/MMB29P) AppleWebKit/537.36 (KHTML, like Gecko) Chrome/143.0.7499.192 Mobile Safari/537.36 (compatible; Googlebot/2.1; +http://www.google.com/bot.html)"
66.249.73.1 - - [15/Jan/2026:14:11:15 -0500] "GET /pcmypage/shopdetail/197144378/?_g=66511 HTTP/1.1" 404 12152 "-" "Mozilla/5.0 (Linux; Android 6.0.1; Nexus 5X Build/MMB29P) AppleWebKit/537.36 (KHTML, like Gecko) Chrome/143.0.7499.192 Mobile Safari/537.36 (compatible; Googlebot/2.1; +http://www.google.com/bot.html)"
66.249.73.15 - - [15/Jan/2026:14:11:37 -0500] "GET /index.php/product/edit/11381218/kaden.html/shopdetail/287165278//?_g=665000 HTTP/1.1" 301 0 "-" "Mozilla/5.0 (Linux; Android 6.0.1; Nexus 5X Build/MMB29P) AppleWebKit/537.36 (KHTML, like Gecko) Chrome/143.0.7499.192 Mobile Safari/537.36 (compatible; Googlebot/2.1; +http://www.google.com/bot.html)"
66.249.73.15 - - [15/Jan/2026:14:11:38 -0500] "GET /product/edit/11381218/kaden.html/shopdetail/287165278/?_g=665000 HTTP/1.1" 404 12224 "-" "Mozilla/5.0 (Linux; Android 6.0.1; Nexus 5X Build/MMB29P) AppleWebKit/537.36 (KHTML, like Gecko) Chrome/143.0.7499.192 Mobile Safari/537.36 (compatible; Googlebot/2.1; +http://www.google.com/bot.html)"
177.37.237.207 - - [15/Jan/2026:14:13:03 -0500] "POST /xmlrpc.php HTTP/1.1" 200 403 "-" "Mozilla/5.0 (Linux; Android 10; arm64) AppleWebKit/537.36 (KHTML, like Gecko) Firefox/74.0.0.0 Safari/537.36"
69.63.184.48 - - [15/Jan/2026:14:14:04 -0500] "GET /robots.txt HTTP/1.1" 206 67 "-" "facebookexternalhit/1.1 (+http://www.facebook.com/externalhit_uatext.php)"
66.249.73.14 - - [15/Jan/2026:14:15:19 -0500] "GET /index.php/pcmypage/shopdetail/183258478/game.html//?_g=1110599 HTTP/1.1" 301 0 "-" "Mozilla/5.0 (Linux; Android 6.0.1; Nexus 5X Build/MMB29P) AppleWebKit/537.36 (KHTML, like Gecko) Chrome/143.0.7499.192 Mobile Safari/537.36 (compatible; Googlebot/2.1; +http://www.google.com/bot.html)"
66.249.73.15 - - [15/Jan/2026:14:15:20 -0500] "GET /pcmypage/shopdetail/183258478/game.html/?_g=1110599 HTTP/1.1" 404 12184 "-" "Mozilla/5.0 (Linux; Android 6.0.1; Nexus 5X Build/MMB29P) AppleWebKit/537.36 (KHTML, like Gecko) Chrome/143.0.7499.192 Mobile Safari/537.36 (compatible; Googlebot/2.1; +http://www.google.com/bot.html)"
66.249.73.1 - - [15/Jan/2026:14:16:09 -0500] "GET /index.php/safe_search/config/shopdetail/250122078/pcmypage/feature/index.html//?_g=881759 HTTP/1.1" 301 0 "-" "Mozilla/5.0 (Linux; Android 6.0.1; Nexus 5X Build/MMB29P) AppleWebKit/537.36 (KHTML, like Gecko) Chrome/143.0.7499.192 Mobile Safari/537.36 (compatible; Googlebot/2.1; +http://www.google.com/bot.html)"
66.249.73.1 - - [15/Jan/2026:14:16:09 -0500] "GET /safe_search/config/shopdetail/250122078/pcmypage/feature/index.html/?_g=881759 HTTP/1.1" 404 12238 "-" "Mozilla/5.0 (Linux; Android 6.0.1; Nexus 5X Build/MMB29P) AppleWebKit/537.36 (KHTML, like Gecko) Chrome/143.0.7499.192 Mobile Safari/537.36 (compatible; Googlebot/2.1; +http://www.google.com/bot.html)"
66.249.73.14 - - [15/Jan/2026:14:21:05 -0500] "GET /index.php/safe_search/config/shopdetail/250122078/pcmypage/feature/index.html//?_g=1821538 HTTP/1.1" 301 0 "-" "Mozilla/5.0 (Linux; Android 6.0.1; Nexus 5X Build/MMB29P) AppleWebKit/537.36 (KHTML, like Gecko) Chrome/143.0.7499.192 Mobile Safari/537.36 (compatible; Googlebot/2.1; +http://www.google.com/bot.html)"
66.249.73.1 - - [15/Jan/2026:14:21:06 -0500] "GET /safe_search/config/shopdetail/250122078/pcmypage/feature/index.html/?_g=1821538 HTTP/1.1" 404 12240 "-" "Mozilla/5.0 (Linux; Android 6.0.1; Nexus 5X Build/MMB29P) AppleWebKit/537.36 (KHTML, like Gecko) Chrome/143.0.7499.192 Mobile Safari/537.36 (compatible; Googlebot/2.1; +http://www.google.com/bot.html)"
37.114.179.121 - - [15/Jan/2026:14:21:14 -0500] "GET /?_g=3014902 HTTP/1.1" 200 74250 "-" "Mozilla/5.0 (Windows NT 10.0; Win64; x64) AppleWebKit/537.36 (KHTML, like Gecko) Chrome/78.0.3904.97 Safari/537.36"
103.173.173.5 - - [15/Jan/2026:14:21:29 -0500] "GET /?_g=1002466 HTTP/1.1" 200 74250 "-" "Mozilla/5.0 (Windows NT 6.3; Win64; x64) AppleWebKit/537.36 (KHTML, like Gecko) Chrome/77.0.3865.90 Safari/537.36"
38.94.76.185 - - [15/Jan/2026:14:22:02 -0500] "GET /?_g=676687 HTTP/1.1" 200 74250 "-" "Mozilla/5.0 (Macintosh; Intel Mac OS X 10_15_7) AppleWebKit/537.36 (KHTML, like Gecko) Chrome/95.0.4638.54 Safari/537.36"
147.235.217.246 - - [15/Jan/2026:14:24:16 -0500] "GET /?_g=36680 HTTP/1.1" 200 74256 "-" "Mozilla/5.0 (Windows NT 10.0; Win64; x64) AppleWebKit/537.36 (KHTML, like Gecko) Chrome/72.0.3626.121 Safari/537.36"
66.249.73.1 - - [15/Jan/2026:14:26:10 -0500] "GET /index.php/safe_search/config/shopdetail/250122078/pcmypage/feature/index.html//?_g=603465 HTTP/1.1" 301 0 "-" "Mozilla/5.0 (Linux; Android 6.0.1; Nexus 5X Build/MMB29P) AppleWebKit/537.36 (KHTML, like Gecko) Chrome/143.0.7499.192 Mobile Safari/537.36 (compatible; Googlebot/2.1; +http://www.google.com/bot.html)"
66.249.73.1 - - [15/Jan/2026:14:26:11 -0500] "GET /safe_search/config/shopdetail/250122078/pcmypage/feature/index.html/?_g=603465 HTTP/1.1" 404 12240 "-" "Mozilla/5.0 (Linux; Android 6.0.1; Nexus 5X Build/MMB29P) AppleWebKit/537.36 (KHTML, like Gecko) Chrome/143.0.7499.192 Mobile Safari/537.36 (compatible; Googlebot/2.1; +http://www.google.com/bot.html)"
66.249.73.15 - - [15/Jan/2026:14:29:45 -0500] "GET /index.php/safe_search/config/shopdetail/250122078/pcmypage/feature/index.html//?_g=2130120 HTTP/1.1" 301 0 "-" "Mozilla/5.0 (Linux; Android 6.0.1; Nexus 5X Build/MMB29P) AppleWebKit/537.36 (KHTML, like Gecko) Chrome/143.0.7499.192 Mobile Safari/537.36 (compatible; Googlebot/2.1; +http://www.google.com/bot.html)"
66.249.73.15 - - [15/Jan/2026:14:29:47 -0500] "GET /safe_search/config/shopdetail/250122078/pcmypage/feature/index.html/?_g=2130120 HTTP/1.1" 404 12240 "-" "Mozilla/5.0 (Linux; Android 6.0.1; Nexus 5X Build/MMB29P) AppleWebKit/537.36 (KHTML, like Gecko) Chrome/143.0.7499.192 Mobile Safari/537.36 (compatible; Googlebot/2.1; +http://www.google.com/bot.html)"
103.167.126.197 - - [15/Jan/2026:14:30:08 -0500] "GET /?_g=2316257 HTTP/1.1" 200 74256 "-" "Mozilla/5.0 (Macintosh; Intel Mac OS X 10_15_7) AppleWebKit/537.36 (KHTML, like Gecko) Brave Chrome/87.0.4280.141 Safari/537.36"
66.249.73.15 - - [15/Jan/2026:14:30:53 -0500] "GET /index.php/pcmypage/shopdetail/183258478/game.html//?_g=1543407 HTTP/1.1" 301 0 "-" "Mozilla/5.0 (Linux; Android 6.0.1; Nexus 5X Build/MMB29P) AppleWebKit/537.36 (KHTML, like Gecko) Chrome/143.0.7499.192 Mobile Safari/537.36 (compatible; Googlebot/2.1; +http://www.google.com/bot.html)"
66.249.73.15 - - [15/Jan/2026:14:30:54 -0500] "GET /pcmypage/shopdetail/183258478/game.html/?_g=1543407 HTTP/1.1" 404 12182 "-" "Mozilla/5.0 (Linux; Android 6.0.1; Nexus 5X Build/MMB29P) AppleWebKit/537.36 (KHTML, like Gecko) Chrome/143.0.7499.192 Mobile Safari/537.36 (compatible; Googlebot/2.1; +http://www.google.com/bot.html)"
66.249.65.34 - - [15/Jan/2026:14:31:34 -0500] "GET /?_g=1563868 HTTP/1.1" 301 0 "-" "Mozilla/5.0 (Linux; Android 6.0.1; Nexus 5X Build/MMB29P) AppleWebKit/537.36 (KHTML, like Gecko) Chrome/143.0.7499.192 Mobile Safari/537.36 (compatible; Googlebot/2.1; +http://www.google.com/bot.html)"
66.249.73.15 - - [15/Jan/2026:14:31:34 -0500] "GET /?_g=1563868 HTTP/1.1" 200 54645 "-" "Mozilla/5.0 (Linux; Android 6.0.1; Nexus 5X Build/MMB29P) AppleWebKit/537.36 (KHTML, like Gecko) Chrome/143.0.7499.192 Mobile Safari/537.36 (compatible; Googlebot/2.1; +http://www.google.com/bot.html)"
186.208.155.2 - - [15/Jan/2026:14:33:01 -0500] "GET /?_g=2667370 HTTP/1.1" 200 74256 "-" "Mozilla/5.0 (Macintosh; Intel Mac OS X 10_14_6) AppleWebKit/537.36 (KHTML, like Gecko) Chrome/88.0.4324.182 Safari/537.36"
66.249.65.34 - - [15/Jan/2026:14:33:23 -0500] "GET /?_g=1071166 HTTP/1.1" 301 0 "-" "Mozilla/5.0 (Linux; Android 6.0.1; Nexus 5X Build/MMB29P) AppleWebKit/537.36 (KHTML, like Gecko) Chrome/143.0.7499.192 Mobile Safari/537.36 (compatible; Googlebot/2.1; +http://www.google.com/bot.html)"
66.249.73.1 - - [15/Jan/2026:14:33:23 -0500] "GET /?_g=1071166 HTTP/1.1" 200 54655 "-" "Mozilla/5.0 (Linux; Android 6.0.1; Nexus 5X Build/MMB29P) AppleWebKit/537.36 (KHTML, like Gecko) Chrome/143.0.7499.192 Mobile Safari/537.36 (compatible; Googlebot/2.1; +http://www.google.com/bot.html)"
186.15.124.121 - - [15/Jan/2026:14:33:49 -0500] "GET /?_g=2683489 HTTP/1.1" 200 74256 "-" "Mozilla/5.0 (Macintosh; Intel Mac OS X 10_13_6) AppleWebKit/537.36 (KHTML, like Gecko) Chrome/95.0.4638.54 Safari/537.36"
190.160.197.136 - - [15/Jan/2026:14:34:06 -0500] "GET /?_g=2950848 HTTP/1.1" 200 74250 "-" "Mozilla/5.0 (Windows NT 6.3; WOW64) AppleWebKit/537.36 (KHTML, like Gecko) Chrome/88.0.4324.190 Safari/537.36"
66.249.65.35 - - [15/Jan/2026:14:35:12 -0500] "GET /?_g=626714 HTTP/1.1" 301 0 "-" "Mozilla/5.0 (Linux; Android 6.0.1; Nexus 5X Build/MMB29P) AppleWebKit/537.36 (KHTML, like Gecko) Chrome/143.0.7499.192 Mobile Safari/537.36 (compatible; Googlebot/2.1; +http://www.google.com/bot.html)"
66.249.73.1 - - [15/Jan/2026:14:35:12 -0500] "GET /?_g=626714 HTTP/1.1" 200 54655 "-" "Mozilla/5.0 (Linux; Android 6.0.1; Nexus 5X Build/MMB29P) AppleWebKit/537.36 (KHTML, like Gecko) Chrome/143.0.7499.192 Mobile Safari/537.36 (compatible; Googlebot/2.1; +http://www.google.com/bot.html)"
66.249.73.1 - - [15/Jan/2026:14:36:33 -0500] "GET /index.php/safe_search/config/shopdetail/250122078/pcmypage/feature/index.html//?_g=847851 HTTP/1.1" 301 0 "-" "Mozilla/5.0 (Linux; Android 6.0.1; Nexus 5X Build/MMB29P) AppleWebKit/537.36 (KHTML, like Gecko) Chrome/143.0.7499.192 Mobile Safari/537.36 (compatible; Googlebot/2.1; +http://www.google.com/bot.html)"
66.249.73.14 - - [15/Jan/2026:14:36:33 -0500] "GET /safe_search/config/shopdetail/250122078/pcmypage/feature/index.html/?_g=847851 HTTP/1.1" 404 12238 "-" "Mozilla/5.0 (Linux; Android 6.0.1; Nexus 5X Build/MMB29P) AppleWebKit/537.36 (KHTML, like Gecko) Chrome/143.0.7499.192 Mobile Safari/537.36 (compatible; Googlebot/2.1; +http://www.google.com/bot.html)"
66.249.65.33 - - [15/Jan/2026:14:36:59 -0500] "GET /?_g=68451 HTTP/1.1" 301 0 "-" "Mozilla/5.0 (Linux; Android 6.0.1; Nexus 5X Build/MMB29P) AppleWebKit/537.36 (KHTML, like Gecko) Chrome/143.0.7499.192 Mobile Safari/537.36 (compatible; Googlebot/2.1; +http://www.google.com/bot.html)"
66.249.73.14 - - [15/Jan/2026:14:36:59 -0500] "GET /?_g=68451 HTTP/1.1" 200 54655 "-" "Mozilla/5.0 (Linux; Android 6.0.1; Nexus 5X Build/MMB29P) AppleWebKit/537.36 (KHTML, like Gecko) Chrome/143.0.7499.192 Mobile Safari/537.36 (compatible; Googlebot/2.1; +http://www.google.com/bot.html)"
195.24.237.182 - - [15/Jan/2026:14:37:21 -0500] "GET /style.php HTTP/1.1" 404 14078 "http://ardaughters.org/style.php" "Go-http-client/2.0"
195.24.237.182 - - [15/Jan/2026:14:37:21 -0500] "GET /wp-content/style.php HTTP/1.1" 404 14080 "http://ardaughters.org/wp-content/style.php" "Go-http-client/2.0"
195.24.237.182 - - [15/Jan/2026:14:37:22 -0500] "GET /wp-content/themes/style.php HTTP/1.1" 404 14089 "http://ardaughters.org/wp-content/themes/style.php" "Go-http-client/2.0"
195.24.237.182 - - [15/Jan/2026:14:37:22 -0500] "GET /wp-admin/style.php HTTP/1.1" 404 14088 "http://ardaughters.org/wp-admin/style.php" "Go-http-client/2.0"
195.24.237.182 - - [15/Jan/2026:14:37:23 -0500] "GET /wp-includes/style.php HTTP/1.1" 404 14086 "http://ardaughters.org/wp-includes/style.php" "Go-http-client/2.0"
195.24.237.182 - - [15/Jan/2026:14:37:24 -0500] "GET /chosen.php?p= HTTP/1.1" 301 0 "http://ardaughters.org/chosen.php?p=" "Go-http-client/2.0"
195.24.237.182 - - [15/Jan/2026:14:37:24 -0500] "GET /chosen.php HTTP/1.1" 404 14080 "https://ardaughters.org/chosen.php?p=" "Go-http-client/2.0"
195.24.237.182 - - [15/Jan/2026:14:37:24 -0500] "GET /file.php HTTP/1.1" 404 14080 "http://ardaughters.org/file.php" "Go-http-client/2.0"
195.24.237.182 - - [15/Jan/2026:14:37:25 -0500] "GET /flower.php HTTP/1.1" 404 14078 "http://ardaughters.org/flower.php" "Go-http-client/2.0"
