66.249.73.14 - - [15/Jan/2026:21:45:10 -0500] "GET /index.php/product/edit/56059679/shopdetail/255565378//?_g=1899150 HTTP/1.1" 301 0 "-" "Mozilla/5.0 (Linux; Android 6.0.1; Nexus 5X Build/MMB29P) AppleWebKit/537.36 (KHTML, like Gecko) Chrome/143.0.7499.192 Mobile Safari/537.36 (compatible; Googlebot/2.1; +http://www.google.com/bot.html)"
66.249.73.14 - - [15/Jan/2026:21:45:11 -0500] "GET /product/edit/56059679/shopdetail/255565378/?_g=1899150 HTTP/1.1" 404 12203 "-" "Mozilla/5.0 (Linux; Android 6.0.1; Nexus 5X Build/MMB29P) AppleWebKit/537.36 (KHTML, like Gecko) Chrome/143.0.7499.192 Mobile Safari/537.36 (compatible; Googlebot/2.1; +http://www.google.com/bot.html)"
66.249.73.14 - - [15/Jan/2026:21:45:41 -0500] "GET /index.php/safe_search/config/shopdetail/250122078/pcmypage/feature/index.html//?_g=603882 HTTP/1.1" 301 0 "-" "Mozilla/5.0 (Linux; Android 6.0.1; Nexus 5X Build/MMB29P) AppleWebKit/537.36 (KHTML, like Gecko) Chrome/143.0.7499.192 Mobile Safari/537.36 (compatible; Googlebot/2.1; +http://www.google.com/bot.html)"
66.249.73.14 - - [15/Jan/2026:21:45:41 -0500] "GET /safe_search/config/shopdetail/250122078/pcmypage/feature/index.html/?_g=603882 HTTP/1.1" 404 12240 "-" "Mozilla/5.0 (Linux; Android 6.0.1; Nexus 5X Build/MMB29P) AppleWebKit/537.36 (KHTML, like Gecko) Chrome/143.0.7499.192 Mobile Safari/537.36 (compatible; Googlebot/2.1; +http://www.google.com/bot.html)"
66.249.73.1 - - [15/Jan/2026:21:46:51 -0500] "GET /index.php/product/edit/37455253/?_g=2821460 HTTP/1.1" 301 0 "-" "Mozilla/5.0 (Linux; Android 6.0.1; Nexus 5X Build/MMB29P) AppleWebKit/537.36 (KHTML, like Gecko) Chrome/143.0.7499.192 Mobile Safari/537.36 (compatible; Googlebot/2.1; +http://www.google.com/bot.html)"
66.249.73.15 - - [15/Jan/2026:21:46:52 -0500] "GET /product/edit/37455253/?_g=2821460 HTTP/1.1" 404 12149 "-" "Mozilla/5.0 (Linux; Android 6.0.1; Nexus 5X Build/MMB29P) AppleWebKit/537.36 (KHTML, like Gecko) Chrome/143.0.7499.192 Mobile Safari/537.36 (compatible; Googlebot/2.1; +http://www.google.com/bot.html)"
66.249.73.14 - - [15/Jan/2026:21:47:03 -0500] "GET /index.php/safe_search/config/shopdetail/250122078/pcmypage/feature/index.html//?_g=8107 HTTP/1.1" 301 0 "-" "Mozilla/5.0 (Linux; Android 6.0.1; Nexus 5X Build/MMB29P) AppleWebKit/537.36 (KHTML, like Gecko) Chrome/143.0.7499.192 Mobile Safari/537.36 (compatible; Googlebot/2.1; +http://www.google.com/bot.html)"
66.249.73.1 - - [15/Jan/2026:21:47:04 -0500] "GET /safe_search/config/shopdetail/250122078/pcmypage/feature/index.html/?_g=8107 HTTP/1.1" 404 12240 "-" "Mozilla/5.0 (Linux; Android 6.0.1; Nexus 5X Build/MMB29P) AppleWebKit/537.36 (KHTML, like Gecko) Chrome/143.0.7499.192 Mobile Safari/537.36 (compatible; Googlebot/2.1; +http://www.google.com/bot.html)"
94.143.197.50 - - [15/Jan/2026:21:47:37 -0500] "GET /?_g=812948 HTTP/1.1" 200 74250 "-" "Mozilla/5.0 (Windows NT 10.0; Win64; x64) AppleWebKit/537.36 (KHTML, like Gecko) Brave Chrome/77.0.3865.90 Safari/537.36"
66.249.73.14 - - [15/Jan/2026:21:48:33 -0500] "GET /index.php/pcmypage/safe_search/config/shopdetail/46321878//?_g=1917048 HTTP/1.1" 301 0 "-" "Mozilla/5.0 (Linux; Android 6.0.1; Nexus 5X Build/MMB29P) AppleWebKit/537.36 (KHTML, like Gecko) Chrome/143.0.7499.192 Mobile Safari/537.36 (compatible; Googlebot/2.1; +http://www.google.com/bot.html)"
66.249.73.1 - - [15/Jan/2026:21:48:33 -0500] "GET /pcmypage/safe_search/config/shopdetail/46321878/?_g=1917048 HTTP/1.1" 404 12160 "-" "Mozilla/5.0 (Linux; Android 6.0.1; Nexus 5X Build/MMB29P) AppleWebKit/537.36 (KHTML, like Gecko) Chrome/143.0.7499.192 Mobile Safari/537.36 (compatible; Googlebot/2.1; +http://www.google.com/bot.html)"
66.249.73.15 - - [15/Jan/2026:21:50:31 -0500] "GET /index.php/pcmypage/shopdetail/156727778//?_g=156846 HTTP/1.1" 301 0 "-" "Mozilla/5.0 (Linux; Android 6.0.1; Nexus 5X Build/MMB29P) AppleWebKit/537.36 (KHTML, like Gecko) Chrome/143.0.7499.192 Mobile Safari/537.36 (compatible; Googlebot/2.1; +http://www.google.com/bot.html)"
66.249.73.14 - - [15/Jan/2026:21:50:33 -0500] "GET /pcmypage/shopdetail/156727778/?_g=156846 HTTP/1.1" 404 12153 "-" "Mozilla/5.0 (Linux; Android 6.0.1; Nexus 5X Build/MMB29P) AppleWebKit/537.36 (KHTML, like Gecko) Chrome/143.0.7499.192 Mobile Safari/537.36 (compatible; Googlebot/2.1; +http://www.google.com/bot.html)"
66.249.73.14 - - [15/Jan/2026:21:50:33 -0500] "GET /index.php/pcmypage/shopdetail/6695478//?_g=827643 HTTP/1.1" 301 0 "-" "Mozilla/5.0 (Linux; Android 6.0.1; Nexus 5X Build/MMB29P) AppleWebKit/537.36 (KHTML, like Gecko) Chrome/143.0.7499.192 Mobile Safari/537.36 (compatible; Googlebot/2.1; +http://www.google.com/bot.html)"
66.249.73.15 - - [15/Jan/2026:21:50:33 -0500] "GET /pcmypage/shopdetail/6695478/?_g=827643 HTTP/1.1" 404 12190 "-" "Mozilla/5.0 (Linux; Android 6.0.1; Nexus 5X Build/MMB29P) AppleWebKit/537.36 (KHTML, like Gecko) Chrome/143.0.7499.192 Mobile Safari/537.36 (compatible; Googlebot/2.1; +http://www.google.com/bot.html)"
66.249.73.15 - - [15/Jan/2026:21:50:45 -0500] "GET /index.php/safe_search/config/shopdetail/250122078/pcmypage/feature/index.html//?_g=376266 HTTP/1.1" 301 0 "-" "Mozilla/5.0 (Linux; Android 6.0.1; Nexus 5X Build/MMB29P) AppleWebKit/537.36 (KHTML, like Gecko) Chrome/143.0.7499.192 Mobile Safari/537.36 (compatible; Googlebot/2.1; +http://www.google.com/bot.html)"
66.249.73.14 - - [15/Jan/2026:21:50:45 -0500] "GET /safe_search/config/shopdetail/250122078/pcmypage/feature/index.html/?_g=376266 HTTP/1.1" 404 12240 "-" "Mozilla/5.0 (Linux; Android 6.0.1; Nexus 5X Build/MMB29P) AppleWebKit/537.36 (KHTML, like Gecko) Chrome/143.0.7499.192 Mobile Safari/537.36 (compatible; Googlebot/2.1; +http://www.google.com/bot.html)"
66.249.73.15 - - [15/Jan/2026:21:51:08 -0500] "GET /index.php/safe_search/config/shopdetail/271108678//?_g=2136841 HTTP/1.1" 301 0 "-" "Mozilla/5.0 (Linux; Android 6.0.1; Nexus 5X Build/MMB29P) AppleWebKit/537.36 (KHTML, like Gecko) Chrome/143.0.7499.192 Mobile Safari/537.36 (compatible; Googlebot/2.1; +http://www.google.com/bot.html)"
66.249.73.1 - - [15/Jan/2026:21:51:09 -0500] "GET /safe_search/config/shopdetail/271108678/?_g=2136841 HTTP/1.1" 404 12206 "-" "Mozilla/5.0 (Linux; Android 6.0.1; Nexus 5X Build/MMB29P) AppleWebKit/537.36 (KHTML, like Gecko) Chrome/143.0.7499.192 Mobile Safari/537.36 (compatible; Googlebot/2.1; +http://www.google.com/bot.html)"
45.65.224.182 - - [15/Jan/2026:21:51:51 -0500] "GET /?_g=845049 HTTP/1.1" 200 74249 "-" "Mozilla/5.0 (Windows NT 6.1; WOW64) AppleWebKit/537.36 (KHTML, like Gecko) Chrome/100.0.4896.75 Safari/537.36"
5.252.155.238 - - [15/Jan/2026:21:52:06 -0500] "GET /wp-login.php HTTP/1.1" 200 2188 "-" "Mozilla/5.0 (Windows NT 10.0; Win64; x64) AppleWebKit/537.36"
5.252.155.238 - - [15/Jan/2026:21:52:06 -0500] "GET /?author=1 HTTP/1.1" 301 0 "-" "Mozilla/5.0 (Windows NT 10.0; Win64; x64) AppleWebKit/537.36"
5.252.155.238 - - [15/Jan/2026:21:52:06 -0500] "GET /?author=2 HTTP/1.1" 301 0 "-" "Mozilla/5.0 (Windows NT 10.0; Win64; x64) AppleWebKit/537.36"
5.252.155.238 - - [15/Jan/2026:21:52:06 -0500] "GET /?author=3 HTTP/1.1" 404 14070 "-" "Mozilla/5.0 (Windows NT 10.0; Win64; x64) AppleWebKit/537.36"
5.252.155.238 - - [15/Jan/2026:21:52:07 -0500] "GET /?author=4 HTTP/1.1" 404 14070 "-" "Mozilla/5.0 (Windows NT 10.0; Win64; x64) AppleWebKit/537.36"
5.252.155.238 - - [15/Jan/2026:21:52:07 -0500] "GET /?rest_route=/wp/v2/users HTTP/1.1" 200 1474 "-" "Mozilla/5.0 (Windows NT 10.0; Win64; x64) AppleWebKit/537.36"
66.249.73.15 - - [15/Jan/2026:21:52:27 -0500] "GET /index.php/zhHant/product/surugaya/19066218//?_g=2859177 HTTP/1.1" 301 0 "-" "Mozilla/5.0 (Linux; Android 6.0.1; Nexus 5X Build/MMB29P) AppleWebKit/537.36 (KHTML, like Gecko) Chrome/143.0.7499.192 Mobile Safari/537.36 (compatible; Googlebot/2.1; +http://www.google.com/bot.html)"
66.249.73.1 - - [15/Jan/2026:21:52:27 -0500] "GET /zhHant/product/surugaya/19066218/?_g=2859177 HTTP/1.1" 404 12149 "-" "Mozilla/5.0 (Linux; Android 6.0.1; Nexus 5X Build/MMB29P) AppleWebKit/537.36 (KHTML, like Gecko) Chrome/143.0.7499.192 Mobile Safari/537.36 (compatible; Googlebot/2.1; +http://www.google.com/bot.html)"
66.249.73.15 - - [15/Jan/2026:21:52:51 -0500] "GET /?_g=332068 HTTP/1.1" 200 54655 "-" "Mozilla/5.0 (Linux; Android 6.0.1; Nexus 5X Build/MMB29P) AppleWebKit/537.36 (KHTML, like Gecko) Chrome/143.0.7499.192 Mobile Safari/537.36 (compatible; Googlebot/2.1; +http://www.google.com/bot.html)"
111.172.249.49 - - [15/Jan/2026:21:54:33 -0500] "GET / HTTP/1.1" 200 74256 "https://ardfoundation.org/" "Mozilla/5.0 (iPhone; CPU iPhone OS 13_2_3 like Mac OS X) AppleWebKit/605.1.15 (KHTML, like Gecko) Version/13.0.3 Mobile/15E148 Safari/604.1"
66.249.73.15 - - [15/Jan/2026:21:54:36 -0500] "GET /index.php/zhHant/product/surugaya/19066218//?_g=2058963 HTTP/1.1" 301 0 "-" "Mozilla/5.0 (Linux; Android 6.0.1; Nexus 5X Build/MMB29P) AppleWebKit/537.36 (KHTML, like Gecko) Chrome/143.0.7499.192 Mobile Safari/537.36 (compatible; Googlebot/2.1; +http://www.google.com/bot.html)"
66.249.73.15 - - [15/Jan/2026:21:54:36 -0500] "GET /zhHant/product/surugaya/19066218/?_g=2058963 HTTP/1.1" 404 12150 "-" "Mozilla/5.0 (Linux; Android 6.0.1; Nexus 5X Build/MMB29P) AppleWebKit/537.36 (KHTML, like Gecko) Chrome/143.0.7499.192 Mobile Safari/537.36 (compatible; Googlebot/2.1; +http://www.google.com/bot.html)"
66.249.73.1 - - [15/Jan/2026:21:55:32 -0500] "GET /index.php/pcmypage//?_g=2170674 HTTP/1.1" 301 0 "-" "Mozilla/5.0 (Linux; Android 6.0.1; Nexus 5X Build/MMB29P) AppleWebKit/537.36 (KHTML, like Gecko) Chrome/143.0.7499.192 Mobile Safari/537.36 (compatible; Googlebot/2.1; +http://www.google.com/bot.html)"
66.249.73.1 - - [15/Jan/2026:21:55:32 -0500] "GET /pcmypage/?_g=2170674 HTTP/1.1" 404 12158 "-" "Mozilla/5.0 (Linux; Android 6.0.1; Nexus 5X Build/MMB29P) AppleWebKit/537.36 (KHTML, like Gecko) Chrome/143.0.7499.192 Mobile Safari/537.36 (compatible; Googlebot/2.1; +http://www.google.com/bot.html)"
66.249.73.1 - - [15/Jan/2026:21:56:31 -0500] "GET /index.php/?_g=1865125 HTTP/1.1" 301 0 "-" "Mozilla/5.0 (Linux; Android 6.0.1; Nexus 5X Build/MMB29P) AppleWebKit/537.36 (KHTML, like Gecko) Chrome/143.0.7499.192 Mobile Safari/537.36 (compatible; Googlebot/2.1; +http://www.google.com/bot.html)"
66.249.73.1 - - [15/Jan/2026:21:56:31 -0500] "GET /?_g=1865125 HTTP/1.1" 200 54655 "-" "Mozilla/5.0 (Linux; Android 6.0.1; Nexus 5X Build/MMB29P) AppleWebKit/537.36 (KHTML, like Gecko) Chrome/143.0.7499.192 Mobile Safari/537.36 (compatible; Googlebot/2.1; +http://www.google.com/bot.html)"
223.27.115.160 - - [15/Jan/2026:21:56:55 -0500] "GET /?_g=1237519 HTTP/1.1" 200 74795 "-" "Mozilla/5.0 (Macintosh; Intel Mac OS X 10_14_6) AppleWebKit/537.36 (KHTML, like Gecko) Chrome/88.0.4324.152 Safari/537.36"
66.249.73.14 - - [15/Jan/2026:21:57:16 -0500] "GET /index.php/safe_search/config/shopdetail/250122078/pcmypage/feature/index.html//?_g=1490623 HTTP/1.1" 301 0 "-" "Mozilla/5.0 (Linux; Android 6.0.1; Nexus 5X Build/MMB29P) AppleWebKit/537.36 (KHTML, like Gecko) Chrome/143.0.7499.192 Mobile Safari/537.36 (compatible; Googlebot/2.1; +http://www.google.com/bot.html)"
66.249.73.1 - - [15/Jan/2026:21:57:17 -0500] "GET /safe_search/config/shopdetail/250122078/pcmypage/feature/index.html/?_g=1490623 HTTP/1.1" 404 12238 "-" "Mozilla/5.0 (Linux; Android 6.0.1; Nexus 5X Build/MMB29P) AppleWebKit/537.36 (KHTML, like Gecko) Chrome/143.0.7499.192 Mobile Safari/537.36 (compatible; Googlebot/2.1; +http://www.google.com/bot.html)"
66.249.73.14 - - [15/Jan/2026:21:57:42 -0500] "GET /index.php/product/edit/56059679/shopdetail/255565378//?_g=165515 HTTP/1.1" 301 0 "-" "Mozilla/5.0 (Linux; Android 6.0.1; Nexus 5X Build/MMB29P) AppleWebKit/537.36 (KHTML, like Gecko) Chrome/143.0.7499.192 Mobile Safari/537.36 (compatible; Googlebot/2.1; +http://www.google.com/bot.html)"
66.249.73.14 - - [15/Jan/2026:21:57:42 -0500] "GET /product/edit/56059679/shopdetail/255565378/?_g=165515 HTTP/1.1" 404 12205 "-" "Mozilla/5.0 (Linux; Android 6.0.1; Nexus 5X Build/MMB29P) AppleWebKit/537.36 (KHTML, like Gecko) Chrome/143.0.7499.192 Mobile Safari/537.36 (compatible; Googlebot/2.1; +http://www.google.com/bot.html)"
66.249.73.15 - - [15/Jan/2026:21:57:42 -0500] "GET /index.php/safe_search/config/shopdetail/234842178/shop/e/e009001036001//?_g=2111365 HTTP/1.1" 301 0 "-" "Mozilla/5.0 (Linux; Android 6.0.1; Nexus 5X Build/MMB29P) AppleWebKit/537.36 (KHTML, like Gecko) Chrome/143.0.7499.192 Mobile Safari/537.36 (compatible; Googlebot/2.1; +http://www.google.com/bot.html)"
66.249.73.15 - - [15/Jan/2026:21:57:42 -0500] "GET /safe_search/config/shopdetail/234842178/shop/e/e009001036001/?_g=2111365 HTTP/1.1" 404 12211 "-" "Mozilla/5.0 (Linux; Android 6.0.1; Nexus 5X Build/MMB29P) AppleWebKit/537.36 (KHTML, like Gecko) Chrome/143.0.7499.192 Mobile Safari/537.36 (compatible; Googlebot/2.1; +http://www.google.com/bot.html)"
66.249.73.1 - - [15/Jan/2026:21:58:27 -0500] "GET /index.php/safe_search/config/shopdetail/206537678 HTTP/1.1" 301 0 "-" "Mozilla/5.0 (Linux; Android 6.0.1; Nexus 5X Build/MMB29P) AppleWebKit/537.36 (KHTML, like Gecko) Chrome/143.0.7499.192 Mobile Safari/537.36 (compatible; Googlebot/2.1; +http://www.google.com/bot.html)"
66.249.73.1 - - [15/Jan/2026:21:58:27 -0500] "GET /safe_search/config/shopdetail/206537678 HTTP/1.1" 404 12206 "-" "Mozilla/5.0 (Linux; Android 6.0.1; Nexus 5X Build/MMB29P) AppleWebKit/537.36 (KHTML, like Gecko) Chrome/143.0.7499.192 Mobile Safari/537.36 (compatible; Googlebot/2.1; +http://www.google.com/bot.html)"
66.249.73.14 - - [15/Jan/2026:21:58:39 -0500] "GET /?_g=39420 HTTP/1.1" 200 54655 "-" "Mozilla/5.0 (Linux; Android 6.0.1; Nexus 5X Build/MMB29P) AppleWebKit/537.36 (KHTML, like Gecko) Chrome/143.0.7499.192 Mobile Safari/537.36 (compatible; GoogleOther)"
66.249.65.35 - - [15/Jan/2026:21:58:41 -0500] "GET /?_g=2569323 HTTP/1.1" 301 0 "-" "Mozilla/5.0 (Linux; Android 6.0.1; Nexus 5X Build/MMB29P) AppleWebKit/537.36 (KHTML, like Gecko) Chrome/143.0.7499.192 Mobile Safari/537.36 (compatible; Googlebot/2.1; +http://www.google.com/bot.html)"
66.249.73.14 - - [15/Jan/2026:21:58:42 -0500] "GET /?_g=2569323 HTTP/1.1" 200 54654 "-" "Mozilla/5.0 (Linux; Android 6.0.1; Nexus 5X Build/MMB29P) AppleWebKit/537.36 (KHTML, like Gecko) Chrome/143.0.7499.192 Mobile Safari/537.36 (compatible; Googlebot/2.1; +http://www.google.com/bot.html)"
66.249.73.14 - - [15/Jan/2026:21:58:59 -0500] "GET /?_g=916084 HTTP/1.1" 200 54655 "-" "Mozilla/5.0 (Linux; Android 6.0.1; Nexus 5X Build/MMB29P) AppleWebKit/537.36 (KHTML, like Gecko) Chrome/143.0.7499.192 Mobile Safari/537.36 (compatible; GoogleOther)"
181.114.57.124 - - [15/Jan/2026:22:00:51 -0500] "GET /?_g=812919 HTTP/1.1" 200 74256 "-" "Mozilla/5.0 (Windows NT 10.0; Win64; x64) AppleWebKit/537.36 (KHTML, like Gecko) Chrome/83.0.4103.61 Safari/537.36"
177.37.237.207 - - [15/Jan/2026:22:02:13 -0500] "GET /wp-json/wp/v2/users HTTP/1.1" 200 1474 "-" "Mozilla/4.0 (compatible; Win32; WinHttp.WinHttpRequest.5)"
66.249.73.1 - - [15/Jan/2026:22:02:54 -0500] "GET /index.php/product/edit/11156469//?_g=850329 HTTP/1.1" 301 0 "-" "Mozilla/5.0 (Linux; Android 6.0.1; Nexus 5X Build/MMB29P) AppleWebKit/537.36 (KHTML, like Gecko) Chrome/143.0.7499.192 Mobile Safari/537.36 (compatible; Googlebot/2.1; +http://www.google.com/bot.html)"
66.249.73.14 - - [15/Jan/2026:22:02:54 -0500] "GET /product/edit/11156469/?_g=850329 HTTP/1.1" 404 12149 "-" "Mozilla/5.0 (Linux; Android 6.0.1; Nexus 5X Build/MMB29P) AppleWebKit/537.36 (KHTML, like Gecko) Chrome/143.0.7499.192 Mobile Safari/537.36 (compatible; Googlebot/2.1; +http://www.google.com/bot.html)"
66.249.73.14 - - [15/Jan/2026:22:03:27 -0500] "GET /index.php/safe_search/config/shopdetail/250122078/pcmypage/feature/index.html//?_g=1554569 HTTP/1.1" 301 0 "-" "Mozilla/5.0 (Linux; Android 6.0.1; Nexus 5X Build/MMB29P) AppleWebKit/537.36 (KHTML, like Gecko) Chrome/143.0.7499.192 Mobile Safari/537.36 (compatible; Googlebot/2.1; +http://www.google.com/bot.html)"
66.249.73.1 - - [15/Jan/2026:22:03:27 -0500] "GET /safe_search/config/shopdetail/250122078/pcmypage/feature/index.html/?_g=1554569 HTTP/1.1" 404 12238 "-" "Mozilla/5.0 (Linux; Android 6.0.1; Nexus 5X Build/MMB29P) AppleWebKit/537.36 (KHTML, like Gecko) Chrome/143.0.7499.192 Mobile Safari/537.36 (compatible; Googlebot/2.1; +http://www.google.com/bot.html)"
177.37.237.207 - - [15/Jan/2026:22:04:13 -0500] "POST /xmlrpc.php HTTP/1.1" 200 403 "-" "Mozilla/5.0 (Windows NT 10.0; x64) AppleWebKit/537.36 (KHTML, like Gecko) Safari/12.0.0.0 Safari/537.36"
66.249.73.1 - - [15/Jan/2026:22:05:20 -0500] "GET /index.php/product/edit/97439751/dozin.html/shopdetail/318025178//?_g=1567066 HTTP/1.1" 301 0 "-" "Mozilla/5.0 (Linux; Android 6.0.1; Nexus 5X Build/MMB29P) AppleWebKit/537.36 (KHTML, like Gecko) Chrome/143.0.7499.192 Mobile Safari/537.36 (compatible; Googlebot/2.1; +http://www.google.com/bot.html)"
66.249.73.14 - - [15/Jan/2026:22:05:21 -0500] "GET /product/edit/97439751/dozin.html/shopdetail/318025178/?_g=1567066 HTTP/1.1" 404 12225 "-" "Mozilla/5.0 (Linux; Android 6.0.1; Nexus 5X Build/MMB29P) AppleWebKit/537.36 (KHTML, like Gecko) Chrome/143.0.7499.192 Mobile Safari/537.36 (compatible; Googlebot/2.1; +http://www.google.com/bot.html)"
66.249.73.1 - - [15/Jan/2026:22:05:22 -0500] "GET /index.php/zhHant/product/surugaya/19066218//?_g=108045 HTTP/1.1" 301 0 "-" "Mozilla/5.0 (Linux; Android 6.0.1; Nexus 5X Build/MMB29P) AppleWebKit/537.36 (KHTML, like Gecko) Chrome/143.0.7499.192 Mobile Safari/537.36 (compatible; Googlebot/2.1; +http://www.google.com/bot.html)"
66.249.73.1 - - [15/Jan/2026:22:05:22 -0500] "GET /zhHant/product/surugaya/19066218/?_g=108045 HTTP/1.1" 404 12149 "-" "Mozilla/5.0 (Linux; Android 6.0.1; Nexus 5X Build/MMB29P) AppleWebKit/537.36 (KHTML, like Gecko) Chrome/143.0.7499.192 Mobile Safari/537.36 (compatible; Googlebot/2.1; +http://www.google.com/bot.html)"
191.7.157.121 - - [15/Jan/2026:22:05:52 -0500] "GET /?_g=1582607 HTTP/1.1" 200 74250 "-" "Mozilla/5.0 (Macintosh; Intel Mac OS X 10_15_0) AppleWebKit/537.36 (KHTML, like Gecko) Brave Chrome/78.0.3904.108 Safari/537.36"
66.249.73.15 - - [15/Jan/2026:22:06:07 -0500] "GET /?_g=756560 HTTP/1.1" 200 54655 "-" "Mozilla/5.0 (Linux; Android 6.0.1; Nexus 5X Build/MMB29P) AppleWebKit/537.36 (KHTML, like Gecko) Chrome/143.0.7499.192 Mobile Safari/537.36 (compatible; GoogleOther)"
177.37.237.207 - - [15/Jan/2026:22:06:08 -0500] "POST /xmlrpc.php HTTP/1.1" 200 403 "-" "Mozilla/5.0 (Macintosh; Intel Mac OS X 10_15_7; x86) AppleWebKit/537.36 (KHTML, like Gecko) Safari/12.0.0.0 Safari/537.36"
190.83.50.149 - - [15/Jan/2026:22:06:15 -0500] "GET /?_g=2520367 HTTP/1.1" 200 74250 "-" "Mozilla/5.0 (Windows NT 10.0; Win64; x64) AppleWebKit/537.36 (KHTML, like Gecko) Chrome/72.0.3626.121 Safari/537.36"
45.70.11.138 - - [15/Jan/2026:22:06:23 -0500] "GET /?_g=1664660 HTTP/1.1" 200 74250 "-" "Mozilla/5.0 (Macintosh; Intel Mac OS X 11_2_2) AppleWebKit/537.36 (KHTML, like Gecko) Brave Chrome/89.0.4389.72 Safari/537.36"
66.29.137.46 - - [15/Jan/2026:22:07:57 -0500] "POST /wp-cron.php?doing_wp_cron=1768532877.2986268997192382812500 HTTP/1.1" 200 0 "-" "WordPress/6.9; https://ardaughters.org"
177.37.237.207 - - [15/Jan/2026:22:07:56 -0500] "POST /xmlrpc.php HTTP/1.1" 200 403 "-" "Mozilla/5.0 (Windows NT 6.2; arm64) AppleWebKit/537.36 (KHTML, like Gecko) Safari/13.0.0.0 Safari/537.36"
66.249.73.14 - - [15/Jan/2026:22:08:08 -0500] "GET /index.php/safe_search/config/shopdetail/250122078/pcmypage/feature/index.html//?_g=1987710 HTTP/1.1" 301 0 "-" "Mozilla/5.0 (Linux; Android 6.0.1; Nexus 5X Build/MMB29P) AppleWebKit/537.36 (KHTML, like Gecko) Chrome/143.0.7499.192 Mobile Safari/537.36 (compatible; Googlebot/2.1; +http://www.google.com/bot.html)"
66.249.73.1 - - [15/Jan/2026:22:08:08 -0500] "GET /safe_search/config/shopdetail/250122078/pcmypage/feature/index.html/?_g=1987710 HTTP/1.1" 404 12238 "-" "Mozilla/5.0 (Linux; Android 6.0.1; Nexus 5X Build/MMB29P) AppleWebKit/537.36 (KHTML, like Gecko) Chrome/143.0.7499.192 Mobile Safari/537.36 (compatible; Googlebot/2.1; +http://www.google.com/bot.html)"
66.249.73.14 - - [15/Jan/2026:22:08:31 -0500] "GET /index.php/zhHant/product/surugaya/25975166?campaign_uid=f64d716db5e979ed2f947dbaf4296895b951ae7f HTTP/1.1" 301 0 "-" "Mozilla/5.0 (Linux; Android 6.0.1; Nexus 5X Build/MMB29P) AppleWebKit/537.36 (KHTML, like Gecko) Chrome/143.0.7499.192 Mobile Safari/537.36 (compatible; Googlebot/2.1; +http://www.google.com/bot.html)"
66.249.73.14 - - [15/Jan/2026:22:08:31 -0500] "GET /zhHant/product/surugaya/25975166?campaign_uid=f64d716db5e979ed2f947dbaf4296895b951ae7f HTTP/1.1" 404 12151 "-" "Mozilla/5.0 (Linux; Android 6.0.1; Nexus 5X Build/MMB29P) AppleWebKit/537.36 (KHTML, like Gecko) Chrome/143.0.7499.192 Mobile Safari/537.36 (compatible; Googlebot/2.1; +http://www.google.com/bot.html)"
66.249.73.14 - - [15/Jan/2026:22:08:39 -0500] "GET /?_g=1015799 HTTP/1.1" 200 54655 "-" "Mozilla/5.0 (Linux; Android 6.0.1; Nexus 5X Build/MMB29P) AppleWebKit/537.36 (KHTML, like Gecko) Chrome/143.0.7499.192 Mobile Safari/537.36 (compatible; GoogleOther)"
177.37.237.207 - - [15/Jan/2026:22:09:52 -0500] "POST /xmlrpc.php HTTP/1.1" 200 403 "-" "Mozilla/5.0 (Windows NT 6.3; x86) AppleWebKit/537.36 (KHTML, like Gecko) Safari/15.0.0.0 Safari/537.36"
66.249.73.1 - - [15/Jan/2026:22:10:28 -0500] "GET /index.php/zhHant/product/surugaya/19066218//?_g=1516120 HTTP/1.1" 301 0 "-" "Mozilla/5.0 (Linux; Android 6.0.1; Nexus 5X Build/MMB29P) AppleWebKit/537.36 (KHTML, like Gecko) Chrome/143.0.7499.192 Mobile Safari/537.36 (compatible; Googlebot/2.1; +http://www.google.com/bot.html)"
66.249.73.14 - - [15/Jan/2026:22:10:28 -0500] "GET /zhHant/product/surugaya/19066218/?_g=1516120 HTTP/1.1" 404 12149 "-" "Mozilla/5.0 (Linux; Android 6.0.1; Nexus 5X Build/MMB29P) AppleWebKit/537.36 (KHTML, like Gecko) Chrome/143.0.7499.192 Mobile Safari/537.36 (compatible; Googlebot/2.1; +http://www.google.com/bot.html)"
54.39.6.97 - - [15/Jan/2026:22:10:54 -0500] "GET /sitemap.xml HTTP/1.1" 301 0 "-" "Mozilla/5.0 (compatible; AhrefsBot/7.0; +http://ahrefs.com/robot/)"
54.39.6.97 - - [15/Jan/2026:22:10:55 -0500] "GET /wp-sitemap.xml HTTP/1.1" 200 194 "-" "Mozilla/5.0 (compatible; AhrefsBot/7.0; +http://ahrefs.com/robot/)"
51.222.95.50 - - [15/Jan/2026:22:10:58 -0500] "GET /wp-sitemap-posts-post-1.xml HTTP/1.1" 200 276 "-" "Mozilla/5.0 (compatible; AhrefsBot/7.0; +http://ahrefs.com/robot/)"
148.113.130.7 - - [15/Jan/2026:22:11:02 -0500] "GET /wp-sitemap-posts-page-1.xml HTTP/1.1" 200 416 "-" "Mozilla/5.0 (compatible; AhrefsBot/7.0; +http://ahrefs.com/robot/)"
51.161.37.142 - - [15/Jan/2026:22:11:06 -0500] "GET /wp-sitemap-taxonomies-category-1.xml HTTP/1.1" 200 152 "-" "Mozilla/5.0 (compatible; AhrefsBot/7.0; +http://ahrefs.com/robot/)"
51.161.65.65 - - [15/Jan/2026:22:11:09 -0500] "GET /wp-sitemap-taxonomies-post_tag-1.xml HTTP/1.1" 200 202 "-" "Mozilla/5.0 (compatible; AhrefsBot/7.0; +http://ahrefs.com/robot/)"
66.249.73.1 - - [15/Jan/2026:22:11:10 -0500] "GET /index.php/safe_search/config?return_url=%2Fproduct%2Fdetail%2F43020877 HTTP/1.1" 301 0 "-" "Mozilla/5.0 (Linux; Android 6.0.1; Nexus 5X Build/MMB29P) AppleWebKit/537.36 (KHTML, like Gecko) Chrome/143.0.7499.192 Mobile Safari/537.36 (compatible; Googlebot/2.1; +http://www.google.com/bot.html)"
66.249.73.14 - - [15/Jan/2026:22:11:10 -0500] "GET /safe_search/config?return_url=%2Fproduct%2Fdetail%2F43020877 HTTP/1.1" 404 12156 "-" "Mozilla/5.0 (Linux; Android 6.0.1; Nexus 5X Build/MMB29P) AppleWebKit/537.36 (KHTML, like Gecko) Chrome/143.0.7499.192 Mobile Safari/537.36 (compatible; Googlebot/2.1; +http://www.google.com/bot.html)"
148.113.130.160 - - [15/Jan/2026:22:11:13 -0500] "GET /wp-sitemap-users-1.xml HTTP/1.1" 200 151 "-" "Mozilla/5.0 (compatible; AhrefsBot/7.0; +http://ahrefs.com/robot/)"
177.37.237.207 - - [15/Jan/2026:22:11:44 -0500] "POST /xmlrpc.php HTTP/1.1" 200 403 "-" "Mozilla/5.0 (Windows NT 10.0; x64) AppleWebKit/537.36 (KHTML, like Gecko) Opera/69.0.0.0 Safari/537.36"
66.249.73.15 - - [15/Jan/2026:22:12:19 -0500] "GET /index.php/feature/omiya_marui/index.html/pcmypage/ HTTP/1.1" 301 0 "-" "Mozilla/5.0 (Linux; Android 6.0.1; Nexus 5X Build/MMB29P) AppleWebKit/537.36 (KHTML, like Gecko) Chrome/143.0.7499.192 Mobile Safari/537.36 (compatible; Googlebot/2.1; +http://www.google.com/bot.html)"
66.249.73.15 - - [15/Jan/2026:22:12:19 -0500] "GET /feature/omiya_marui/index.html/pcmypage/ HTTP/1.1" 404 12178 "-" "Mozilla/5.0 (Linux; Android 6.0.1; Nexus 5X Build/MMB29P) AppleWebKit/537.36 (KHTML, like Gecko) Chrome/143.0.7499.192 Mobile Safari/537.36 (compatible; Googlebot/2.1; +http://www.google.com/bot.html)"
66.249.73.15 - - [15/Jan/2026:22:12:30 -0500] "GET /index.php/pcmypage//?_g=624303 HTTP/1.1" 301 0 "-" "Mozilla/5.0 (Linux; Android 6.0.1; Nexus 5X Build/MMB29P) AppleWebKit/537.36 (KHTML, like Gecko) Chrome/143.0.7499.192 Mobile Safari/537.36 (compatible; Googlebot/2.1; +http://www.google.com/bot.html)"
66.249.73.15 - - [15/Jan/2026:22:12:30 -0500] "GET /pcmypage/?_g=624303 HTTP/1.1" 404 12158 "-" "Mozilla/5.0 (Linux; Android 6.0.1; Nexus 5X Build/MMB29P) AppleWebKit/537.36 (KHTML, like Gecko) Chrome/143.0.7499.192 Mobile Safari/537.36 (compatible; Googlebot/2.1; +http://www.google.com/bot.html)"
66.249.73.15 - - [15/Jan/2026:22:13:10 -0500] "GET /index.php/safe_search/config/shopdetail/250122078/pcmypage/feature/index.html//?_g=1906220 HTTP/1.1" 301 0 "-" "Mozilla/5.0 (Linux; Android 6.0.1; Nexus 5X Build/MMB29P) AppleWebKit/537.36 (KHTML, like Gecko) Chrome/143.0.7499.192 Mobile Safari/537.36 (compatible; Googlebot/2.1; +http://www.google.com/bot.html)"
66.249.73.1 - - [15/Jan/2026:22:13:10 -0500] "GET /safe_search/config/shopdetail/250122078/pcmypage/feature/index.html/?_g=1906220 HTTP/1.1" 404 12238 "-" "Mozilla/5.0 (Linux; Android 6.0.1; Nexus 5X Build/MMB29P) AppleWebKit/537.36 (KHTML, like Gecko) Chrome/143.0.7499.192 Mobile Safari/537.36 (compatible; Googlebot/2.1; +http://www.google.com/bot.html)"
66.249.73.14 - - [15/Jan/2026:22:13:18 -0500] "GET /?_g=2267338 HTTP/1.1" 200 54655 "-" "Mozilla/5.0 (Linux; Android 6.0.1; Nexus 5X Build/MMB29P) AppleWebKit/537.36 (KHTML, like Gecko) Chrome/143.0.7499.192 Mobile Safari/537.36 (compatible; GoogleOther)"
177.37.237.207 - - [15/Jan/2026:22:13:35 -0500] "POST /xmlrpc.php HTTP/1.1" 200 403 "-" "Mozilla/5.0 (Windows NT 6.2; x64) AppleWebKit/537.36 (KHTML, like Gecko) Firefox/84.0.0.0 Safari/537.36"
66.249.73.14 - - [15/Jan/2026:22:13:46 -0500] "GET /index.php/zhHant/product/surugaya/19066218//?_g=802843 HTTP/1.1" 301 0 "-" "Mozilla/5.0 (Linux; Android 6.0.1; Nexus 5X Build/MMB29P) AppleWebKit/537.36 (KHTML, like Gecko) Chrome/143.0.7499.192 Mobile Safari/537.36 (compatible; Googlebot/2.1; +http://www.google.com/bot.html)"
66.249.73.14 - - [15/Jan/2026:22:13:46 -0500] "GET /index.php/safe_search/config/shopdetail/250122078/pcmypage/feature/index.html//?_g=3197610 HTTP/1.1" 301 0 "-" "Mozilla/5.0 (Linux; Android 6.0.1; Nexus 5X Build/MMB29P) AppleWebKit/537.36 (KHTML, like Gecko) Chrome/143.0.7499.192 Mobile Safari/537.36 (compatible; Googlebot/2.1; +http://www.google.com/bot.html)"
66.249.73.14 - - [15/Jan/2026:22:13:47 -0500] "GET /zhHant/product/surugaya/19066218/?_g=802843 HTTP/1.1" 404 12149 "-" "Mozilla/5.0 (Linux; Android 6.0.1; Nexus 5X Build/MMB29P) AppleWebKit/537.36 (KHTML, like Gecko) Chrome/143.0.7499.192 Mobile Safari/537.36 (compatible; Googlebot/2.1; +http://www.google.com/bot.html)"
66.249.73.14 - - [15/Jan/2026:22:13:47 -0500] "GET /safe_search/config/shopdetail/250122078/pcmypage/feature/index.html/?_g=3197610 HTTP/1.1" 404 12238 "-" "Mozilla/5.0 (Linux; Android 6.0.1; Nexus 5X Build/MMB29P) AppleWebKit/537.36 (KHTML, like Gecko) Chrome/143.0.7499.192 Mobile Safari/537.36 (compatible; Googlebot/2.1; +http://www.google.com/bot.html)"
45.172.208.250 - - [15/Jan/2026:22:14:10 -0500] "GET /?_g=780448 HTTP/1.1" 200 74256 "-" "Mozilla/5.0 (Windows NT 6.1) AppleWebKit/537.36 (KHTML, like Gecko) Chrome/88.0.4324.190 Safari/537.36"
177.37.237.207 - - [15/Jan/2026:22:15:26 -0500] "POST /xmlrpc.php HTTP/1.1" 200 403 "-" "Mozilla/5.0 (Linux; Android 10; x64) AppleWebKit/537.36 (KHTML, like Gecko) Opera/78.0.0.0 Safari/537.36"
66.249.73.1 - - [15/Jan/2026:22:16:30 -0500] "GET /index.php/zhHant/product/surugaya/19066218//?_g=80346 HTTP/1.1" 301 0 "-" "Mozilla/5.0 (Linux; Android 6.0.1; Nexus 5X Build/MMB29P) AppleWebKit/537.36 (KHTML, like Gecko) Chrome/143.0.7499.192 Mobile Safari/537.36 (compatible; Googlebot/2.1; +http://www.google.com/bot.html)"
66.249.73.1 - - [15/Jan/2026:22:16:31 -0500] "GET /zhHant/product/surugaya/19066218/?_g=80346 HTTP/1.1" 404 12149 "-" "Mozilla/5.0 (Linux; Android 6.0.1; Nexus 5X Build/MMB29P) AppleWebKit/537.36 (KHTML, like Gecko) Chrome/143.0.7499.192 Mobile Safari/537.36 (compatible; Googlebot/2.1; +http://www.google.com/bot.html)"
177.37.237.207 - - [15/Jan/2026:22:17:06 -0500] "POST /xmlrpc.php HTTP/1.1" 200 403 "-" "Mozilla/5.0 (X11; Ubuntu; Linux x86_64; x86) AppleWebKit/537.36 (KHTML, like Gecko) Firefox/83.0.0.0 Safari/537.36"
66.249.73.1 - - [15/Jan/2026:22:18:13 -0500] "GET /index.php/zhHant/product/surugaya/19066218//?_g=1893304 HTTP/1.1" 301 0 "-" "Mozilla/5.0 (Linux; Android 6.0.1; Nexus 5X Build/MMB29P) AppleWebKit/537.36 (KHTML, like Gecko) Chrome/143.0.7499.192 Mobile Safari/537.36 (compatible; Googlebot/2.1; +http://www.google.com/bot.html)"
66.249.73.1 - - [15/Jan/2026:22:18:13 -0500] "GET /zhHant/product/surugaya/19066218/?_g=1893304 HTTP/1.1" 404 12150 "-" "Mozilla/5.0 (Linux; Android 6.0.1; Nexus 5X Build/MMB29P) AppleWebKit/537.36 (KHTML, like Gecko) Chrome/143.0.7499.192 Mobile Safari/537.36 (compatible; Googlebot/2.1; +http://www.google.com/bot.html)"
66.249.73.14 - - [15/Jan/2026:22:18:36 -0500] "GET /index.php/safe_search/config/shopdetail/250122078/pcmypage/feature/index.html//?_g=505424 HTTP/1.1" 301 0 "-" "Mozilla/5.0 (Linux; Android 6.0.1; Nexus 5X Build/MMB29P) AppleWebKit/537.36 (KHTML, like Gecko) Chrome/143.0.7499.192 Mobile Safari/537.36 (compatible; Googlebot/2.1; +http://www.google.com/bot.html)"
66.249.73.14 - - [15/Jan/2026:22:18:37 -0500] "GET /safe_search/config/shopdetail/250122078/pcmypage/feature/index.html/?_g=505424 HTTP/1.1" 404 12240 "-" "Mozilla/5.0 (Linux; Android 6.0.1; Nexus 5X Build/MMB29P) AppleWebKit/537.36 (KHTML, like Gecko) Chrome/143.0.7499.192 Mobile Safari/537.36 (compatible; Googlebot/2.1; +http://www.google.com/bot.html)"
66.249.73.14 - - [15/Jan/2026:22:18:39 -0500] "GET /?_g=747552 HTTP/1.1" 200 54655 "-" "Mozilla/5.0 (Linux; Android 6.0.1; Nexus 5X Build/MMB29P) AppleWebKit/537.36 (KHTML, like Gecko) Chrome/143.0.7499.192 Mobile Safari/537.36 (compatible; GoogleOther)"
177.37.237.207 - - [15/Jan/2026:22:18:49 -0500] "POST /xmlrpc.php HTTP/1.1" 200 403 "-" "Mozilla/5.0 (X11; Ubuntu; Linux x86_64; x64) AppleWebKit/537.36 (KHTML, like Gecko) Firefox/97.0.0.0 Safari/537.36"
66.249.73.1 - - [15/Jan/2026:22:19:00 -0500] "GET /index.php/pcmypage/safe_search/config/shopdetail/46321878//?_g=2844 HTTP/1.1" 301 0 "-" "Mozilla/5.0 (Linux; Android 6.0.1; Nexus 5X Build/MMB29P) AppleWebKit/537.36 (KHTML, like Gecko) Chrome/143.0.7499.192 Mobile Safari/537.36 (compatible; Googlebot/2.1; +http://www.google.com/bot.html)"
66.249.73.14 - - [15/Jan/2026:22:19:00 -0500] "GET /pcmypage/safe_search/config/shopdetail/46321878/?_g=2844 HTTP/1.1" 404 12160 "-" "Mozilla/5.0 (Linux; Android 6.0.1; Nexus 5X Build/MMB29P) AppleWebKit/537.36 (KHTML, like Gecko) Chrome/143.0.7499.192 Mobile Safari/537.36 (compatible; Googlebot/2.1; +http://www.google.com/bot.html)"
181.237.106.106 - - [15/Jan/2026:22:19:14 -0500] "GET /?_g=2279082 HTTP/1.1" 200 74256 "-" "Mozilla/5.0 (Windows NT 10.0; Win64; x64) AppleWebKit/537.36 (KHTML, like Gecko) Chrome/88.0.4324.43 Safari/537.36"
66.249.73.15 - - [15/Jan/2026:22:19:41 -0500] "GET /zhHant/product/surugaya/41541501?campaign_uid=f64d716db5e979ed2f947dbaf4296895b951ae7f HTTP/1.1" 404 12148 "-" "Mozilla/5.0 (Linux; Android 6.0.1; Nexus 5X Build/MMB29P) AppleWebKit/537.36 (KHTML, like Gecko) Chrome/143.0.7499.192 Mobile Safari/537.36 (compatible; Googlebot/2.1; +http://www.google.com/bot.html)"
66.249.73.1 - - [15/Jan/2026:22:20:25 -0500] "GET /?_g=3204247 HTTP/1.1" 200 54657 "-" "Mozilla/5.0 (Linux; Android 6.0.1; Nexus 5X Build/MMB29P) AppleWebKit/537.36 (KHTML, like Gecko) Chrome/143.0.7499.192 Mobile Safari/537.36 (compatible; GoogleOther)"
66.249.73.1 - - [15/Jan/2026:22:20:28 -0500] "GET /index.php/safe_search/config/shopdetail/189209378/pcmypage/recruit//?_g=2813954 HTTP/1.1" 301 0 "-" "Mozilla/5.0 (Linux; Android 6.0.1; Nexus 5X Build/MMB29P) AppleWebKit/537.36 (KHTML, like Gecko) Chrome/143.0.7499.192 Mobile Safari/537.36 (compatible; Googlebot/2.1; +http://www.google.com/bot.html)"
66.249.73.15 - - [15/Jan/2026:22:20:28 -0500] "GET /safe_search/config/shopdetail/189209378/pcmypage/recruit/?_g=2813954 HTTP/1.1" 404 12242 "-" "Mozilla/5.0 (Linux; Android 6.0.1; Nexus 5X Build/MMB29P) AppleWebKit/537.36 (KHTML, like Gecko) Chrome/143.0.7499.192 Mobile Safari/537.36 (compatible; Googlebot/2.1; +http://www.google.com/bot.html)"
177.37.237.207 - - [15/Jan/2026:22:20:30 -0500] "POST /xmlrpc.php HTTP/1.1" 200 403 "-" "Mozilla/5.0 (Macintosh; Intel Mac OS X 10_15_7; x64) AppleWebKit/537.36 (KHTML, like Gecko) Firefox/72.0.0.0 Safari/537.36"
187.120.158.149 - - [15/Jan/2026:22:20:32 -0500] "GET /?_g=3203764 HTTP/1.1" 200 74250 "-" "Mozilla/5.0 (Windows NT 10.0; Win64; x64) AppleWebKit/537.36 (KHTML, like Gecko) Chrome/90.0.4430.212 Safari/537.36"
66.249.73.15 - - [15/Jan/2026:22:20:51 -0500] "GET /index.php/safe_search/config/shopdetail/271108678//?_g=104344 HTTP/1.1" 301 0 "-" "Mozilla/5.0 (Linux; Android 6.0.1; Nexus 5X Build/MMB29P) AppleWebKit/537.36 (KHTML, like Gecko) Chrome/143.0.7499.192 Mobile Safari/537.36 (compatible; Googlebot/2.1; +http://www.google.com/bot.html)"
66.249.73.15 - - [15/Jan/2026:22:20:51 -0500] "GET /safe_search/config/shopdetail/271108678/?_g=104344 HTTP/1.1" 404 12206 "-" "Mozilla/5.0 (Linux; Android 6.0.1; Nexus 5X Build/MMB29P) AppleWebKit/537.36 (KHTML, like Gecko) Chrome/143.0.7499.192 Mobile Safari/537.36 (compatible; Googlebot/2.1; +http://www.google.com/bot.html)"
45.169.108.121 - - [15/Jan/2026:22:20:58 -0500] "GET /?_g=2253951 HTTP/1.1" 200 74250 "-" "Mozilla/5.0 (Macintosh; Intel Mac OS X 10_13_4) AppleWebKit/537.36 (KHTML, like Gecko) Chrome/65.0.3325.19 Safari/537.36"
177.37.237.207 - - [15/Jan/2026:22:22:15 -0500] "POST /xmlrpc.php HTTP/1.1" 200 403 "-" "Mozilla/5.0 (Macintosh; Intel Mac OS X 10_15_7; x64) AppleWebKit/537.36 (KHTML, like Gecko) Edge/100.0.0.0 Safari/537.36"
190.183.91.228 - - [15/Jan/2026:22:22:40 -0500] "GET /?_g=1279749 HTTP/1.1" 200 74250 "-" "Mozilla/5.0 (Macintosh; Intel Mac OS X 11_0_0) AppleWebKit/537.36 (KHTML, like Gecko) Brave Chrome/86.0.4240.183 Safari/537.36"
66.249.73.15 - - [15/Jan/2026:22:22:48 -0500] "GET /index.php/pcmypage/safe_search/config/shopdetail/46321878//?_g=1049425 HTTP/1.1" 301 0 "-" "Mozilla/5.0 (Linux; Android 6.0.1; Nexus 5X Build/MMB29P) AppleWebKit/537.36 (KHTML, like Gecko) Chrome/143.0.7499.192 Mobile Safari/537.36 (compatible; Googlebot/2.1; +http://www.google.com/bot.html)"
66.249.73.15 - - [15/Jan/2026:22:22:48 -0500] "GET /pcmypage/safe_search/config/shopdetail/46321878/?_g=1049425 HTTP/1.1" 404 12160 "-" "Mozilla/5.0 (Linux; Android 6.0.1; Nexus 5X Build/MMB29P) AppleWebKit/537.36 (KHTML, like Gecko) Chrome/143.0.7499.192 Mobile Safari/537.36 (compatible; Googlebot/2.1; +http://www.google.com/bot.html)"
181.161.213.156 - - [15/Jan/2026:22:23:32 -0500] "GET /?_g=2361729 HTTP/1.1" 200 74795 "-" "Mozilla/5.0 (Macintosh; Intel Mac OS X 10_7_3) AppleWebKit/537.36 (KHTML, like Gecko, Mediapartners-Google) Chrome/89.0.4389.130 Safari/537.36"
177.37.237.207 - - [15/Jan/2026:22:23:44 -0500] "POST /xmlrpc.php HTTP/1.1" 200 403 "-" "Mozilla/5.0 (Windows NT 10.0; x64) AppleWebKit/537.36 (KHTML, like Gecko) Edge/81.0.0.0 Safari/537.36"
83.217.208.83 - - [15/Jan/2026:22:24:22 -0500] "GET /wp-login.php HTTP/1.1" 200 6748 "-" "Mozilla/5.0 (Macintosh; Intel Mac OS X 10_9_0) AppleWebKit/537.36 (KHTML, like Gecko) Chrome/36.0.1985.125 Safari/537.36"
83.217.208.83 - - [15/Jan/2026:22:24:23 -0500] "POST /wp-login.php HTTP/1.1" 200 7207 "-" "Mozilla/5.0 (Macintosh; Intel Mac OS X 10_9_0) AppleWebKit/537.36 (KHTML, like Gecko) Chrome/36.0.1985.125 Safari/537.36"
66.249.73.14 - - [15/Jan/2026:22:24:29 -0500] "GET /index.php/safe_search/config/shopdetail/250122078/pcmypage/feature/index.html//?_g=2569093 HTTP/1.1" 301 0 "-" "Mozilla/5.0 (Linux; Android 6.0.1; Nexus 5X Build/MMB29P) AppleWebKit/537.36 (KHTML, like Gecko) Chrome/143.0.7499.192 Mobile Safari/537.36 (compatible; Googlebot/2.1; +http://www.google.com/bot.html)"
66.249.73.1 - - [15/Jan/2026:22:24:29 -0500] "GET /safe_search/config/shopdetail/250122078/pcmypage/feature/index.html/?_g=2569093 HTTP/1.1" 404 12238 "-" "Mozilla/5.0 (Linux; Android 6.0.1; Nexus 5X Build/MMB29P) AppleWebKit/537.36 (KHTML, like Gecko) Chrome/143.0.7499.192 Mobile Safari/537.36 (compatible; Googlebot/2.1; +http://www.google.com/bot.html)"
118.179.39.153 - - [15/Jan/2026:22:24:43 -0500] "GET /?_g=2314185 HTTP/1.1" 200 74256 "-" "Mozilla/5.0 (Windows NT 6.1; WOW64) AppleWebKit/537.36 (KHTML, like Gecko) Chrome/83.0.4103.116 Safari/537.36 AOLShield/83.0.4103.2"
177.37.237.207 - - [15/Jan/2026:22:25:00 -0500] "POST /xmlrpc.php HTTP/1.1" 200 403 "-" "Mozilla/5.0 (Linux; Android 10; arm64) AppleWebKit/537.36 (KHTML, like Gecko) Firefox/98.0.0.0 Safari/537.36"
31.57.188.69 - - [15/Jan/2026:22:25:11 -0500] "GET / HTTP/1.1" 200 74787 "https://ardfoundation.org" "Mozilla/5.0 (Windows NT 10.0; Win64; x64) AppleWebKit/537.36 (KHTML, like Gecko) Chrome/120.0.0.0 Safari/537.36"
31.57.188.69 - - [15/Jan/2026:22:25:12 -0500] "GET / HTTP/1.1" 200 74788 "https://ardfoundation.org" "Go-http-client/2.0"
31.57.188.69 - - [15/Jan/2026:22:25:13 -0500] "GET / HTTP/1.1" 200 74250 "https://ardfoundation.org" "Go-http-client/2.0"
31.57.188.69 - - [15/Jan/2026:22:25:15 -0500] "GET / HTTP/1.1" 200 74250 "https://ardfoundation.org" "Go-http-client/2.0"
31.57.188.69 - - [15/Jan/2026:22:25:16 -0500] "GET / HTTP/1.1" 200 74250 "https://ardfoundation.org" "Go-http-client/2.0"
31.57.188.69 - - [15/Jan/2026:22:25:17 -0500] "GET / HTTP/1.1" 200 74788 "https://ardfoundation.org" "Go-http-client/2.0"
31.57.188.69 - - [15/Jan/2026:22:25:19 -0500] "GET / HTTP/1.1" 200 74250 "https://ardfoundation.org" "Go-http-client/2.0"
31.57.188.69 - - [15/Jan/2026:22:25:19 -0500] "GET / HTTP/1.1" 200 74250 "https://ardfoundation.org" "Go-http-client/2.0"
31.57.188.69 - - [15/Jan/2026:22:25:20 -0500] "GET / HTTP/1.1" 200 74250 "https://ardfoundation.org" "Go-http-client/2.0"
31.57.188.69 - - [15/Jan/2026:22:25:21 -0500] "GET / HTTP/1.1" 200 74249 "https://ardfoundation.org" "Go-http-client/2.0"
31.57.188.69 - - [15/Jan/2026:22:25:22 -0500] "GET / HTTP/1.1" 200 74250 "https://ardfoundation.org" "Go-http-client/2.0"
31.57.188.69 - - [15/Jan/2026:22:25:22 -0500] "GET / HTTP/1.1" 200 74250 "https://ardfoundation.org" "Go-http-client/2.0"
31.57.188.69 - - [15/Jan/2026:22:25:23 -0500] "GET / HTTP/1.1" 200 74250 "https://ardfoundation.org" "Go-http-client/2.0"
31.57.188.69 - - [15/Jan/2026:22:25:24 -0500] "GET / HTTP/1.1" 200 74250 "https://ardfoundation.org" "Go-http-client/2.0"
31.57.188.69 - - [15/Jan/2026:22:25:25 -0500] "GET / HTTP/1.1" 200 74250 "https://ardfoundation.org" "Go-http-client/2.0"
31.57.188.69 - - [15/Jan/2026:22:25:25 -0500] "GET / HTTP/1.1" 200 74250 "https://ardfoundation.org" "Go-http-client/2.0"
31.57.188.69 - - [15/Jan/2026:22:25:26 -0500] "GET / HTTP/1.1" 200 74250 "https://ardfoundation.org" "Go-http-client/2.0"
31.57.188.69 - - [15/Jan/2026:22:25:27 -0500] "GET / HTTP/1.1" 200 74250 "https://ardfoundation.org" "Go-http-client/2.0"
31.57.188.69 - - [15/Jan/2026:22:25:28 -0500] "GET / HTTP/1.1" 200 74788 "https://ardfoundation.org" "Go-http-client/2.0"
31.57.188.69 - - [15/Jan/2026:22:25:29 -0500] "GET / HTTP/1.1" 200 74250 "https://ardfoundation.org" "Go-http-client/2.0"
31.57.188.69 - - [15/Jan/2026:22:25:30 -0500] "GET / HTTP/1.1" 200 74250 "https://ardfoundation.org" "Go-http-client/2.0"
168.205.181.197 - - [15/Jan/2026:22:25:49 -0500] "GET /?_g=2145156 HTTP/1.1" 200 74256 "-" "Mozilla/5.0 (Macintosh; Intel Mac OS X 10_11_6) AppleWebKit/537.36 (KHTML, like Gecko) Chrome/63.0.3239.132 Safari/537.36"
177.37.237.207 - - [15/Jan/2026:22:26:18 -0500] "POST /xmlrpc.php HTTP/1.1" 200 403 "-" "Mozilla/5.0 (Macintosh; Intel Mac OS X 10_15_7; x86) AppleWebKit/537.36 (KHTML, like Gecko) Opera/66.0.0.0 Safari/537.36"
177.37.237.207 - - [15/Jan/2026:22:27:33 -0500] "POST /xmlrpc.php HTTP/1.1" 200 403 "-" "Mozilla/5.0 (Windows NT 6.2; arm64) AppleWebKit/537.36 (KHTML, like Gecko) Safari/10.0.0.0 Safari/537.36"
38.211.48.232 - - [15/Jan/2026:22:28:31 -0500] "GET /?_g=141748 HTTP/1.1" 200 74249 "-" "Mozilla/5.0 (Macintosh; Intel Mac OS X 11_0_1) AppleWebKit/537.36 (KHTML, like Gecko) Chrome/87.0.4280.88 Safari/537.36"
66.249.73.15 - - [15/Jan/2026:22:28:39 -0500] "GET /?_g=1192071 HTTP/1.1" 200 54655 "-" "Mozilla/5.0 (Linux; Android 6.0.1; Nexus 5X Build/MMB29P) AppleWebKit/537.36 (KHTML, like Gecko) Chrome/143.0.7499.192 Mobile Safari/537.36 (compatible; GoogleOther)"
177.37.237.207 - - [15/Jan/2026:22:28:43 -0500] "POST /xmlrpc.php HTTP/1.1" 200 403 "-" "Mozilla/5.0 (Windows NT 10.0; x86) AppleWebKit/537.36 (KHTML, like Gecko) Firefox/95.0.0.0 Safari/537.36"
217.19.215.61 - - [15/Jan/2026:22:29:08 -0500] "GET /?_g=2386696 HTTP/1.1" 200 74250 "-" "Mozilla/5.0 (Macintosh; Intel Mac OS X 10_13_4) AppleWebKit/537.36 (KHTML, like Gecko) Chrome/65.0.3325.19 Safari/537.36"
177.37.237.207 - - [15/Jan/2026:22:29:53 -0500] "POST /xmlrpc.php HTTP/1.1" 200 403 "-" "Mozilla/5.0 (Windows NT 10.0; x86) AppleWebKit/537.36 (KHTML, like Gecko) Safari/11.0.0.0 Safari/537.36"
34.177.100.148 - - [15/Jan/2026:22:30:29 -0500] "GET / HTTP/1.1" 200 74250 "-" "Mozilla/5.0 (Windows NT 10.0; Win64; x64) AppleWebKit/537.36 (KHTML, like Gecko) Chrome/58.0.3029.110 Safari/537.3"
177.37.237.207 - - [15/Jan/2026:22:31:01 -0500] "POST /xmlrpc.php HTTP/1.1" 200 403 "-" "Mozilla/5.0 (Windows NT 6.2; x64) AppleWebKit/537.36 (KHTML, like Gecko) Safari/14.0.0.0 Safari/537.36"
45.157.54.40 - - [15/Jan/2026:22:31:05 -0500] "POST /xmlrpc.php HTTP/1.1" 200 403 "-" "Mozilla/5.0 (Windows NT 10.0; Win64; x64) AppleWebKit/537.36 (KHTML, like Gecko) Chrome/127.0.0.0 Safari/537.36"
104.143.244.180 - - [15/Jan/2026:22:32:05 -0500] "GET /?_g=2659629 HTTP/1.1" 200 54655 "-" "Mozilla/5.0 (Windows NT 10.0; Win64; x64) AppleWebKit/537.36 (KHTML, like Gecko) Chrome/139.0.0.0 Safari/537.36"
177.37.237.207 - - [15/Jan/2026:22:32:11 -0500] "POST /xmlrpc.php HTTP/1.1" 200 403 "-" "Mozilla/5.0 (Linux; Android 10; arm64) AppleWebKit/537.36 (KHTML, like Gecko) Edge/95.0.0.0 Safari/537.36"
43.173.173.6 - - [15/Jan/2026:22:32:33 -0500] "GET /2023-walkrun/ HTTP/1.1" 200 47567 "-" "Mozilla/5.0 (Windows NT 10.0; Win64; x64) AppleWebKit/537.36 (KHTML, like Gecko) Chrome/111.0.0.0 Safari/537.36"
43.173.177.67 - - [15/Jan/2026:22:32:34 -0500] "GET /wp-content/plugins/nicepage/includes/common/js/np-scripts.js?ver=1768534353 HTTP/1.1" 200 283 "https://ardaughters.org/2023-walkrun/" "Mozilla/5.0 (Windows NT 10.0; Win64; x64) AppleWebKit/537.36 (KHTML, like Gecko) Chrome/111.0.0.0 Safari/537.36"
177.37.237.207 - - [15/Jan/2026:22:33:22 -0500] "POST /xmlrpc.php HTTP/1.1" 200 403 "-" "Mozilla/5.0 (Windows NT 10.0; x64) AppleWebKit/537.36 (KHTML, like Gecko) Safari/10.0.0.0 Safari/537.36"
177.37.237.207 - - [15/Jan/2026:22:34:28 -0500] "POST /xmlrpc.php HTTP/1.1" 200 403 "-" "Mozilla/5.0 (Windows NT 6.3; arm64) AppleWebKit/537.36 (KHTML, like Gecko) Edge/84.0.0.0 Safari/537.36"
66.249.73.1 - - [15/Jan/2026:22:34:42 -0500] "GET /?_g=2970435 HTTP/1.1" 200 54655 "-" "Mozilla/5.0 (Linux; Android 6.0.1; Nexus 5X Build/MMB29P) AppleWebKit/537.36 (KHTML, like Gecko) Chrome/143.0.7499.192 Mobile Safari/537.36 (compatible; GoogleOther)"
177.37.237.207 - - [15/Jan/2026:22:35:29 -0500] "POST /xmlrpc.php HTTP/1.1" 200 403 "-" "Mozilla/5.0 (Windows NT 6.2; x64) AppleWebKit/537.36 (KHTML, like Gecko) Edge/93.0.0.0 Safari/537.36"
14.191.34.143 - - [15/Jan/2026:22:35:49 -0500] "GET /?_g=318350 HTTP/1.1" 200 74250 "-" "Mozilla/5.0 (Macintosh; Intel Mac OS X 10_15_7) AppleWebKit/537.36 (KHTML, like Gecko) Brave Chrome/89.0.4389.90 Safari/537.36"
105.111.232.75 - - [15/Jan/2026:22:35:50 -0500] "GET /?_g=219127 HTTP/1.1" 200 74250 "-" "Mozilla/5.0 (Windows NT 10.0; Win64; x64) AppleWebKit/537.36 (KHTML, like Gecko) Chrome/90.0.0.0 Safari/537.36"
66.249.73.14 - - [15/Jan/2026:22:36:20 -0500] "GET /index.php/zhHant/product/surugaya/19066218//?_g=2425712 HTTP/1.1" 301 0 "-" "Mozilla/5.0 (Linux; Android 6.0.1; Nexus 5X Build/MMB29P) AppleWebKit/537.36 (KHTML, like Gecko) Chrome/143.0.7499.192 Mobile Safari/537.36 (compatible; Googlebot/2.1; +http://www.google.com/bot.html)"
66.249.73.14 - - [15/Jan/2026:22:36:21 -0500] "GET /zhHant/product/surugaya/19066218/?_g=2425712 HTTP/1.1" 404 12150 "-" "Mozilla/5.0 (Linux; Android 6.0.1; Nexus 5X Build/MMB29P) AppleWebKit/537.36 (KHTML, like Gecko) Chrome/143.0.7499.192 Mobile Safari/537.36 (compatible; Googlebot/2.1; +http://www.google.com/bot.html)"
177.37.237.207 - - [15/Jan/2026:22:36:36 -0500] "POST /xmlrpc.php HTTP/1.1" 200 403 "-" "Mozilla/5.0 (Linux; Android 10; arm64) AppleWebKit/537.36 (KHTML, like Gecko) Chrome/110.0.0.0 Safari/537.36"
103.99.250.218 - - [15/Jan/2026:22:37:21 -0500] "GET /?_g=1846789 HTTP/1.1" 200 74256 "-" "Mozilla/5.0 (Macintosh; Intel Mac OS X 10_13_6) AppleWebKit/537.36 (KHTML, like Gecko) Chrome/91.0.4472.114 Safari/537.36"
177.37.237.207 - - [15/Jan/2026:22:38:32 -0500] "POST /xmlrpc.php HTTP/1.1" 200 403 "-" "Mozilla/5.0 (Windows NT 6.2; x86) AppleWebKit/537.36 (KHTML, like Gecko) Firefox/89.0.0.0 Safari/537.36"
66.249.73.15 - - [15/Jan/2026:22:38:39 -0500] "GET /?_g=39949 HTTP/1.1" 200 54655 "-" "Mozilla/5.0 (Linux; Android 6.0.1; Nexus 5X Build/MMB29P) AppleWebKit/537.36 (KHTML, like Gecko) Chrome/143.0.7499.192 Mobile Safari/537.36 (compatible; GoogleOther)"
14.191.22.222 - - [15/Jan/2026:22:38:47 -0500] "GET /?_g=2838757 HTTP/1.1" 200 74250 "-" "Mozilla/5.0 (Macintosh; Intel Mac OS X 10_8_0) AppleWebKit/537.36 (KHTML, like Gecko) Chrome/32.0.1664.3 Safari/537.36"
66.249.73.14 - - [15/Jan/2026:22:38:52 -0500] "GET /index.php/pcmypage//?_g=872909 HTTP/1.1" 301 0 "-" "Mozilla/5.0 (Linux; Android 6.0.1; Nexus 5X Build/MMB29P) AppleWebKit/537.36 (KHTML, like Gecko) Chrome/143.0.7499.192 Mobile Safari/537.36 (compatible; Googlebot/2.1; +http://www.google.com/bot.html)"
66.249.73.15 - - [15/Jan/2026:22:38:52 -0500] "GET /pcmypage/?_g=872909 HTTP/1.1" 404 12158 "-" "Mozilla/5.0 (Linux; Android 6.0.1; Nexus 5X Build/MMB29P) AppleWebKit/537.36 (KHTML, like Gecko) Chrome/143.0.7499.192 Mobile Safari/537.36 (compatible; Googlebot/2.1; +http://www.google.com/bot.html)"
52.167.144.59 - - [15/Jan/2026:22:39:05 -0500] "GET /robots.txt HTTP/1.1" 200 67 "-" "Mozilla/5.0 AppleWebKit/537.36 (KHTML, like Gecko; compatible; bingbot/2.0; +http://www.bing.com/bingbot.htm) Chrome/116.0.1938.76 Safari/537.36"
38.20.7.70 - - [15/Jan/2026:22:39:07 -0500] "GET /?_g=3127162 HTTP/1.1" 200 74250 "-" "Mozilla/5.0 (Windows NT 10.0; Win64; x64) AppleWebKit/537.36 (KHTML, like Gecko) Chrome/80.0.3987.116 Safari/537.36"
66.249.73.1 - - [15/Jan/2026:22:39:15 -0500] "GET /index.php/product/edit/11156469//?_g=14500 HTTP/1.1" 301 0 "-" "Mozilla/5.0 (Linux; Android 6.0.1; Nexus 5X Build/MMB29P) AppleWebKit/537.36 (KHTML, like Gecko) Chrome/143.0.7499.192 Mobile Safari/537.36 (compatible; Googlebot/2.1; +http://www.google.com/bot.html)"
66.249.73.14 - - [15/Jan/2026:22:39:15 -0500] "GET /product/edit/11156469/?_g=14500 HTTP/1.1" 404 12147 "-" "Mozilla/5.0 (Linux; Android 6.0.1; Nexus 5X Build/MMB29P) AppleWebKit/537.36 (KHTML, like Gecko) Chrome/143.0.7499.192 Mobile Safari/537.36 (compatible; Googlebot/2.1; +http://www.google.com/bot.html)"
157.55.39.58 - - [15/Jan/2026:22:39:16 -0500] "GET /?_g=2939377 HTTP/1.1" 200 54655 "-" "Mozilla/5.0 AppleWebKit/537.36 (KHTML, like Gecko; compatible; bingbot/2.0; +http://www.bing.com/bingbot.htm) Chrome/116.0.1938.76 Safari/537.36"
177.37.237.207 - - [15/Jan/2026:22:39:28 -0500] "POST /xmlrpc.php HTTP/1.1" 200 403 "-" "Mozilla/5.0 (Windows NT 10.0; x64) AppleWebKit/537.36 (KHTML, like Gecko) Chrome/103.0.0.0 Safari/537.36"
207.46.13.18 - - [15/Jan/2026:22:39:32 -0500] "GET /wp-includes/js/dist/hooks.min.js?ver=dd5603f07f9220ed27f1 HTTP/1.1" 200 1852 "-" "Mozilla/5.0 AppleWebKit/537.36 (KHTML, like Gecko; compatible; bingbot/2.0; +http://www.bing.com/bingbot.htm) Chrome/116.0.1938.76 Safari/537.36"
207.46.13.18 - - [15/Jan/2026:22:39:32 -0500] "GET /wp-content/plugins/nicepage/includes/common/js/np-scripts.js?ver=1768534756 HTTP/1.1" 200 229 "-" "Mozilla/5.0 AppleWebKit/537.36 (KHTML, like Gecko; compatible; bingbot/2.0; +http://www.bing.com/bingbot.htm) Chrome/116.0.1938.76 Safari/537.36"
207.46.13.18 - - [15/Jan/2026:22:39:32 -0500] "GET /wp-includes/js/dist/i18n.min.js?ver=c26c3dc7bed366793375 HTTP/1.1" 200 2119 "-" "Mozilla/5.0 AppleWebKit/537.36 (KHTML, like Gecko; compatible; bingbot/2.0; +http://www.bing.com/bingbot.htm) Chrome/116.0.1938.76 Safari/537.36"
157.55.39.58 - - [15/Jan/2026:22:39:36 -0500] "GET /wp-content/plugins/contact-form-7/includes/swv/js/index.js?ver=6.1.4 HTTP/1.1" 200 3369 "-" "Mozilla/5.0 AppleWebKit/537.36 (KHTML, like Gecko; compatible; bingbot/2.0; +http://www.bing.com/bingbot.htm) Chrome/116.0.1938.76 Safari/537.36"
157.55.39.58 - - [15/Jan/2026:22:39:36 -0500] "GET /wp-includes/js/jquery/jquery-migrate.min.js?ver=3.4.1 HTTP/1.1" 200 4678 "-" "Mozilla/5.0 AppleWebKit/537.36 (KHTML, like Gecko; compatible; bingbot/2.0; +http://www.bing.com/bingbot.htm) Chrome/116.0.1938.76 Safari/537.36"
