114.119.146.215 - - [15/Jan/2026:11:39:42 -0500] "GET /?_g=1326899 HTTP/1.1" 200 31480 "-" "Mozilla/5.0 (Linux; Android 7.0;) AppleWebKit/537.36 (KHTML, like Gecko) Mobile Safari/537.36 (compatible; PetalBot;+https://webmaster.petalsearch.com/site/petalbot)"
114.119.148.165 - - [15/Jan/2026:11:41:05 -0500] "GET /?_g=2518140 HTTP/1.1" 200 31480 "https://tuzdayscloset.com/sitemap.xml" "Mozilla/5.0 (Linux; Android 7.0;) AppleWebKit/537.36 (KHTML, like Gecko) Mobile Safari/537.36 (compatible; PetalBot;+https://webmaster.petalsearch.com/site/petalbot)"
43.153.86.78 - - [15/Jan/2026:12:06:33 -0500] "GET / HTTP/1.1" 200 31480 "http://tuzdayscloset.com" "Mozilla/5.0 (iPhone; CPU iPhone OS 13_2_3 like Mac OS X) AppleWebKit/605.1.15 (KHTML, like Gecko) Version/13.0.3 Mobile/15E148 Safari/604.1"
66.29.137.46 - - [15/Jan/2026:12:30:38 -0500] "POST /wp-cron.php?doing_wp_cron=1768498238.8719639778137207031250 HTTP/1.1" 200 0 "-" "WordPress/6.9; https://tuzdayscloset.com"
66.249.73.66 - - [15/Jan/2026:12:30:37 -0500] "GET /zhHant/product/surugaya/61322649?campaign_uid=f64d716db5e979ed2f947dbaf4296895b951ae7f HTTP/1.1" 404 11989 "-" "Mozilla/5.0 (Linux; Android 6.0.1; Nexus 5X Build/MMB29P) AppleWebKit/537.36 (KHTML, like Gecko) Chrome/143.0.7499.192 Mobile Safari/537.36 (compatible; Googlebot/2.1; +http://www.google.com/bot.html)"
68.155.146.3 - - [15/Jan/2026:12:40:18 -0500] "GET /wp-content/plugins/hellopress/wp_filemanager.php HTTP/1.1" 404 61375 "-" "-"
68.155.146.3 - - [15/Jan/2026:12:40:19 -0500] "GET /ver.php HTTP/1.1" 404 61375 "-" "-"
68.155.146.3 - - [15/Jan/2026:12:40:20 -0500] "GET /ultra.php HTTP/1.1" 404 61375 "-" "-"
68.155.146.3 - - [15/Jan/2026:12:40:20 -0500] "GET /pro.php HTTP/1.1" 404 61375 "-" "-"
68.155.146.3 - - [15/Jan/2026:12:40:20 -0500] "GET /wp-good.php HTTP/1.1" 404 61375 "-" "-"
68.155.146.3 - - [15/Jan/2026:12:40:21 -0500] "GET /e.php HTTP/1.1" 404 61375 "-" "-"
68.155.146.3 - - [15/Jan/2026:12:40:21 -0500] "GET /data.php HTTP/1.1" 404 61375 "-" "-"
68.155.146.3 - - [15/Jan/2026:12:40:21 -0500] "GET /abcd.php HTTP/1.1" 404 61375 "-" "-"
68.155.146.3 - - [15/Jan/2026:12:40:22 -0500] "GET /z.php HTTP/1.1" 404 61375 "-" "-"
68.155.146.3 - - [15/Jan/2026:12:40:22 -0500] "GET /css.php HTTP/1.1" 404 61375 "-" "-"
68.155.146.3 - - [15/Jan/2026:12:40:22 -0500] "GET /image.php HTTP/1.1" 404 61375 "-" "-"
68.155.146.3 - - [15/Jan/2026:12:40:22 -0500] "GET /file22.php HTTP/1.1" 404 61375 "-" "-"
68.155.146.3 - - [15/Jan/2026:12:40:23 -0500] "GET /check.php HTTP/1.1" 404 61375 "-" "-"
68.155.146.3 - - [15/Jan/2026:12:40:23 -0500] "GET /wp-header-json.php HTTP/1.1" 404 61375 "-" "-"
68.155.146.3 - - [15/Jan/2026:12:40:24 -0500] "GET /fm.php HTTP/1.1" 404 61375 "-" "-"
68.155.146.3 - - [15/Jan/2026:12:40:24 -0500] "GET /1.php HTTP/1.1" 404 61375 "-" "-"
68.155.146.3 - - [15/Jan/2026:12:40:24 -0500] "GET /ws.php HTTP/1.1" 404 61375 "-" "-"
68.155.146.3 - - [15/Jan/2026:12:40:25 -0500] "GET /xxxx.php HTTP/1.1" 404 61375 "-" "-"
68.155.146.3 - - [15/Jan/2026:12:40:25 -0500] "GET /wp-configs.php HTTP/1.1" 404 61375 "-" "-"
68.155.146.3 - - [15/Jan/2026:12:40:25 -0500] "GET /xmlrpc.php HTTP/1.1" 405 42 "-" "-"
68.155.146.3 - - [15/Jan/2026:12:40:25 -0500] "GET /file56.php HTTP/1.1" 404 61375 "-" "-"
68.155.146.3 - - [15/Jan/2026:12:40:25 -0500] "GET /990.php HTTP/1.1" 404 61375 "-" "-"
68.155.146.3 - - [15/Jan/2026:12:40:26 -0500] "GET /error.php HTTP/1.1" 404 61375 "-" "-"
68.155.146.3 - - [15/Jan/2026:12:40:26 -0500] "GET /admin.php HTTP/1.1" 404 61375 "-" "-"
68.155.146.3 - - [15/Jan/2026:12:40:26 -0500] "GET /bless.php HTTP/1.1" 404 61375 "-" "-"
66.29.137.46 - - [15/Jan/2026:12:41:45 -0500] "POST /wp-cron.php?doing_wp_cron=1768498905.7009770870208740234375 HTTP/1.1" 200 0 "-" "WordPress/6.9; https://tuzdayscloset.com"
114.119.159.148 - - [15/Jan/2026:12:41:45 -0500] "GET /?_g=277730 HTTP/1.1" 200 31480 "https://tuzdayscloset.com/sitemap.xml" "Mozilla/5.0 (Linux; Android 7.0;) AppleWebKit/537.36 (KHTML, like Gecko) Mobile Safari/537.36 (compatible; PetalBot;+https://webmaster.petalsearch.com/site/petalbot)"
114.119.157.118 - - [15/Jan/2026:12:43:09 -0500] "GET /?_g=212511 HTTP/1.1" 200 31480 "https://tuzdayscloset.com/sitemap.xml" "Mozilla/5.0 (Linux; Android 7.0;) AppleWebKit/537.36 (KHTML, like Gecko) Mobile Safari/537.36 (compatible; PetalBot;+https://webmaster.petalsearch.com/site/petalbot)"
114.119.146.215 - - [15/Jan/2026:12:44:20 -0500] "GET /?_g=1296747 HTTP/1.1" 200 31480 "https://tuzdayscloset.com/sitemap.xml" "Mozilla/5.0 (Linux; Android 7.0;) AppleWebKit/537.36 (KHTML, like Gecko) Mobile Safari/537.36 (compatible; PetalBot;+https://webmaster.petalsearch.com/site/petalbot)"
66.29.137.46 - - [15/Jan/2026:13:08:39 -0500] "POST /wp-cron.php?doing_wp_cron=1768500519.3842918872833251953125 HTTP/1.1" 200 0 "-" "WordPress/6.9; https://tuzdayscloset.com"
114.119.131.211 - - [15/Jan/2026:13:08:38 -0500] "GET /?_g=771815 HTTP/1.1" 200 31480 "https://tuzdayscloset.com/sitemap.xml" "Mozilla/5.0 (Linux; Android 7.0;) AppleWebKit/537.36 (KHTML, like Gecko) Mobile Safari/537.36 (compatible; PetalBot;+https://webmaster.petalsearch.com/site/petalbot)"
114.119.131.211 - - [15/Jan/2026:13:09:59 -0500] "GET /?_g=495485 HTTP/1.1" 200 31480 "https://tuzdayscloset.com/sitemap.xml" "Mozilla/5.0 (Linux; Android 7.0;) AppleWebKit/537.36 (KHTML, like Gecko) Mobile Safari/537.36 (compatible; PetalBot;+https://webmaster.petalsearch.com/site/petalbot)"
66.29.137.46 - - [15/Jan/2026:13:11:25 -0500] "POST /wp-cron.php?doing_wp_cron=1768500685.4628419876098632812500 HTTP/1.1" 200 0 "-" "WordPress/6.9; https://tuzdayscloset.com"
114.119.146.215 - - [15/Jan/2026:13:11:24 -0500] "GET /?_g=2992955 HTTP/1.1" 200 31480 "-" "Mozilla/5.0 (Linux; Android 7.0;) AppleWebKit/537.36 (KHTML, like Gecko) Mobile Safari/537.36 (compatible; PetalBot;+https://webmaster.petalsearch.com/site/petalbot)"
52.200.142.199 - - [15/Jan/2026:13:12:32 -0500] "GET /robots.txt HTTP/1.1" 200 69 "-" "Mozilla/5.0 AppleWebKit/537.36 (KHTML, like Gecko; compatible; Amazonbot/0.1; +https://developer.amazon.com/support/amazonbot) Chrome/119.0.6045.214 Safari/537.36"
18.204.89.56 - - [15/Jan/2026:13:12:34 -0500] "GET /sample-page/feed/ HTTP/1.1" 200 448 "-" "Mozilla/5.0 AppleWebKit/537.36 (KHTML, like Gecko; compatible; Amazonbot/0.1; +https://developer.amazon.com/support/amazonbot) Chrome/119.0.6045.214 Safari/537.36"
18.213.27.222 - - [15/Jan/2026:13:12:39 -0500] "GET /wp-json/oembed/1.0/embed?format=xml&url=https://tuzdayscloset.com/sample-page/ HTTP/1.1" 200 1121 "-" "Mozilla/5.0 AppleWebKit/537.36 (KHTML, like Gecko; compatible; Amazonbot/0.1; +https://developer.amazon.com/support/amazonbot) Chrome/119.0.6045.214 Safari/537.36"
114.119.146.215 - - [15/Jan/2026:13:12:44 -0500] "GET /?_g=2796443 HTTP/1.1" 200 31480 "https://tuzdayscloset.com/sitemap.xml" "Mozilla/5.0 (Linux; Android 7.0;) AppleWebKit/537.36 (KHTML, like Gecko) Mobile Safari/537.36 (compatible; PetalBot;+https://webmaster.petalsearch.com/site/petalbot)"
114.119.146.114 - - [15/Jan/2026:13:14:08 -0500] "GET /?_g=2473487 HTTP/1.1" 200 31480 "-" "Mozilla/5.0 (Linux; Android 7.0;) AppleWebKit/537.36 (KHTML, like Gecko) Mobile Safari/537.36 (compatible; PetalBot;+https://webmaster.petalsearch.com/site/petalbot)"
66.249.73.65 - - [15/Jan/2026:13:14:55 -0500] "GET /?_g=1533964 HTTP/1.1" 200 27585 "-" "Mozilla/5.0 (Linux; Android 6.0.1; Nexus 5X Build/MMB29P) AppleWebKit/537.36 (KHTML, like Gecko) Chrome/143.0.7499.192 Mobile Safari/537.36 (compatible; Googlebot/2.1; +http://www.google.com/bot.html)"
114.119.148.165 - - [15/Jan/2026:13:15:31 -0500] "GET /?_g=2208550 HTTP/1.1" 200 31480 "-" "Mozilla/5.0 (Linux; Android 7.0;) AppleWebKit/537.36 (KHTML, like Gecko) Mobile Safari/537.36 (compatible; PetalBot;+https://webmaster.petalsearch.com/site/petalbot)"
114.119.154.124 - - [15/Jan/2026:13:16:58 -0500] "GET /?_g=2038825 HTTP/1.1" 200 31480 "-" "Mozilla/5.0 (Linux; Android 7.0;) AppleWebKit/537.36 (KHTML, like Gecko) Mobile Safari/537.36 (compatible; PetalBot;+https://webmaster.petalsearch.com/site/petalbot)"
51.222.95.105 - - [15/Jan/2026:13:17:13 -0500] "GET /sitemap.xml HTTP/1.1" 301 0 "-" "Mozilla/5.0 (compatible; AhrefsBot/7.0; +http://ahrefs.com/robot/)"
51.222.95.105 - - [15/Jan/2026:13:17:14 -0500] "GET /wp-sitemap.xml HTTP/1.1" 200 193 "-" "Mozilla/5.0 (compatible; AhrefsBot/7.0; +http://ahrefs.com/robot/)"
54.39.210.192 - - [15/Jan/2026:13:17:17 -0500] "GET /wp-sitemap-posts-post-1.xml HTTP/1.1" 200 204 "-" "Mozilla/5.0 (compatible; AhrefsBot/7.0; +http://ahrefs.com/robot/)"
54.39.6.91 - - [15/Jan/2026:13:17:20 -0500] "GET /wp-sitemap-posts-page-1.xml HTTP/1.1" 200 211 "-" "Mozilla/5.0 (compatible; AhrefsBot/7.0; +http://ahrefs.com/robot/)"
142.44.220.142 - - [15/Jan/2026:13:17:24 -0500] "GET /wp-sitemap-taxonomies-category-1.xml HTTP/1.1" 200 164 "-" "Mozilla/5.0 (compatible; AhrefsBot/7.0; +http://ahrefs.com/robot/)"
51.222.168.74 - - [15/Jan/2026:13:17:27 -0500] "GET /wp-sitemap-users-1.xml HTTP/1.1" 200 159 "-" "Mozilla/5.0 (compatible; AhrefsBot/7.0; +http://ahrefs.com/robot/)"
114.119.148.165 - - [15/Jan/2026:13:18:18 -0500] "GET /?_g=1990880 HTTP/1.1" 200 31477 "-" "Mozilla/5.0 (Linux; Android 7.0;) AppleWebKit/537.36 (KHTML, like Gecko) Mobile Safari/537.36 (compatible; PetalBot;+https://webmaster.petalsearch.com/site/petalbot)"
114.119.154.124 - - [15/Jan/2026:13:19:42 -0500] "GET /?_g=1748951 HTTP/1.1" 200 31480 "-" "Mozilla/5.0 (Linux; Android 7.0;) AppleWebKit/537.36 (KHTML, like Gecko) Mobile Safari/537.36 (compatible; PetalBot;+https://webmaster.petalsearch.com/site/petalbot)"
114.119.148.165 - - [15/Jan/2026:13:21:05 -0500] "GET /?_g=143511 HTTP/1.1" 200 31480 "-" "Mozilla/5.0 (Linux; Android 7.0;) AppleWebKit/537.36 (KHTML, like Gecko) Mobile Safari/537.36 (compatible; PetalBot;+https://webmaster.petalsearch.com/site/petalbot)"
192.36.198.147 - - [15/Jan/2026:13:33:55 -0500] "GET / HTTP/1.1" 200 31480 "http://tuzdayscloset.com/" "Mozilla/5.0 (Android 14; Mobile; rv:123.0) Gecko/123.0 Firefox/123"
138.68.51.10 - - [15/Jan/2026:13:38:06 -0500] "GET / HTTP/1.1" 200 31480 "-" "Mozilla/5.0 (Windows NT 10.0; Win64; x64) AppleWebKit/537.36"
138.68.51.10 - - [15/Jan/2026:13:38:06 -0500] "GET /wp-content/plugins/nicepage/assets/js/nicepage.js?ver=5.0.7 HTTP/1.1" 200 85968 "-" "Mozilla/5.0 (Windows NT 10.0; Win64; x64) AppleWebKit/537.36"
138.68.51.10 - - [15/Jan/2026:13:38:07 -0500] "GET /wp-includes/js/jquery/jquery-migrate.min.js?ver=3.4.1 HTTP/1.1" 200 5233 "-" "Mozilla/5.0 (Windows NT 10.0; Win64; x64) AppleWebKit/537.36"
138.68.51.10 - - [15/Jan/2026:13:38:07 -0500] "GET /wp-includes/js/jquery/jquery.min.js?ver=3.7.1 HTTP/1.1" 200 34296 "-" "Mozilla/5.0 (Windows NT 10.0; Win64; x64) AppleWebKit/537.36"
66.29.137.46 - - [15/Jan/2026:13:58:12 -0500] "POST /wp-cron.php?doing_wp_cron=1768503492.6605429649353027343750 HTTP/1.1" 200 0 "-" "WordPress/6.9; https://tuzdayscloset.com"
18.206.47.187 - - [15/Jan/2026:13:58:10 -0500] "GET /wp-json/oembed/1.0/embed?url=https://tuzdayscloset.com/sample-page/ HTTP/1.1" 200 2189 "-" "Mozilla/5.0 AppleWebKit/537.36 (KHTML, like Gecko; compatible; Amazonbot/0.1; +https://developer.amazon.com/support/amazonbot) Chrome/119.0.6045.214 Safari/537.36"
66.29.137.46 - - [15/Jan/2026:14:05:42 -0500] "POST /wp-cron.php?doing_wp_cron=1768503942.3718280792236328125000 HTTP/1.1" 200 0 "-" "WordPress/6.9; https://tuzdayscloset.com"
66.249.73.67 - - [15/Jan/2026:14:05:41 -0500] "GET /product/edit/84611281 HTTP/1.1" 404 11989 "-" "Mozilla/5.0 (Linux; Android 6.0.1; Nexus 5X Build/MMB29P) AppleWebKit/537.36 (KHTML, like Gecko) Chrome/143.0.7499.192 Mobile Safari/537.36 (compatible; Googlebot/2.1; +http://www.google.com/bot.html)"
66.29.137.46 - - [15/Jan/2026:14:17:08 -0500] "POST /wp-cron.php?doing_wp_cron=1768504628.6376450061798095703125 HTTP/1.1" 200 0 "-" "WordPress/6.9; https://tuzdayscloset.com"
66.249.73.65 - - [15/Jan/2026:14:17:07 -0500] "GET /?_g=1993711 HTTP/1.1" 200 27585 "-" "Mozilla/5.0 (Linux; Android 6.0.1; Nexus 5X Build/MMB29P) AppleWebKit/537.36 (KHTML, like Gecko) Chrome/143.0.7499.192 Mobile Safari/537.36 (compatible; Googlebot/2.1; +http://www.google.com/bot.html)"
66.29.137.46 - - [15/Jan/2026:14:36:05 -0500] "POST /wp-cron.php?doing_wp_cron=1768505765.9820110797882080078125 HTTP/1.1" 200 0 "-" "WordPress/6.9; https://tuzdayscloset.com"
66.249.73.67 - - [15/Jan/2026:14:36:04 -0500] "GET /?_g=1248358 HTTP/1.1" 200 27585 "-" "Mozilla/5.0 (Linux; Android 6.0.1; Nexus 5X Build/MMB29P) AppleWebKit/537.36 (KHTML, like Gecko) Chrome/143.0.7499.192 Mobile Safari/537.36 (compatible; Googlebot/2.1; +http://www.google.com/bot.html)"
49.233.45.47 - - [15/Jan/2026:14:37:42 -0500] "GET / HTTP/1.1" 200 31480 "http://tuzdayscloset.com" "Mozilla/5.0 (iPhone; CPU iPhone OS 13_2_3 like Mac OS X) AppleWebKit/605.1.15 (KHTML, like Gecko) Version/13.0.3 Mobile/15E148 Safari/604.1"
66.29.137.46 - - [15/Jan/2026:15:14:40 -0500] "POST /wp-cron.php?doing_wp_cron=1768508080.3589138984680175781250 HTTP/1.1" 200 0 "-" "WordPress/6.9; https://tuzdayscloset.com"
66.249.73.67 - - [15/Jan/2026:15:14:38 -0500] "GET /?_g=789209 HTTP/1.1" 200 27585 "-" "Mozilla/5.0 (Linux; Android 6.0.1; Nexus 5X Build/MMB29P) AppleWebKit/537.36 (KHTML, like Gecko) Chrome/143.0.7499.192 Mobile Safari/537.36 (compatible; Googlebot/2.1; +http://www.google.com/bot.html)"
66.249.73.67 - - [15/Jan/2026:15:17:50 -0500] "GET /?_g=2584670 HTTP/1.1" 200 27585 "-" "Mozilla/5.0 (Linux; Android 6.0.1; Nexus 5X Build/MMB29P) AppleWebKit/537.36 (KHTML, like Gecko) Chrome/143.0.7499.192 Mobile Safari/537.36 (compatible; Googlebot/2.1; +http://www.google.com/bot.html)"
66.249.73.66 - - [15/Jan/2026:15:21:02 -0500] "GET /?_g=8883 HTTP/1.1" 200 27585 "-" "Mozilla/5.0 (Linux; Android 6.0.1; Nexus 5X Build/MMB29P) AppleWebKit/537.36 (KHTML, like Gecko) Chrome/143.0.7499.192 Mobile Safari/537.36 (compatible; Googlebot/2.1; +http://www.google.com/bot.html)"
66.29.137.46 - - [15/Jan/2026:15:31:38 -0500] "POST /wp-cron.php?doing_wp_cron=1768509098.1703391075134277343750 HTTP/1.1" 200 0 "-" "WordPress/6.9; https://tuzdayscloset.com"
66.249.73.67 - - [15/Jan/2026:15:31:37 -0500] "GET /?_g=365939 HTTP/1.1" 200 27585 "-" "Mozilla/5.0 (Linux; Android 6.0.1; Nexus 5X Build/MMB29P) AppleWebKit/537.36 (KHTML, like Gecko) Chrome/143.0.7499.192 Mobile Safari/537.36 (compatible; Googlebot/2.1; +http://www.google.com/bot.html)"
66.249.73.67 - - [15/Jan/2026:15:33:47 -0500] "GET /?_g=2414541 HTTP/1.1" 200 27585 "-" "Mozilla/5.0 (Linux; Android 6.0.1; Nexus 5X Build/MMB29P) AppleWebKit/537.36 (KHTML, like Gecko) Chrome/143.0.7499.192 Mobile Safari/537.36 (compatible; Googlebot/2.1; +http://www.google.com/bot.html)"
44.218.170.184 - - [15/Jan/2026:15:35:34 -0500] "GET /wp-json/wp/v2/pages/2 HTTP/1.1" 200 2940 "-" "Mozilla/5.0 AppleWebKit/537.36 (KHTML, like Gecko; compatible; Amazonbot/0.1; +https://developer.amazon.com/support/amazonbot) Chrome/119.0.6045.214 Safari/537.36"
66.249.73.65 - - [15/Jan/2026:15:35:52 -0500] "GET /?_g=625731 HTTP/1.1" 200 27585 "-" "Mozilla/5.0 (Linux; Android 6.0.1; Nexus 5X Build/MMB29P) AppleWebKit/537.36 (KHTML, like Gecko) Chrome/143.0.7499.192 Mobile Safari/537.36 (compatible; Googlebot/2.1; +http://www.google.com/bot.html)"
51.89.25.52 - - [15/Jan/2026:15:36:59 -0500] "GET /images/images/cache.php HTTP/1.1" 404 61375 "-" "Mozilla/5.0 (Windows NT 10.0; Win64; x64) AppleWebKit/537.36 (KHTML, like Gecko) Chrome/127.0.0.0 Safari/537.36"
51.89.25.52 - - [15/Jan/2026:15:37:07 -0500] "GET /wp-content/plugins/cidaas-pro-master/composer.json HTTP/1.1" 403 1242 "-" "Mozilla/5.0 (Windows NT 10.0; Win64; x64) AppleWebKit/537.36 (KHTML, like Gecko) Chrome/127.0.0.0 Safari/537.36"
66.249.73.67 - - [15/Jan/2026:15:38:26 -0500] "GET /?_g=330580 HTTP/1.1" 200 27585 "-" "Mozilla/5.0 (Linux; Android 6.0.1; Nexus 5X Build/MMB29P) AppleWebKit/537.36 (KHTML, like Gecko) Chrome/143.0.7499.192 Mobile Safari/537.36 (compatible; Googlebot/2.1; +http://www.google.com/bot.html)"
66.29.137.46 - - [15/Jan/2026:15:44:58 -0500] "POST /wp-cron.php?doing_wp_cron=1768509898.8153951168060302734375 HTTP/1.1" 200 0 "-" "WordPress/6.9; https://tuzdayscloset.com"
66.249.73.67 - - [15/Jan/2026:15:44:57 -0500] "GET /?_g=655189 HTTP/1.1" 200 27585 "-" "Mozilla/5.0 (Linux; Android 6.0.1; Nexus 5X Build/MMB29P) AppleWebKit/537.36 (KHTML, like Gecko) Chrome/143.0.7499.192 Mobile Safari/537.36 (compatible; Googlebot/2.1; +http://www.google.com/bot.html)"
66.249.73.67 - - [15/Jan/2026:15:46:34 -0500] "GET /?_g=1078566 HTTP/1.1" 200 27585 "-" "Mozilla/5.0 (Linux; Android 6.0.1; Nexus 5X Build/MMB29P) AppleWebKit/537.36 (KHTML, like Gecko) Chrome/143.0.7499.192 Mobile Safari/537.36 (compatible; Googlebot/2.1; +http://www.google.com/bot.html)"
66.249.73.67 - - [15/Jan/2026:15:49:45 -0500] "GET /?_g=1247072 HTTP/1.1" 200 27585 "-" "Mozilla/5.0 (Linux; Android 6.0.1; Nexus 5X Build/MMB29P) AppleWebKit/537.36 (KHTML, like Gecko) Chrome/143.0.7499.192 Mobile Safari/537.36 (compatible; Googlebot/2.1; +http://www.google.com/bot.html)"
66.29.137.46 - - [15/Jan/2026:16:23:24 -0500] "POST /wp-cron.php?doing_wp_cron=1768512204.8493020534515380859375 HTTP/1.1" 200 0 "-" "WordPress/6.9; https://tuzdayscloset.com"
66.249.73.67 - - [15/Jan/2026:16:23:23 -0500] "GET /?_g=979659 HTTP/1.1" 200 27585 "-" "Mozilla/5.0 (Linux; Android 6.0.1; Nexus 5X Build/MMB29P) AppleWebKit/537.36 (KHTML, like Gecko) Chrome/143.0.7499.192 Mobile Safari/537.36 (compatible; Googlebot/2.1; +http://www.google.com/bot.html)"
66.29.137.46 - - [15/Jan/2026:16:32:00 -0500] "POST /wp-cron.php?doing_wp_cron=1768512720.7610030174255371093750 HTTP/1.1" 200 0 "-" "WordPress/6.9; https://tuzdayscloset.com"
114.119.131.211 - - [15/Jan/2026:16:31:59 -0500] "GET /?_g=978830 HTTP/1.1" 200 31480 "https://tuzdayscloset.com/sitemap.xml" "Mozilla/5.0 (Linux; Android 7.0;) AppleWebKit/537.36 (KHTML, like Gecko) Mobile Safari/537.36 (compatible; PetalBot;+https://webmaster.petalsearch.com/site/petalbot)"
114.119.146.114 - - [15/Jan/2026:16:33:23 -0500] "GET /?_g=2344894 HTTP/1.1" 200 31480 "-" "Mozilla/5.0 (Linux; Android 7.0;) AppleWebKit/537.36 (KHTML, like Gecko) Mobile Safari/537.36 (compatible; PetalBot;+https://webmaster.petalsearch.com/site/petalbot)"
114.119.154.124 - - [15/Jan/2026:16:34:46 -0500] "GET /?_g=2143262 HTTP/1.1" 200 31480 "https://tuzdayscloset.com/sitemap.xml" "Mozilla/5.0 (Linux; Android 7.0;) AppleWebKit/537.36 (KHTML, like Gecko) Mobile Safari/537.36 (compatible; PetalBot;+https://webmaster.petalsearch.com/site/petalbot)"
142.44.220.135 - - [15/Jan/2026:16:48:15 -0500] "GET /sitemap.xml HTTP/1.1" 301 0 "-" "Mozilla/5.0 (compatible; AhrefsBot/7.0; +http://ahrefs.com/robot/)"
142.44.220.135 - - [15/Jan/2026:16:48:15 -0500] "GET /wp-sitemap.xml HTTP/1.1" 200 193 "-" "Mozilla/5.0 (compatible; AhrefsBot/7.0; +http://ahrefs.com/robot/)"
51.161.65.188 - - [15/Jan/2026:16:48:19 -0500] "GET /wp-sitemap-posts-post-1.xml HTTP/1.1" 200 204 "-" "Mozilla/5.0 (compatible; AhrefsBot/7.0; +http://ahrefs.com/robot/)"
54.39.210.104 - - [15/Jan/2026:16:48:22 -0500] "GET /wp-sitemap-posts-page-1.xml HTTP/1.1" 200 211 "-" "Mozilla/5.0 (compatible; AhrefsBot/7.0; +http://ahrefs.com/robot/)"
142.44.225.104 - - [15/Jan/2026:16:48:26 -0500] "GET /wp-sitemap-taxonomies-category-1.xml HTTP/1.1" 200 164 "-" "Mozilla/5.0 (compatible; AhrefsBot/7.0; +http://ahrefs.com/robot/)"
142.44.233.24 - - [15/Jan/2026:16:48:29 -0500] "GET /wp-sitemap-users-1.xml HTTP/1.1" 200 159 "-" "Mozilla/5.0 (compatible; AhrefsBot/7.0; +http://ahrefs.com/robot/)"
66.29.137.46 - - [15/Jan/2026:16:48:58 -0500] "POST /wp-cron.php?doing_wp_cron=1768513738.5953059196472167968750 HTTP/1.1" 200 0 "-" "WordPress/6.9; https://tuzdayscloset.com"
114.119.146.114 - - [15/Jan/2026:16:48:57 -0500] "GET /?_g=717378 HTTP/1.1" 200 31480 "https://tuzdayscloset.com/sitemap.xml" "Mozilla/5.0 (Linux; Android 7.0;) AppleWebKit/537.36 (KHTML, like Gecko) Mobile Safari/537.36 (compatible; PetalBot;+https://webmaster.petalsearch.com/site/petalbot)"
114.119.133.204 - - [15/Jan/2026:16:50:21 -0500] "GET /?_g=479843 HTTP/1.1" 200 31480 "-" "Mozilla/5.0 (Linux; Android 7.0;) AppleWebKit/537.36 (KHTML, like Gecko) Mobile Safari/537.36 (compatible; PetalBot;+https://webmaster.petalsearch.com/site/petalbot)"
114.119.159.148 - - [15/Jan/2026:16:51:45 -0500] "GET /?_g=311168 HTTP/1.1" 200 31480 "-" "Mozilla/5.0 (Linux; Android 7.0;) AppleWebKit/537.36 (KHTML, like Gecko) Mobile Safari/537.36 (compatible; PetalBot;+https://webmaster.petalsearch.com/site/petalbot)"
114.119.154.124 - - [15/Jan/2026:16:53:07 -0500] "GET /?_g=2740400 HTTP/1.1" 200 31480 "https://tuzdayscloset.com/sitemap.xml" "Mozilla/5.0 (Linux; Android 7.0;) AppleWebKit/537.36 (KHTML, like Gecko) Mobile Safari/537.36 (compatible; PetalBot;+https://webmaster.petalsearch.com/site/petalbot)"
114.119.131.211 - - [15/Jan/2026:16:54:32 -0500] "GET /?_g=2403211 HTTP/1.1" 200 31480 "https://tuzdayscloset.com/sitemap.xml" "Mozilla/5.0 (Linux; Android 7.0;) AppleWebKit/537.36 (KHTML, like Gecko) Mobile Safari/537.36 (compatible; PetalBot;+https://webmaster.petalsearch.com/site/petalbot)"
114.119.148.165 - - [15/Jan/2026:16:55:55 -0500] "GET /?_g=225176 HTTP/1.1" 200 31480 "https://tuzdayscloset.com/sitemap.xml" "Mozilla/5.0 (Linux; Android 7.0;) AppleWebKit/537.36 (KHTML, like Gecko) Mobile Safari/537.36 (compatible; PetalBot;+https://webmaster.petalsearch.com/site/petalbot)"
114.119.131.211 - - [15/Jan/2026:16:57:18 -0500] "GET /?_g=139155 HTTP/1.1" 200 31480 "-" "Mozilla/5.0 (Linux; Android 7.0;) AppleWebKit/537.36 (KHTML, like Gecko) Mobile Safari/537.36 (compatible; PetalBot;+https://webmaster.petalsearch.com/site/petalbot)"
114.119.146.215 - - [15/Jan/2026:16:58:43 -0500] "GET /?_g=138211 HTTP/1.1" 200 31480 "https://tuzdayscloset.com/sitemap.xml" "Mozilla/5.0 (Linux; Android 7.0;) AppleWebKit/537.36 (KHTML, like Gecko) Mobile Safari/537.36 (compatible; PetalBot;+https://webmaster.petalsearch.com/site/petalbot)"
66.29.137.46 - - [15/Jan/2026:17:00:08 -0500] "POST /wp-cron.php?doing_wp_cron=1768514408.0694799423217773437500 HTTP/1.1" 200 0 "-" "WordPress/6.9; https://tuzdayscloset.com"
114.119.148.165 - - [15/Jan/2026:17:00:06 -0500] "GET /?_g=1113463 HTTP/1.1" 200 31480 "https://tuzdayscloset.com/sitemap.xml" "Mozilla/5.0 (Linux; Android 7.0;) AppleWebKit/537.36 (KHTML, like Gecko) Mobile Safari/537.36 (compatible; PetalBot;+https://webmaster.petalsearch.com/site/petalbot)"
114.119.131.211 - - [15/Jan/2026:17:01:30 -0500] "GET /?_g=1085448 HTTP/1.1" 200 31480 "https://tuzdayscloset.com/sitemap.xml" "Mozilla/5.0 (Linux; Android 7.0;) AppleWebKit/537.36 (KHTML, like Gecko) Mobile Safari/537.36 (compatible; PetalBot;+https://webmaster.petalsearch.com/site/petalbot)"
66.29.137.46 - - [15/Jan/2026:17:02:56 -0500] "POST /wp-cron.php?doing_wp_cron=1768514575.9551839828491210937500 HTTP/1.1" 200 0 "-" "WordPress/6.9; https://tuzdayscloset.com"
114.119.159.148 - - [15/Jan/2026:17:02:54 -0500] "GET /?_g=97545 HTTP/1.1" 200 31480 "https://tuzdayscloset.com/sitemap.xml" "Mozilla/5.0 (Linux; Android 7.0;) AppleWebKit/537.36 (KHTML, like Gecko) Mobile Safari/537.36 (compatible; PetalBot;+https://webmaster.petalsearch.com/site/petalbot)"
114.119.146.114 - - [15/Jan/2026:17:04:46 -0500] "GET /?_g=867738 HTTP/1.1" 200 31480 "-" "Mozilla/5.0 (Linux; Android 7.0;) AppleWebKit/537.36 (KHTML, like Gecko) Mobile Safari/537.36 (compatible; PetalBot;+https://webmaster.petalsearch.com/site/petalbot)"
114.119.157.118 - - [15/Jan/2026:17:05:44 -0500] "GET /?_g=862725 HTTP/1.1" 200 31480 "https://tuzdayscloset.com/sitemap.xml" "Mozilla/5.0 (Linux; Android 7.0;) AppleWebKit/537.36 (KHTML, like Gecko) Mobile Safari/537.36 (compatible; PetalBot;+https://webmaster.petalsearch.com/site/petalbot)"
114.119.146.215 - - [15/Jan/2026:17:07:04 -0500] "GET /?_g=806446 HTTP/1.1" 200 31480 "https://tuzdayscloset.com/sitemap.xml" "Mozilla/5.0 (Linux; Android 7.0;) AppleWebKit/537.36 (KHTML, like Gecko) Mobile Safari/537.36 (compatible; PetalBot;+https://webmaster.petalsearch.com/site/petalbot)"
114.119.133.204 - - [15/Jan/2026:17:08:28 -0500] "GET /?_g=642192 HTTP/1.1" 200 31480 "-" "Mozilla/5.0 (Linux; Android 7.0;) AppleWebKit/537.36 (KHTML, like Gecko) Mobile Safari/537.36 (compatible; PetalBot;+https://webmaster.petalsearch.com/site/petalbot)"
114.119.133.204 - - [15/Jan/2026:17:09:51 -0500] "GET /?_g=387906 HTTP/1.1" 200 31480 "https://tuzdayscloset.com/sitemap.xml" "Mozilla/5.0 (Linux; Android 7.0;) AppleWebKit/537.36 (KHTML, like Gecko) Mobile Safari/537.36 (compatible; PetalBot;+https://webmaster.petalsearch.com/site/petalbot)"
66.29.137.46 - - [15/Jan/2026:17:11:16 -0500] "POST /wp-cron.php?doing_wp_cron=1768515076.2717359066009521484375 HTTP/1.1" 200 0 "-" "WordPress/6.9; https://tuzdayscloset.com"
114.119.146.215 - - [15/Jan/2026:17:11:15 -0500] "GET /?_g=358237 HTTP/1.1" 200 31480 "-" "Mozilla/5.0 (Linux; Android 7.0;) AppleWebKit/537.36 (KHTML, like Gecko) Mobile Safari/537.36 (compatible; PetalBot;+https://webmaster.petalsearch.com/site/petalbot)"
114.119.146.114 - - [15/Jan/2026:17:12:41 -0500] "GET /?_g=3020352 HTTP/1.1" 200 31480 "https://tuzdayscloset.com/sitemap.xml" "Mozilla/5.0 (Linux; Android 7.0;) AppleWebKit/537.36 (KHTML, like Gecko) Mobile Safari/537.36 (compatible; PetalBot;+https://webmaster.petalsearch.com/site/petalbot)"
114.119.131.211 - - [15/Jan/2026:17:14:04 -0500] "GET /?_g=2727643 HTTP/1.1" 200 31480 "https://tuzdayscloset.com/sitemap.xml" "Mozilla/5.0 (Linux; Android 7.0;) AppleWebKit/537.36 (KHTML, like Gecko) Mobile Safari/537.36 (compatible; PetalBot;+https://webmaster.petalsearch.com/site/petalbot)"
114.119.146.114 - - [15/Jan/2026:17:15:26 -0500] "GET /?_g=2595982 HTTP/1.1" 200 31480 "-" "Mozilla/5.0 (Linux; Android 7.0;) AppleWebKit/537.36 (KHTML, like Gecko) Mobile Safari/537.36 (compatible; PetalBot;+https://webmaster.petalsearch.com/site/petalbot)"
66.249.73.66 - - [15/Jan/2026:17:15:55 -0500] "GET /?_g=1773153 HTTP/1.1" 200 27585 "-" "Mozilla/5.0 (Linux; Android 6.0.1; Nexus 5X Build/MMB29P) AppleWebKit/537.36 (KHTML, like Gecko) Chrome/143.0.7499.192 Mobile Safari/537.36 (compatible; Googlebot/2.1; +http://www.google.com/bot.html)"
66.249.73.67 - - [15/Jan/2026:17:16:03 -0500] "GET /wp-includes/js/jquery/jquery.min.js?ver=3.7.1 HTTP/1.1" 200 29744 "https://tuzdayscloset.com/?_g=1773153" "Mozilla/5.0 (Linux; Android 6.0.1; Nexus 5X Build/MMB29P) AppleWebKit/537.36 (KHTML, like Gecko) Chrome/143.0.7499.192 Mobile Safari/537.36 (compatible; Googlebot/2.1; +http://www.google.com/bot.html)"
114.119.148.165 - - [15/Jan/2026:17:16:50 -0500] "GET /?_g=2553080 HTTP/1.1" 200 31480 "-" "Mozilla/5.0 (Linux; Android 7.0;) AppleWebKit/537.36 (KHTML, like Gecko) Mobile Safari/537.36 (compatible; PetalBot;+https://webmaster.petalsearch.com/site/petalbot)"
66.249.73.65 - - [15/Jan/2026:17:17:31 -0500] "GET /?_g=871268 HTTP/1.1" 200 27585 "-" "Mozilla/5.0 (Linux; Android 6.0.1; Nexus 5X Build/MMB29P) AppleWebKit/537.36 (KHTML, like Gecko) Chrome/143.0.7499.192 Mobile Safari/537.36 (compatible; Googlebot/2.1; +http://www.google.com/bot.html)"
114.119.146.114 - - [15/Jan/2026:17:18:13 -0500] "GET /?_g=900898 HTTP/1.1" 200 31480 "https://tuzdayscloset.com/sitemap.xml" "Mozilla/5.0 (Linux; Android 7.0;) AppleWebKit/537.36 (KHTML, like Gecko) Mobile Safari/537.36 (compatible; PetalBot;+https://webmaster.petalsearch.com/site/petalbot)"
114.119.131.211 - - [15/Jan/2026:17:19:39 -0500] "GET /?_g=728629 HTTP/1.1" 200 31480 "https://tuzdayscloset.com/sitemap.xml" "Mozilla/5.0 (Linux; Android 7.0;) AppleWebKit/537.36 (KHTML, like Gecko) Mobile Safari/537.36 (compatible; PetalBot;+https://webmaster.petalsearch.com/site/petalbot)"
114.119.131.211 - - [15/Jan/2026:17:21:01 -0500] "GET /?_g=828830 HTTP/1.1" 200 31480 "https://tuzdayscloset.com/sitemap.xml" "Mozilla/5.0 (Linux; Android 7.0;) AppleWebKit/537.36 (KHTML, like Gecko) Mobile Safari/537.36 (compatible; PetalBot;+https://webmaster.petalsearch.com/site/petalbot)"
114.119.148.165 - - [15/Jan/2026:17:22:24 -0500] "GET /?_g=548756 HTTP/1.1" 200 31478 "https://tuzdayscloset.com/sitemap.xml" "Mozilla/5.0 (Linux; Android 7.0;) AppleWebKit/537.36 (KHTML, like Gecko) Mobile Safari/537.36 (compatible; PetalBot;+https://webmaster.petalsearch.com/site/petalbot)"
114.119.146.114 - - [15/Jan/2026:17:23:48 -0500] "GET /?_g=492545 HTTP/1.1" 200 31480 "-" "Mozilla/5.0 (Linux; Android 7.0;) AppleWebKit/537.36 (KHTML, like Gecko) Mobile Safari/537.36 (compatible; PetalBot;+https://webmaster.petalsearch.com/site/petalbot)"
114.119.154.124 - - [15/Jan/2026:17:25:12 -0500] "GET /?_g=469854 HTTP/1.1" 200 31480 "https://tuzdayscloset.com/sitemap.xml" "Mozilla/5.0 (Linux; Android 7.0;) AppleWebKit/537.36 (KHTML, like Gecko) Mobile Safari/537.36 (compatible; PetalBot;+https://webmaster.petalsearch.com/site/petalbot)"
66.29.137.46 - - [15/Jan/2026:17:26:38 -0500] "POST /wp-cron.php?doing_wp_cron=1768515998.4101901054382324218750 HTTP/1.1" 200 0 "-" "WordPress/6.9; https://tuzdayscloset.com"
114.119.131.211 - - [15/Jan/2026:17:26:37 -0500] "GET /?_g=388683 HTTP/1.1" 200 31480 "https://tuzdayscloset.com/sitemap.xml" "Mozilla/5.0 (Linux; Android 7.0;) AppleWebKit/537.36 (KHTML, like Gecko) Mobile Safari/537.36 (compatible; PetalBot;+https://webmaster.petalsearch.com/site/petalbot)"
114.119.154.124 - - [15/Jan/2026:17:27:59 -0500] "GET /?_g=526341 HTTP/1.1" 200 31480 "https://tuzdayscloset.com/sitemap.xml" "Mozilla/5.0 (Linux; Android 7.0;) AppleWebKit/537.36 (KHTML, like Gecko) Mobile Safari/537.36 (compatible; PetalBot;+https://webmaster.petalsearch.com/site/petalbot)"
114.119.131.211 - - [15/Jan/2026:17:29:23 -0500] "GET /?_g=373440 HTTP/1.1" 200 31480 "https://tuzdayscloset.com/sitemap.xml" "Mozilla/5.0 (Linux; Android 7.0;) AppleWebKit/537.36 (KHTML, like Gecko) Mobile Safari/537.36 (compatible; PetalBot;+https://webmaster.petalsearch.com/site/petalbot)"
66.249.73.67 - - [15/Jan/2026:17:30:10 -0500] "GET /?_g=2589679 HTTP/1.1" 200 27585 "-" "Mozilla/5.0 (Linux; Android 6.0.1; Nexus 5X Build/MMB29P) AppleWebKit/537.36 (KHTML, like Gecko) Chrome/143.0.7499.192 Mobile Safari/537.36 (compatible; Googlebot/2.1; +http://www.google.com/bot.html)"
114.119.133.204 - - [15/Jan/2026:17:30:47 -0500] "GET /?_g=3185301 HTTP/1.1" 200 31480 "https://tuzdayscloset.com/sitemap.xml" "Mozilla/5.0 (Linux; Android 7.0;) AppleWebKit/537.36 (KHTML, like Gecko) Mobile Safari/537.36 (compatible; PetalBot;+https://webmaster.petalsearch.com/site/petalbot)"
66.249.73.67 - - [15/Jan/2026:17:31:08 -0500] "GET /?_g=1896774 HTTP/1.1" 200 27585 "-" "Mozilla/5.0 (Linux; Android 6.0.1; Nexus 5X Build/MMB29P) AppleWebKit/537.36 (KHTML, like Gecko) Chrome/143.0.7499.192 Mobile Safari/537.36 (compatible; Googlebot/2.1; +http://www.google.com/bot.html)"
66.249.73.65 - - [15/Jan/2026:17:32:10 -0500] "GET /?_g=3107822 HTTP/1.1" 200 27585 "-" "Mozilla/5.0 (Linux; Android 6.0.1; Nexus 5X Build/MMB29P) AppleWebKit/537.36 (KHTML, like Gecko) Chrome/143.0.7499.192 Mobile Safari/537.36 (compatible; Googlebot/2.1; +http://www.google.com/bot.html)"
114.119.157.118 - - [15/Jan/2026:17:32:11 -0500] "GET /?_g=449159 HTTP/1.1" 200 31480 "https://tuzdayscloset.com/sitemap.xml" "Mozilla/5.0 (Linux; Android 7.0;) AppleWebKit/537.36 (KHTML, like Gecko) Mobile Safari/537.36 (compatible; PetalBot;+https://webmaster.petalsearch.com/site/petalbot)"
114.119.131.211 - - [15/Jan/2026:17:33:34 -0500] "GET /?_g=3157466 HTTP/1.1" 200 31480 "https://tuzdayscloset.com/sitemap.xml" "Mozilla/5.0 (Linux; Android 7.0;) AppleWebKit/537.36 (KHTML, like Gecko) Mobile Safari/537.36 (compatible; PetalBot;+https://webmaster.petalsearch.com/site/petalbot)"
103.60.15.102 - - [15/Jan/2026:17:34:24 -0500] "GET / HTTP/1.1" 200 115178 "-" "-"
66.249.73.65 - - [15/Jan/2026:17:34:33 -0500] "GET /?_g=2662626 HTTP/1.1" 200 27585 "-" "Mozilla/5.0 (Linux; Android 6.0.1; Nexus 5X Build/MMB29P) AppleWebKit/537.36 (KHTML, like Gecko) Chrome/143.0.7499.192 Mobile Safari/537.36 (compatible; Googlebot/2.1; +http://www.google.com/bot.html)"
114.119.154.124 - - [15/Jan/2026:17:34:57 -0500] "GET /?_g=2917132 HTTP/1.1" 200 31480 "-" "Mozilla/5.0 (Linux; Android 7.0;) AppleWebKit/537.36 (KHTML, like Gecko) Mobile Safari/537.36 (compatible; PetalBot;+https://webmaster.petalsearch.com/site/petalbot)"
66.249.73.67 - - [15/Jan/2026:17:35:38 -0500] "GET /?_g=533414 HTTP/1.1" 200 27585 "-" "Mozilla/5.0 (Linux; Android 6.0.1; Nexus 5X Build/MMB29P) AppleWebKit/537.36 (KHTML, like Gecko) Chrome/143.0.7499.192 Mobile Safari/537.36 (compatible; Googlebot/2.1; +http://www.google.com/bot.html)"
114.119.146.114 - - [15/Jan/2026:17:36:20 -0500] "GET /?_g=639481 HTTP/1.1" 200 31480 "-" "Mozilla/5.0 (Linux; Android 7.0;) AppleWebKit/537.36 (KHTML, like Gecko) Mobile Safari/537.36 (compatible; PetalBot;+https://webmaster.petalsearch.com/site/petalbot)"
114.119.154.124 - - [15/Jan/2026:17:37:45 -0500] "GET /?_g=2993619 HTTP/1.1" 200 31480 "https://tuzdayscloset.com/sitemap.xml" "Mozilla/5.0 (Linux; Android 7.0;) AppleWebKit/537.36 (KHTML, like Gecko) Mobile Safari/537.36 (compatible; PetalBot;+https://webmaster.petalsearch.com/site/petalbot)"
66.249.73.65 - - [15/Jan/2026:17:38:04 -0500] "GET /?_g=903942 HTTP/1.1" 200 27585 "-" "Mozilla/5.0 (Linux; Android 6.0.1; Nexus 5X Build/MMB29P) AppleWebKit/537.36 (KHTML, like Gecko) Chrome/143.0.7499.192 Mobile Safari/537.36 (compatible; Googlebot/2.1; +http://www.google.com/bot.html)"
114.119.146.114 - - [15/Jan/2026:17:39:08 -0500] "GET /?_g=2912310 HTTP/1.1" 200 31480 "-" "Mozilla/5.0 (Linux; Android 7.0;) AppleWebKit/537.36 (KHTML, like Gecko) Mobile Safari/537.36 (compatible; PetalBot;+https://webmaster.petalsearch.com/site/petalbot)"
114.119.133.204 - - [15/Jan/2026:17:40:33 -0500] "GET /?_g=2746237 HTTP/1.1" 200 31480 "https://tuzdayscloset.com/sitemap.xml" "Mozilla/5.0 (Linux; Android 7.0;) AppleWebKit/537.36 (KHTML, like Gecko) Mobile Safari/537.36 (compatible; PetalBot;+https://webmaster.petalsearch.com/site/petalbot)"
66.29.137.46 - - [15/Jan/2026:17:41:25 -0500] "POST /wp-cron.php?doing_wp_cron=1768516885.4993209838867187500000 HTTP/1.1" 200 0 "-" "WordPress/6.9; https://tuzdayscloset.com"
66.249.73.65 - - [15/Jan/2026:17:41:25 -0500] "GET /?_g=1175018 HTTP/1.1" 200 27585 "-" "Mozilla/5.0 (Linux; Android 6.0.1; Nexus 5X Build/MMB29P) AppleWebKit/537.36 (KHTML, like Gecko) Chrome/143.0.7499.192 Mobile Safari/537.36 (compatible; Googlebot/2.1; +http://www.google.com/bot.html)"
114.119.148.165 - - [15/Jan/2026:17:41:55 -0500] "GET /?_g=2581349 HTTP/1.1" 200 31480 "-" "Mozilla/5.0 (Linux; Android 7.0;) AppleWebKit/537.36 (KHTML, like Gecko) Mobile Safari/537.36 (compatible; PetalBot;+https://webmaster.petalsearch.com/site/petalbot)"
66.249.73.65 - - [15/Jan/2026:17:42:35 -0500] "GET /?_g=239665 HTTP/1.1" 200 27585 "-" "Mozilla/5.0 (Linux; Android 6.0.1; Nexus 5X Build/MMB29P) AppleWebKit/537.36 (KHTML, like Gecko) Chrome/143.0.7499.192 Mobile Safari/537.36 (compatible; Googlebot/2.1; +http://www.google.com/bot.html)"
114.119.148.165 - - [15/Jan/2026:17:43:19 -0500] "GET /?_g=909825 HTTP/1.1" 200 31480 "https://tuzdayscloset.com/sitemap.xml" "Mozilla/5.0 (Linux; Android 7.0;) AppleWebKit/537.36 (KHTML, like Gecko) Mobile Safari/537.36 (compatible; PetalBot;+https://webmaster.petalsearch.com/site/petalbot)"
66.249.73.66 - - [15/Jan/2026:17:43:52 -0500] "GET /?_g=700477 HTTP/1.1" 200 27585 "-" "Mozilla/5.0 (Linux; Android 6.0.1; Nexus 5X Build/MMB29P) AppleWebKit/537.36 (KHTML, like Gecko) Chrome/143.0.7499.192 Mobile Safari/537.36 (compatible; Googlebot/2.1; +http://www.google.com/bot.html)"
66.249.73.66 - - [15/Jan/2026:17:44:40 -0500] "GET /?_g=2942053 HTTP/1.1" 200 27585 "-" "Mozilla/5.0 (Linux; Android 6.0.1; Nexus 5X Build/MMB29P) AppleWebKit/537.36 (KHTML, like Gecko) Chrome/143.0.7499.192 Mobile Safari/537.36 (compatible; Googlebot/2.1; +http://www.google.com/bot.html)"
114.119.148.165 - - [15/Jan/2026:17:44:42 -0500] "GET /?_g=364260 HTTP/1.1" 200 31480 "https://tuzdayscloset.com/sitemap.xml" "Mozilla/5.0 (Linux; Android 7.0;) AppleWebKit/537.36 (KHTML, like Gecko) Mobile Safari/537.36 (compatible; PetalBot;+https://webmaster.petalsearch.com/site/petalbot)"
66.249.73.65 - - [15/Jan/2026:17:45:06 -0500] "GET /?_g=2227129 HTTP/1.1" 200 27585 "-" "Mozilla/5.0 (Linux; Android 6.0.1; Nexus 5X Build/MMB29P) AppleWebKit/537.36 (KHTML, like Gecko) Chrome/143.0.7499.192 Mobile Safari/537.36 (compatible; Googlebot/2.1; +http://www.google.com/bot.html)"
114.119.131.211 - - [15/Jan/2026:17:46:07 -0500] "GET /?_g=920765 HTTP/1.1" 200 31480 "https://tuzdayscloset.com/sitemap.xml" "Mozilla/5.0 (Linux; Android 7.0;) AppleWebKit/537.36 (KHTML, like Gecko) Mobile Safari/537.36 (compatible; PetalBot;+https://webmaster.petalsearch.com/site/petalbot)"
66.249.73.67 - - [15/Jan/2026:17:46:08 -0500] "GET /?_g=2192512 HTTP/1.1" 200 27585 "-" "Mozilla/5.0 (Linux; Android 6.0.1; Nexus 5X Build/MMB29P) AppleWebKit/537.36 (KHTML, like Gecko) Chrome/143.0.7499.192 Mobile Safari/537.36 (compatible; Googlebot/2.1; +http://www.google.com/bot.html)"
66.249.73.66 - - [15/Jan/2026:17:47:10 -0500] "GET /?_g=2664802 HTTP/1.1" 200 27585 "-" "Mozilla/5.0 (Linux; Android 6.0.1; Nexus 5X Build/MMB29P) AppleWebKit/537.36 (KHTML, like Gecko) Chrome/143.0.7499.192 Mobile Safari/537.36 (compatible; Googlebot/2.1; +http://www.google.com/bot.html)"
114.119.154.124 - - [15/Jan/2026:17:47:30 -0500] "GET /?_g=2913971 HTTP/1.1" 200 31480 "https://tuzdayscloset.com/sitemap.xml" "Mozilla/5.0 (Linux; Android 7.0;) AppleWebKit/537.36 (KHTML, like Gecko) Mobile Safari/537.36 (compatible; PetalBot;+https://webmaster.petalsearch.com/site/petalbot)"
66.249.73.66 - - [15/Jan/2026:17:48:23 -0500] "GET /?_g=640179 HTTP/1.1" 200 27585 "-" "Mozilla/5.0 (Linux; Android 6.0.1; Nexus 5X Build/MMB29P) AppleWebKit/537.36 (KHTML, like Gecko) Chrome/143.0.7499.192 Mobile Safari/537.36 (compatible; Googlebot/2.1; +http://www.google.com/bot.html)"
114.119.159.148 - - [15/Jan/2026:17:48:54 -0500] "GET /?_g=369855 HTTP/1.1" 200 31480 "https://tuzdayscloset.com/sitemap.xml" "Mozilla/5.0 (Linux; Android 7.0;) AppleWebKit/537.36 (KHTML, like Gecko) Mobile Safari/537.36 (compatible; PetalBot;+https://webmaster.petalsearch.com/site/petalbot)"
66.249.73.65 - - [15/Jan/2026:17:49:30 -0500] "GET /?_g=2041299 HTTP/1.1" 200 27585 "-" "Mozilla/5.0 (Linux; Android 6.0.1; Nexus 5X Build/MMB29P) AppleWebKit/537.36 (KHTML, like Gecko) Chrome/143.0.7499.192 Mobile Safari/537.36 (compatible; Googlebot/2.1; +http://www.google.com/bot.html)"
114.119.159.148 - - [15/Jan/2026:17:50:17 -0500] "GET /?_g=2696479 HTTP/1.1" 200 31480 "https://tuzdayscloset.com/sitemap.xml" "Mozilla/5.0 (Linux; Android 7.0;) AppleWebKit/537.36 (KHTML, like Gecko) Mobile Safari/537.36 (compatible; PetalBot;+https://webmaster.petalsearch.com/site/petalbot)"
114.119.146.215 - - [15/Jan/2026:17:51:41 -0500] "GET /?_g=2439355 HTTP/1.1" 200 31480 "-" "Mozilla/5.0 (Linux; Android 7.0;) AppleWebKit/537.36 (KHTML, like Gecko) Mobile Safari/537.36 (compatible; PetalBot;+https://webmaster.petalsearch.com/site/petalbot)"
114.119.148.165 - - [15/Jan/2026:17:53:05 -0500] "GET /?_g=2200868 HTTP/1.1" 200 31480 "-" "Mozilla/5.0 (Linux; Android 7.0;) AppleWebKit/537.36 (KHTML, like Gecko) Mobile Safari/537.36 (compatible; PetalBot;+https://webmaster.petalsearch.com/site/petalbot)"
114.119.133.204 - - [15/Jan/2026:17:54:29 -0500] "GET /?_g=2119046 HTTP/1.1" 200 31480 "-" "Mozilla/5.0 (Linux; Android 7.0;) AppleWebKit/537.36 (KHTML, like Gecko) Mobile Safari/537.36 (compatible; PetalBot;+https://webmaster.petalsearch.com/site/petalbot)"
114.119.131.211 - - [15/Jan/2026:17:55:56 -0500] "GET /?_g=1945716 HTTP/1.1" 200 31480 "https://tuzdayscloset.com/sitemap.xml" "Mozilla/5.0 (Linux; Android 7.0;) AppleWebKit/537.36 (KHTML, like Gecko) Mobile Safari/537.36 (compatible; PetalBot;+https://webmaster.petalsearch.com/site/petalbot)"
66.29.137.46 - - [15/Jan/2026:17:56:42 -0500] "POST /wp-cron.php?doing_wp_cron=1768517802.5776400566101074218750 HTTP/1.1" 200 0 "-" "WordPress/6.9; https://tuzdayscloset.com"
66.249.73.65 - - [15/Jan/2026:17:56:41 -0500] "GET /?_g=1822729 HTTP/1.1" 200 27585 "-" "Mozilla/5.0 (Linux; Android 6.0.1; Nexus 5X Build/MMB29P) AppleWebKit/537.36 (KHTML, like Gecko) Chrome/143.0.7499.192 Mobile Safari/537.36 (compatible; Googlebot/2.1; +http://www.google.com/bot.html)"
114.119.131.211 - - [15/Jan/2026:17:57:16 -0500] "GET /?_g=2038825 HTTP/1.1" 200 31480 "-" "Mozilla/5.0 (Linux; Android 7.0;) AppleWebKit/537.36 (KHTML, like Gecko) Mobile Safari/537.36 (compatible; PetalBot;+https://webmaster.petalsearch.com/site/petalbot)"
114.119.159.148 - - [15/Jan/2026:17:58:39 -0500] "GET /?_g=479776 HTTP/1.1" 200 31480 "https://tuzdayscloset.com/sitemap.xml" "Mozilla/5.0 (Linux; Android 7.0;) AppleWebKit/537.36 (KHTML, like Gecko) Mobile Safari/537.36 (compatible; PetalBot;+https://webmaster.petalsearch.com/site/petalbot)"
114.119.157.118 - - [15/Jan/2026:18:00:03 -0500] "GET /?_g=3099682 HTTP/1.1" 200 31480 "-" "Mozilla/5.0 (Linux; Android 7.0;) AppleWebKit/537.36 (KHTML, like Gecko) Mobile Safari/537.36 (compatible; PetalBot;+https://webmaster.petalsearch.com/site/petalbot)"
66.249.73.67 - - [15/Jan/2026:18:00:40 -0500] "GET /zhHant/product/surugaya/92243548?campaign_uid=f64d716db5e979ed2f947dbaf4296895b951ae7f HTTP/1.1" 404 11989 "-" "Mozilla/5.0 (Linux; Android 6.0.1; Nexus 5X Build/MMB29P) AppleWebKit/537.36 (KHTML, like Gecko) Chrome/143.0.7499.192 Mobile Safari/537.36 (compatible; Googlebot/2.1; +http://www.google.com/bot.html)"
66.249.73.67 - - [15/Jan/2026:18:01:24 -0500] "GET /zhHant/product/surugaya/77414954?campaign_uid=f64d716db5e979ed2f947dbaf4296895b951ae7f HTTP/1.1" 404 11989 "-" "Mozilla/5.0 (Linux; Android 6.0.1; Nexus 5X Build/MMB29P) AppleWebKit/537.36 (KHTML, like Gecko) Chrome/143.0.7499.192 Mobile Safari/537.36 (compatible; Googlebot/2.1; +http://www.google.com/bot.html)"
114.119.159.148 - - [15/Jan/2026:18:01:26 -0500] "GET /?_g=895907 HTTP/1.1" 200 31480 "https://tuzdayscloset.com/sitemap.xml" "Mozilla/5.0 (Linux; Android 7.0;) AppleWebKit/537.36 (KHTML, like Gecko) Mobile Safari/537.36 (compatible; PetalBot;+https://webmaster.petalsearch.com/site/petalbot)"
66.29.137.46 - - [15/Jan/2026:18:02:50 -0500] "POST /wp-cron.php?doing_wp_cron=1768518170.7187259197235107421875 HTTP/1.1" 200 0 "-" "WordPress/6.9; https://tuzdayscloset.com"
114.119.148.165 - - [15/Jan/2026:18:02:49 -0500] "GET /?_g=2046299 HTTP/1.1" 200 31480 "https://tuzdayscloset.com/sitemap.xml" "Mozilla/5.0 (Linux; Android 7.0;) AppleWebKit/537.36 (KHTML, like Gecko) Mobile Safari/537.36 (compatible; PetalBot;+https://webmaster.petalsearch.com/site/petalbot)"
66.249.73.67 - - [15/Jan/2026:18:03:21 -0500] "GET /?_g=2716345 HTTP/1.1" 200 27585 "-" "Mozilla/5.0 (Linux; Android 6.0.1; Nexus 5X Build/MMB29P) AppleWebKit/537.36 (KHTML, like Gecko) Chrome/143.0.7499.192 Mobile Safari/537.36 (compatible; Googlebot/2.1; +http://www.google.com/bot.html)"
114.119.157.118 - - [15/Jan/2026:18:04:13 -0500] "GET /?_g=1960090 HTTP/1.1" 200 31480 "https://tuzdayscloset.com/sitemap.xml" "Mozilla/5.0 (Linux; Android 7.0;) AppleWebKit/537.36 (KHTML, like Gecko) Mobile Safari/537.36 (compatible; PetalBot;+https://webmaster.petalsearch.com/site/petalbot)"
66.249.73.67 - - [15/Jan/2026:18:04:30 -0500] "GET /?_g=1335948 HTTP/1.1" 200 27585 "-" "Mozilla/5.0 (Linux; Android 6.0.1; Nexus 5X Build/MMB29P) AppleWebKit/537.36 (KHTML, like Gecko) Chrome/143.0.7499.192 Mobile Safari/537.36 (compatible; Googlebot/2.1; +http://www.google.com/bot.html)"
114.119.159.148 - - [15/Jan/2026:18:05:38 -0500] "GET /?_g=2328513 HTTP/1.1" 200 31480 "-" "Mozilla/5.0 (Linux; Android 7.0;) AppleWebKit/537.36 (KHTML, like Gecko) Mobile Safari/537.36 (compatible; PetalBot;+https://webmaster.petalsearch.com/site/petalbot)"
114.119.133.204 - - [15/Jan/2026:18:07:01 -0500] "GET /?_g=934514 HTTP/1.1" 200 31480 "https://tuzdayscloset.com/sitemap.xml" "Mozilla/5.0 (Linux; Android 7.0;) AppleWebKit/537.36 (KHTML, like Gecko) Mobile Safari/537.36 (compatible; PetalBot;+https://webmaster.petalsearch.com/site/petalbot)"
114.119.131.211 - - [15/Jan/2026:18:08:23 -0500] "GET /?_g=311958 HTTP/1.1" 200 31480 "https://tuzdayscloset.com/sitemap.xml" "Mozilla/5.0 (Linux; Android 7.0;) AppleWebKit/537.36 (KHTML, like Gecko) Mobile Safari/537.36 (compatible; PetalBot;+https://webmaster.petalsearch.com/site/petalbot)"
43.164.197.209 - - [15/Jan/2026:18:08:31 -0500] "GET / HTTP/1.1" 301 0 "http://www.tuzdayscloset.com" "Mozilla/5.0 (iPhone; CPU iPhone OS 13_2_3 like Mac OS X) AppleWebKit/605.1.15 (KHTML, like Gecko) Version/13.0.3 Mobile/15E148 Safari/604.1"
43.164.197.209 - - [15/Jan/2026:18:08:32 -0500] "GET / HTTP/1.1" 200 31480 "https://www.tuzdayscloset.com/" "Mozilla/5.0 (iPhone; CPU iPhone OS 13_2_3 like Mac OS X) AppleWebKit/605.1.15 (KHTML, like Gecko) Version/13.0.3 Mobile/15E148 Safari/604.1"
66.249.73.65 - - [15/Jan/2026:18:08:38 -0500] "GET /?_g=2006939 HTTP/1.1" 200 27585 "-" "Mozilla/5.0 (Linux; Android 6.0.1; Nexus 5X Build/MMB29P) AppleWebKit/537.36 (KHTML, like Gecko) Chrome/143.0.7499.192 Mobile Safari/537.36 (compatible; Googlebot/2.1; +http://www.google.com/bot.html)"
114.119.148.165 - - [15/Jan/2026:18:09:48 -0500] "GET /?_g=2072305 HTTP/1.1" 200 31480 "https://tuzdayscloset.com/sitemap.xml" "Mozilla/5.0 (Linux; Android 7.0;) AppleWebKit/537.36 (KHTML, like Gecko) Mobile Safari/537.36 (compatible; PetalBot;+https://webmaster.petalsearch.com/site/petalbot)"
114.119.146.215 - - [15/Jan/2026:18:11:12 -0500] "GET /?_g=1929948 HTTP/1.1" 200 31480 "https://tuzdayscloset.com/sitemap.xml" "Mozilla/5.0 (Linux; Android 7.0;) AppleWebKit/537.36 (KHTML, like Gecko) Mobile Safari/537.36 (compatible; PetalBot;+https://webmaster.petalsearch.com/site/petalbot)"
66.29.137.46 - - [15/Jan/2026:18:12:36 -0500] "POST /wp-cron.php?doing_wp_cron=1768518756.0955629348754882812500 HTTP/1.1" 200 0 "-" "WordPress/6.9; https://tuzdayscloset.com"
114.119.146.114 - - [15/Jan/2026:18:12:35 -0500] "GET /?_g=2935872 HTTP/1.1" 200 31480 "https://tuzdayscloset.com/sitemap.xml" "Mozilla/5.0 (Linux; Android 7.0;) AppleWebKit/537.36 (KHTML, like Gecko) Mobile Safari/537.36 (compatible; PetalBot;+https://webmaster.petalsearch.com/site/petalbot)"
66.249.73.67 - - [15/Jan/2026:18:12:37 -0500] "GET /?_g=1415440 HTTP/1.1" 200 27585 "-" "Mozilla/5.0 (Linux; Android 6.0.1; Nexus 5X Build/MMB29P) AppleWebKit/537.36 (KHTML, like Gecko) Chrome/143.0.7499.192 Mobile Safari/537.36 (compatible; Googlebot/2.1; +http://www.google.com/bot.html)"
114.119.154.124 - - [15/Jan/2026:18:13:59 -0500] "GET /?_g=2672954 HTTP/1.1" 200 31480 "https://tuzdayscloset.com/sitemap.xml" "Mozilla/5.0 (Linux; Android 7.0;) AppleWebKit/537.36 (KHTML, like Gecko) Mobile Safari/537.36 (compatible; PetalBot;+https://webmaster.petalsearch.com/site/petalbot)"
114.119.146.114 - - [15/Jan/2026:18:15:22 -0500] "GET /?_g=2275717 HTTP/1.1" 200 31480 "-" "Mozilla/5.0 (Linux; Android 7.0;) AppleWebKit/537.36 (KHTML, like Gecko) Mobile Safari/537.36 (compatible; PetalBot;+https://webmaster.petalsearch.com/site/petalbot)"
114.119.157.118 - - [15/Jan/2026:18:16:46 -0500] "GET /?_g=1909972 HTTP/1.1" 200 31480 "-" "Mozilla/5.0 (Linux; Android 7.0;) AppleWebKit/537.36 (KHTML, like Gecko) Mobile Safari/537.36 (compatible; PetalBot;+https://webmaster.petalsearch.com/site/petalbot)"
114.119.133.204 - - [15/Jan/2026:18:18:11 -0500] "GET /?_g=1865037 HTTP/1.1" 200 31480 "-" "Mozilla/5.0 (Linux; Android 7.0;) AppleWebKit/537.36 (KHTML, like Gecko) Mobile Safari/537.36 (compatible; PetalBot;+https://webmaster.petalsearch.com/site/petalbot)"
114.119.131.211 - - [15/Jan/2026:18:19:34 -0500] "GET /?_g=1852967 HTTP/1.1" 200 31480 "-" "Mozilla/5.0 (Linux; Android 7.0;) AppleWebKit/537.36 (KHTML, like Gecko) Mobile Safari/537.36 (compatible; PetalBot;+https://webmaster.petalsearch.com/site/petalbot)"
114.119.131.211 - - [15/Jan/2026:18:20:58 -0500] "GET /?_g=184626 HTTP/1.1" 200 31480 "https://tuzdayscloset.com/sitemap.xml" "Mozilla/5.0 (Linux; Android 7.0;) AppleWebKit/537.36 (KHTML, like Gecko) Mobile Safari/537.36 (compatible; PetalBot;+https://webmaster.petalsearch.com/site/petalbot)"
114.119.148.165 - - [15/Jan/2026:18:22:20 -0500] "GET /?_g=575070 HTTP/1.1" 200 31480 "https://tuzdayscloset.com/sitemap.xml" "Mozilla/5.0 (Linux; Android 7.0;) AppleWebKit/537.36 (KHTML, like Gecko) Mobile Safari/537.36 (compatible; PetalBot;+https://webmaster.petalsearch.com/site/petalbot)"
114.119.133.204 - - [15/Jan/2026:18:23:45 -0500] "GET /?_g=2673576 HTTP/1.1" 200 31480 "-" "Mozilla/5.0 (Linux; Android 7.0;) AppleWebKit/537.36 (KHTML, like Gecko) Mobile Safari/537.36 (compatible; PetalBot;+https://webmaster.petalsearch.com/site/petalbot)"
92.222.104.198 - - [15/Jan/2026:18:23:54 -0500] "GET /robots.txt HTTP/1.1" 200 69 "-" "Mozilla/5.0 (compatible; AhrefsBot/7.0; +http://ahrefs.com/robot/)"
54.39.210.47 - - [15/Jan/2026:18:23:57 -0500] "GET /wp-admin/ HTTP/1.1" 302 0 "-" "Mozilla/5.0 (compatible; AhrefsBot/7.0; +http://ahrefs.com/robot/)"
114.119.133.204 - - [15/Jan/2026:18:25:08 -0500] "GET /?_g=3130799 HTTP/1.1" 200 31480 "https://tuzdayscloset.com/sitemap.xml" "Mozilla/5.0 (Linux; Android 7.0;) AppleWebKit/537.36 (KHTML, like Gecko) Mobile Safari/537.36 (compatible; PetalBot;+https://webmaster.petalsearch.com/site/petalbot)"
66.29.137.46 - - [15/Jan/2026:18:26:32 -0500] "POST /wp-cron.php?doing_wp_cron=1768519592.5515940189361572265625 HTTP/1.1" 200 0 "-" "WordPress/6.9; https://tuzdayscloset.com"
114.119.146.215 - - [15/Jan/2026:18:26:31 -0500] "GET /?_g=2405014 HTTP/1.1" 200 31480 "-" "Mozilla/5.0 (Linux; Android 7.0;) AppleWebKit/537.36 (KHTML, like Gecko) Mobile Safari/537.36 (compatible; PetalBot;+https://webmaster.petalsearch.com/site/petalbot)"
66.249.73.67 - - [15/Jan/2026:18:29:04 -0500] "GET /?_g=2027390 HTTP/1.1" 200 27585 "-" "Mozilla/5.0 (Linux; Android 6.0.1; Nexus 5X Build/MMB29P) AppleWebKit/537.36 (KHTML, like Gecko) Chrome/143.0.7499.192 Mobile Safari/537.36 (compatible; Googlebot/2.1; +http://www.google.com/bot.html)"
