/home/tuzdhajd/access-logs/tuzdayscloset.tuzday.com-ssl_log
66.29.137.46 - - [15/Jan/2026:07:12:42 -0500] "POST /wp-cron.php?doing_wp_cron=1768479162.7191839218139648437500 HTTP/1.1" 200 0 "-" "WordPress/6.9; https://tuzdayscloset.com"
114.119.146.114 - - [15/Jan/2026:07:12:41 -0500] "GET /?_g=3070699 HTTP/1.1" 200 31480 "https://tuzdayscloset.com/sitemap.xml" "Mozilla/5.0 (Linux; Android 7.0;) AppleWebKit/537.36 (KHTML, like Gecko) Mobile Safari/537.36 (compatible; PetalBot;+https://webmaster.petalsearch.com/site/petalbot)"
114.119.148.165 - - [15/Jan/2026:07:13:56 -0500] "GET /?_g=2112280 HTTP/1.1" 200 31480 "https://tuzdayscloset.com/sitemap.xml" "Mozilla/5.0 (Linux; Android 7.0;) AppleWebKit/537.36 (KHTML, like Gecko) Mobile Safari/537.36 (compatible; PetalBot;+https://webmaster.petalsearch.com/site/petalbot)"
66.249.73.67 - - [15/Jan/2026:07:15:14 -0500] "GET /?_g=3017975 HTTP/1.1" 200 27585 "-" "Mozilla/5.0 (Linux; Android 6.0.1; Nexus 5X Build/MMB29P) AppleWebKit/537.36 (KHTML, like Gecko) Chrome/143.0.7499.192 Mobile Safari/537.36 (compatible; Googlebot/2.1; +http://www.google.com/bot.html)"
114.119.154.124 - - [15/Jan/2026:07:31:07 -0500] "GET /?_g=93471 HTTP/1.1" 200 31480 "-" "Mozilla/5.0 (Linux; Android 7.0;) AppleWebKit/537.36 (KHTML, like Gecko) Mobile Safari/537.36 (compatible; PetalBot;+https://webmaster.petalsearch.com/site/petalbot)"
66.29.137.46 - - [15/Jan/2026:07:32:30 -0500] "POST /wp-cron.php?doing_wp_cron=1768480350.7523970603942871093750 HTTP/1.1" 200 0 "-" "WordPress/6.9; https://tuzdayscloset.com"
114.119.146.215 - - [15/Jan/2026:07:32:29 -0500] "GET /?_g=896704 HTTP/1.1" 200 31480 "https://tuzdayscloset.com/sitemap.xml" "Mozilla/5.0 (Linux; Android 7.0;) AppleWebKit/537.36 (KHTML, like Gecko) Mobile Safari/537.36 (compatible; PetalBot;+https://webmaster.petalsearch.com/site/petalbot)"
114.119.154.124 - - [15/Jan/2026:07:33:52 -0500] "GET /?_g=693535 HTTP/1.1" 200 31480 "https://tuzdayscloset.com/sitemap.xml" "Mozilla/5.0 (Linux; Android 7.0;) AppleWebKit/537.36 (KHTML, like Gecko) Mobile Safari/537.36 (compatible; PetalBot;+https://webmaster.petalsearch.com/site/petalbot)"
66.249.73.67 - - [15/Jan/2026:07:34:52 -0500] "GET /?_g=2735314 HTTP/1.1" 200 27585 "-" "Mozilla/5.0 (Linux; Android 6.0.1; Nexus 5X Build/MMB29P) AppleWebKit/537.36 (KHTML, like Gecko) Chrome/143.0.7499.192 Mobile Safari/537.36 (compatible; Googlebot/2.1; +http://www.google.com/bot.html)"
114.119.154.124 - - [15/Jan/2026:07:35:17 -0500] "GET /?_g=530104 HTTP/1.1" 200 31480 "-" "Mozilla/5.0 (Linux; Android 7.0;) AppleWebKit/537.36 (KHTML, like Gecko) Mobile Safari/537.36 (compatible; PetalBot;+https://webmaster.petalsearch.com/site/petalbot)"
114.119.146.114 - - [15/Jan/2026:07:36:42 -0500] "GET /?_g=450238 HTTP/1.1" 200 31480 "-" "Mozilla/5.0 (Linux; Android 7.0;) AppleWebKit/537.36 (KHTML, like Gecko) Mobile Safari/537.36 (compatible; PetalBot;+https://webmaster.petalsearch.com/site/petalbot)"
114.119.157.118 - - [15/Jan/2026:07:38:05 -0500] "GET /?_g=3038495 HTTP/1.1" 200 31480 "-" "Mozilla/5.0 (Linux; Android 7.0;) AppleWebKit/537.36 (KHTML, like Gecko) Mobile Safari/537.36 (compatible; PetalBot;+https://webmaster.petalsearch.com/site/petalbot)"
114.119.131.211 - - [15/Jan/2026:07:39:32 -0500] "GET /?_g=2952248 HTTP/1.1" 200 31480 "https://tuzdayscloset.com/sitemap.xml" "Mozilla/5.0 (Linux; Android 7.0;) AppleWebKit/537.36 (KHTML, like Gecko) Mobile Safari/537.36 (compatible; PetalBot;+https://webmaster.petalsearch.com/site/petalbot)"
114.119.146.114 - - [15/Jan/2026:07:40:51 -0500] "GET /?_g=2447943 HTTP/1.1" 200 31480 "-" "Mozilla/5.0 (Linux; Android 7.0;) AppleWebKit/537.36 (KHTML, like Gecko) Mobile Safari/537.36 (compatible; PetalBot;+https://webmaster.petalsearch.com/site/petalbot)"
66.29.137.46 - - [15/Jan/2026:07:42:15 -0500] "POST /wp-cron.php?doing_wp_cron=1768480935.3238329887390136718750 HTTP/1.1" 200 0 "-" "WordPress/6.9; https://tuzdayscloset.com"
114.119.159.148 - - [15/Jan/2026:07:42:14 -0500] "GET /?_g=2229347 HTTP/1.1" 200 31480 "https://tuzdayscloset.com/sitemap.xml" "Mozilla/5.0 (Linux; Android 7.0;) AppleWebKit/537.36 (KHTML, like Gecko) Mobile Safari/537.36 (compatible; PetalBot;+https://webmaster.petalsearch.com/site/petalbot)"
114.119.146.114 - - [15/Jan/2026:07:43:40 -0500] "GET /?_g=196052 HTTP/1.1" 200 31480 "-" "Mozilla/5.0 (Linux; Android 7.0;) AppleWebKit/537.36 (KHTML, like Gecko) Mobile Safari/537.36 (compatible; PetalBot;+https://webmaster.petalsearch.com/site/petalbot)"
74.7.242.3 - - [15/Jan/2026:07:44:07 -0500] "GET /sitemap.xml HTTP/1.1" 301 0 "-" "Mozilla/5.0 AppleWebKit/537.36 (KHTML, like Gecko; compatible; GPTBot/1.3; +https://openai.com/gptbot)"
74.7.242.3 - - [15/Jan/2026:07:44:07 -0500] "GET /wp-sitemap.xml HTTP/1.1" 200 193 "https://tuzdayscloset.com/sitemap.xml" "Mozilla/5.0 AppleWebKit/537.36 (KHTML, like Gecko; compatible; GPTBot/1.3; +https://openai.com/gptbot)"
74.7.175.159 - - [15/Jan/2026:07:44:07 -0500] "GET /robots.txt HTTP/1.1" 200 69 "-" "Mozilla/5.0 (Macintosh; Intel Mac OS X 10_15_7) AppleWebKit/537.36 (KHTML, like Gecko) Chrome/131.0.0.0 Safari/537.36; compatible; OAI-SearchBot/1.3; robots.txt; +https://openai.com/searchbot"
66.29.137.46 - - [15/Jan/2026:07:45:06 -0500] "POST /wp-cron.php?doing_wp_cron=1768481105.9876759052276611328125 HTTP/1.1" 200 0 "-" "WordPress/6.9; https://tuzdayscloset.com"
114.119.157.118 - - [15/Jan/2026:07:45:04 -0500] "GET /?_g=1900433 HTTP/1.1" 200 31480 "https://tuzdayscloset.com/sitemap.xml" "Mozilla/5.0 (Linux; Android 7.0;) AppleWebKit/537.36 (KHTML, like Gecko) Mobile Safari/537.36 (compatible; PetalBot;+https://webmaster.petalsearch.com/site/petalbot)"
114.119.148.165 - - [15/Jan/2026:07:46:26 -0500] "GET /?_g=1861997 HTTP/1.1" 200 31480 "https://tuzdayscloset.com/sitemap.xml" "Mozilla/5.0 (Linux; Android 7.0;) AppleWebKit/537.36 (KHTML, like Gecko) Mobile Safari/537.36 (compatible; PetalBot;+https://webmaster.petalsearch.com/site/petalbot)"
114.119.154.124 - - [15/Jan/2026:07:47:54 -0500] "GET /?_g=1552045 HTTP/1.1" 200 31480 "https://tuzdayscloset.com/sitemap.xml" "Mozilla/5.0 (Linux; Android 7.0;) AppleWebKit/537.36 (KHTML, like Gecko) Mobile Safari/537.36 (compatible; PetalBot;+https://webmaster.petalsearch.com/site/petalbot)"
98.82.66.172 - - [15/Jan/2026:07:48:20 -0500] "GET /wp-admin/ HTTP/1.1" 302 0 "-" "Mozilla/5.0 AppleWebKit/537.36 (KHTML, like Gecko; compatible; Amazonbot/0.1; +https://developer.amazon.com/support/amazonbot) Chrome/119.0.6045.214 Safari/537.36"
98.82.66.172 - - [15/Jan/2026:07:48:20 -0500] "GET /wp-login.php?reauth=1&redirect_to=https://tuzdayscloset.com/wp-admin/ HTTP/1.1" 200 1972 "-" "Mozilla/5.0 AppleWebKit/537.36 (KHTML, like Gecko; compatible; Amazonbot/0.1; +https://developer.amazon.com/support/amazonbot) Chrome/119.0.6045.214 Safari/537.36"
114.119.133.204 - - [15/Jan/2026:07:49:12 -0500] "GET /?_g=2785390 HTTP/1.1" 200 31480 "https://tuzdayscloset.com/sitemap.xml" "Mozilla/5.0 (Linux; Android 7.0;) AppleWebKit/537.36 (KHTML, like Gecko) Mobile Safari/537.36 (compatible; PetalBot;+https://webmaster.petalsearch.com/site/petalbot)"
114.119.154.124 - - [15/Jan/2026:07:50:38 -0500] "GET /?_g=2885687 HTTP/1.1" 200 31480 "https://tuzdayscloset.com/sitemap.xml" "Mozilla/5.0 (Linux; Android 7.0;) AppleWebKit/537.36 (KHTML, like Gecko) Mobile Safari/537.36 (compatible; PetalBot;+https://webmaster.petalsearch.com/site/petalbot)"
114.119.146.114 - - [15/Jan/2026:07:52:10 -0500] "GET /?_g=787955 HTTP/1.1" 200 31480 "-" "Mozilla/5.0 (Linux; Android 7.0;) AppleWebKit/537.36 (KHTML, like Gecko) Mobile Safari/537.36 (compatible; PetalBot;+https://webmaster.petalsearch.com/site/petalbot)"
114.119.159.148 - - [15/Jan/2026:07:53:23 -0500] "GET /?_g=1432626 HTTP/1.1" 200 31480 "https://tuzdayscloset.com/sitemap.xml" "Mozilla/5.0 (Linux; Android 7.0;) AppleWebKit/537.36 (KHTML, like Gecko) Mobile Safari/537.36 (compatible; PetalBot;+https://webmaster.petalsearch.com/site/petalbot)"
69.160.160.58 - - [15/Jan/2026:07:54:42 -0500] "GET / HTTP/1.1" 200 31480 "http://tuzdayscloset.com" "Mozilla/5.0 AppleWebKit/537.36 (KHTML, like Gecko; compatible; Nicecrawler/1.1; +http://www.nicecrawler.com/) Chrome/90.0.4430.97 Safari/537.36"
69.160.160.58 - - [15/Jan/2026:07:54:42 -0500] "GET / HTTP/1.1" 200 27583 "-" "Mozilla/5.0 (X11; Linux x86_64) AppleWebKit/537.36 (KHTML, like Gecko) HeadlessChrome/80.0.3987.163 Safari/537.36"
69.160.160.58 - - [15/Jan/2026:07:54:43 -0500] "GET /wp-content/plugins/nicepage/assets/css/nicepage.css?ver=5.0.7 HTTP/1.1" 200 41941 "https://tuzdayscloset.com/" "Mozilla/5.0 (X11; Linux x86_64) AppleWebKit/537.36 (KHTML, like Gecko) HeadlessChrome/80.0.3987.163 Safari/537.36"
69.160.160.58 - - [15/Jan/2026:07:54:43 -0500] "GET /wp-content/plugins/nicepage/assets/css/media.css?ver=6.9 HTTP/1.1" 200 4881 "https://tuzdayscloset.com/" "Mozilla/5.0 (X11; Linux x86_64) AppleWebKit/537.36 (KHTML, like Gecko) HeadlessChrome/80.0.3987.163 Safari/537.36"
69.160.160.58 - - [15/Jan/2026:07:54:43 -0500] "GET /wp-includes/js/jquery/jquery.min.js?ver=3.7.1 HTTP/1.1" 200 29744 "https://tuzdayscloset.com/" "Mozilla/5.0 (X11; Linux x86_64) AppleWebKit/537.36 (KHTML, like Gecko) HeadlessChrome/80.0.3987.163 Safari/537.36"
69.160.160.58 - - [15/Jan/2026:07:54:43 -0500] "GET /wp-includes/js/jquery/jquery-migrate.min.js?ver=3.4.1 HTTP/1.1" 200 4678 "https://tuzdayscloset.com/" "Mozilla/5.0 (X11; Linux x86_64) AppleWebKit/537.36 (KHTML, like Gecko) HeadlessChrome/80.0.3987.163 Safari/537.36"
69.160.160.58 - - [15/Jan/2026:07:54:43 -0500] "GET /wp-content/plugins/nicepage/assets/js/nicepage.js?ver=5.0.7 HTTP/1.1" 200 72408 "https://tuzdayscloset.com/" "Mozilla/5.0 (X11; Linux x86_64) AppleWebKit/537.36 (KHTML, like Gecko) HeadlessChrome/80.0.3987.163 Safari/537.36"
69.160.160.58 - - [15/Jan/2026:07:54:43 -0500] "GET /wp-content/uploads/2022/11/Untitleddesign9-scaled.jpg HTTP/1.1" 200 458401 "https://tuzdayscloset.com/" "Mozilla/5.0 (X11; Linux x86_64) AppleWebKit/537.36 (KHTML, like Gecko) HeadlessChrome/80.0.3987.163 Safari/537.36"
69.160.160.58 - - [15/Jan/2026:07:54:43 -0500] "GET /wp-includes/js/wp-emoji-release.min.js?ver=6.9 HTTP/1.1" 200 4949 "https://tuzdayscloset.com/" "Mozilla/5.0 (X11; Linux x86_64) AppleWebKit/537.36 (KHTML, like Gecko) HeadlessChrome/80.0.3987.163 Safari/537.36"
114.119.146.114 - - [15/Jan/2026:07:54:50 -0500] "GET /?_g=1416581 HTTP/1.1" 200 31480 "-" "Mozilla/5.0 (Linux; Android 7.0;) AppleWebKit/537.36 (KHTML, like Gecko) Mobile Safari/537.36 (compatible; PetalBot;+https://webmaster.petalsearch.com/site/petalbot)"
66.29.137.46 - - [15/Jan/2026:07:56:12 -0500] "POST /wp-cron.php?doing_wp_cron=1768481772.4086899757385253906250 HTTP/1.1" 200 0 "-" "WordPress/6.9; https://tuzdayscloset.com"
114.119.133.204 - - [15/Jan/2026:07:56:12 -0500] "GET /?_g=1333922 HTTP/1.1" 200 31480 "https://tuzdayscloset.com/sitemap.xml" "Mozilla/5.0 (Linux; Android 7.0;) AppleWebKit/537.36 (KHTML, like Gecko) Mobile Safari/537.36 (compatible; PetalBot;+https://webmaster.petalsearch.com/site/petalbot)"
114.119.146.215 - - [15/Jan/2026:07:57:33 -0500] "GET /?_g=2843286 HTTP/1.1" 200 31480 "-" "Mozilla/5.0 (Linux; Android 7.0;) AppleWebKit/537.36 (KHTML, like Gecko) Mobile Safari/537.36 (compatible; PetalBot;+https://webmaster.petalsearch.com/site/petalbot)"
114.119.159.148 - - [15/Jan/2026:07:58:58 -0500] "GET /?_g=369203 HTTP/1.1" 200 31480 "https://tuzdayscloset.com/sitemap.xml" "Mozilla/5.0 (Linux; Android 7.0;) AppleWebKit/537.36 (KHTML, like Gecko) Mobile Safari/537.36 (compatible; PetalBot;+https://webmaster.petalsearch.com/site/petalbot)"
114.119.148.165 - - [15/Jan/2026:08:00:23 -0500] "GET /?_g=1342884 HTTP/1.1" 200 31480 "https://tuzdayscloset.com/sitemap.xml" "Mozilla/5.0 (Linux; Android 7.0;) AppleWebKit/537.36 (KHTML, like Gecko) Mobile Safari/537.36 (compatible; PetalBot;+https://webmaster.petalsearch.com/site/petalbot)"
114.119.148.165 - - [15/Jan/2026:08:01:48 -0500] "GET /?_g=744359 HTTP/1.1" 200 31480 "https://tuzdayscloset.com/sitemap.xml" "Mozilla/5.0 (Linux; Android 7.0;) AppleWebKit/537.36 (KHTML, like Gecko) Mobile Safari/537.36 (compatible; PetalBot;+https://webmaster.petalsearch.com/site/petalbot)"
66.29.137.46 - - [15/Jan/2026:08:03:09 -0500] "POST /wp-cron.php?doing_wp_cron=1768482189.3368000984191894531250 HTTP/1.1" 200 0 "-" "WordPress/6.9; https://tuzdayscloset.com"
114.119.131.211 - - [15/Jan/2026:08:03:09 -0500] "GET /?_g=2487998 HTTP/1.1" 200 31480 "https://tuzdayscloset.com/sitemap.xml" "Mozilla/5.0 (Linux; Android 7.0;) AppleWebKit/537.36 (KHTML, like Gecko) Mobile Safari/537.36 (compatible; PetalBot;+https://webmaster.petalsearch.com/site/petalbot)"
114.119.131.211 - - [15/Jan/2026:08:04:31 -0500] "GET /?_g=2514240 HTTP/1.1" 200 31480 "https://tuzdayscloset.com/sitemap.xml" "Mozilla/5.0 (Linux; Android 7.0;) AppleWebKit/537.36 (KHTML, like Gecko) Mobile Safari/537.36 (compatible; PetalBot;+https://webmaster.petalsearch.com/site/petalbot)"
114.119.133.204 - - [15/Jan/2026:08:05:54 -0500] "GET /?_g=2651614 HTTP/1.1" 200 31480 "https://tuzdayscloset.com/sitemap.xml" "Mozilla/5.0 (Linux; Android 7.0;) AppleWebKit/537.36 (KHTML, like Gecko) Mobile Safari/537.36 (compatible; PetalBot;+https://webmaster.petalsearch.com/site/petalbot)"
114.119.148.165 - - [15/Jan/2026:08:07:22 -0500] "GET /?_g=2196326 HTTP/1.1" 200 31480 "https://tuzdayscloset.com/sitemap.xml" "Mozilla/5.0 (Linux; Android 7.0;) AppleWebKit/537.36 (KHTML, like Gecko) Mobile Safari/537.36 (compatible; PetalBot;+https://webmaster.petalsearch.com/site/petalbot)"
114.119.131.211 - - [15/Jan/2026:08:08:44 -0500] "GET /?_g=2196223 HTTP/1.1" 200 31480 "https://tuzdayscloset.com/sitemap.xml" "Mozilla/5.0 (Linux; Android 7.0;) AppleWebKit/537.36 (KHTML, like Gecko) Mobile Safari/537.36 (compatible; PetalBot;+https://webmaster.petalsearch.com/site/petalbot)"
114.119.157.118 - - [15/Jan/2026:08:10:07 -0500] "GET /?_g=1506110 HTTP/1.1" 200 31480 "-" "Mozilla/5.0 (Linux; Android 7.0;) AppleWebKit/537.36 (KHTML, like Gecko) Mobile Safari/537.36 (compatible; PetalBot;+https://webmaster.petalsearch.com/site/petalbot)"
66.29.137.46 - - [15/Jan/2026:08:18:46 -0500] "POST /wp-cron.php?doing_wp_cron=1768483126.6402890682220458984375 HTTP/1.1" 200 0 "-" "WordPress/6.9; https://tuzdayscloset.com"
114.119.157.118 - - [15/Jan/2026:08:18:45 -0500] "GET /?_g=618945 HTTP/1.1" 200 31480 "https://tuzdayscloset.com/sitemap.xml" "Mozilla/5.0 (Linux; Android 7.0;) AppleWebKit/537.36 (KHTML, like Gecko) Mobile Safari/537.36 (compatible; PetalBot;+https://webmaster.petalsearch.com/site/petalbot)"
114.119.146.114 - - [15/Jan/2026:08:20:04 -0500] "GET /?_g=2750107 HTTP/1.1" 200 31480 "https://tuzdayscloset.com/sitemap.xml" "Mozilla/5.0 (Linux; Android 7.0;) AppleWebKit/537.36 (KHTML, like Gecko) Mobile Safari/537.36 (compatible; PetalBot;+https://webmaster.petalsearch.com/site/petalbot)"
114.119.159.148 - - [15/Jan/2026:08:21:27 -0500] "GET /?_g=1603747 HTTP/1.1" 200 31480 "https://tuzdayscloset.com/sitemap.xml" "Mozilla/5.0 (Linux; Android 7.0;) AppleWebKit/537.36 (KHTML, like Gecko) Mobile Safari/537.36 (compatible; PetalBot;+https://webmaster.petalsearch.com/site/petalbot)"
114.119.148.165 - - [15/Jan/2026:08:22:49 -0500] "GET /?_g=1160407 HTTP/1.1" 200 31480 "https://tuzdayscloset.com/sitemap.xml" "Mozilla/5.0 (Linux; Android 7.0;) AppleWebKit/537.36 (KHTML, like Gecko) Mobile Safari/537.36 (compatible; PetalBot;+https://webmaster.petalsearch.com/site/petalbot)"
66.249.73.67 - - [15/Jan/2026:08:23:20 -0500] "GET /?_g=2084770 HTTP/1.1" 200 27585 "-" "Mozilla/5.0 (Linux; Android 6.0.1; Nexus 5X Build/MMB29P) AppleWebKit/537.36 (KHTML, like Gecko) Chrome/143.0.7499.192 Mobile Safari/537.36 (compatible; Googlebot/2.1; +http://www.google.com/bot.html)"
114.119.157.118 - - [15/Jan/2026:08:24:13 -0500] "GET /?_g=2713498 HTTP/1.1" 200 31480 "-" "Mozilla/5.0 (Linux; Android 7.0;) AppleWebKit/537.36 (KHTML, like Gecko) Mobile Safari/537.36 (compatible; PetalBot;+https://webmaster.petalsearch.com/site/petalbot)"
223.244.35.77 - - [15/Jan/2026:08:24:58 -0500] "GET / HTTP/1.1" 301 0 "http://www.tuzdayscloset.com" "Mozilla/5.0 (iPhone; CPU iPhone OS 13_2_3 like Mac OS X) AppleWebKit/605.1.15 (KHTML, like Gecko) Version/13.0.3 Mobile/15E148 Safari/604.1"
66.29.137.46 - - [15/Jan/2026:08:38:35 -0500] "POST /wp-cron.php?doing_wp_cron=1768484315.9612898826599121093750 HTTP/1.1" 200 0 "-" "WordPress/6.9; https://tuzdayscloset.com"
114.119.131.211 - - [15/Jan/2026:08:38:34 -0500] "GET /?_g=2693560 HTTP/1.1" 200 31480 "https://tuzdayscloset.com/sitemap.xml" "Mozilla/5.0 (Linux; Android 7.0;) AppleWebKit/537.36 (KHTML, like Gecko) Mobile Safari/537.36 (compatible; PetalBot;+https://webmaster.petalsearch.com/site/petalbot)"
114.119.131.211 - - [15/Jan/2026:08:39:59 -0500] "GET /?_g=769586 HTTP/1.1" 200 31480 "https://tuzdayscloset.com/sitemap.xml" "Mozilla/5.0 (Linux; Android 7.0;) AppleWebKit/537.36 (KHTML, like Gecko) Mobile Safari/537.36 (compatible; PetalBot;+https://webmaster.petalsearch.com/site/petalbot)"
66.29.137.46 - - [15/Jan/2026:08:41:20 -0500] "POST /wp-cron.php?doing_wp_cron=1768484480.5174400806427001953125 HTTP/1.1" 200 0 "-" "WordPress/6.9; https://tuzdayscloset.com"
114.119.148.165 - - [15/Jan/2026:08:41:20 -0500] "GET /?_g=1764761 HTTP/1.1" 200 31480 "https://tuzdayscloset.com/sitemap.xml" "Mozilla/5.0 (Linux; Android 7.0;) AppleWebKit/537.36 (KHTML, like Gecko) Mobile Safari/537.36 (compatible; PetalBot;+https://webmaster.petalsearch.com/site/petalbot)"
114.119.159.148 - - [15/Jan/2026:08:42:45 -0500] "GET /?_g=1645227 HTTP/1.1" 200 31480 "-" "Mozilla/5.0 (Linux; Android 7.0;) AppleWebKit/537.36 (KHTML, like Gecko) Mobile Safari/537.36 (compatible; PetalBot;+https://webmaster.petalsearch.com/site/petalbot)"
114.119.133.204 - - [15/Jan/2026:08:54:13 -0500] "GET /?_g=3023825 HTTP/1.1" 200 31480 "-" "Mozilla/5.0 (Linux; Android 7.0;) AppleWebKit/537.36 (KHTML, like Gecko) Mobile Safari/537.36 (compatible; PetalBot;+https://webmaster.petalsearch.com/site/petalbot)"
114.119.146.114 - - [15/Jan/2026:08:55:35 -0500] "GET /?_g=2755146 HTTP/1.1" 200 31480 "-" "Mozilla/5.0 (Linux; Android 7.0;) AppleWebKit/537.36 (KHTML, like Gecko) Mobile Safari/537.36 (compatible; PetalBot;+https://webmaster.petalsearch.com/site/petalbot)"
66.29.137.46 - - [15/Jan/2026:08:57:03 -0500] "POST /wp-cron.php?doing_wp_cron=1768485423.4736258983612060546875 HTTP/1.1" 200 0 "-" "WordPress/6.9; https://tuzdayscloset.com"
114.119.146.114 - - [15/Jan/2026:08:57:02 -0500] "GET /?_g=2204289 HTTP/1.1" 200 31480 "https://tuzdayscloset.com/sitemap.xml" "Mozilla/5.0 (Linux; Android 7.0;) AppleWebKit/537.36 (KHTML, like Gecko) Mobile Safari/537.36 (compatible; PetalBot;+https://webmaster.petalsearch.com/site/petalbot)"
114.119.146.114 - - [15/Jan/2026:08:58:24 -0500] "GET /?_g=2033135 HTTP/1.1" 200 31480 "https://tuzdayscloset.com/sitemap.xml" "Mozilla/5.0 (Linux; Android 7.0;) AppleWebKit/537.36 (KHTML, like Gecko) Mobile Safari/537.36 (compatible; PetalBot;+https://webmaster.petalsearch.com/site/petalbot)"
34.204.150.196 - - [15/Jan/2026:09:00:56 -0500] "GET /wp-json/wp/v2/categories/1 HTTP/1.1" 200 653 "-" "Mozilla/5.0 AppleWebKit/537.36 (KHTML, like Gecko; compatible; Amazonbot/0.1; +https://developer.amazon.com/support/amazonbot) Chrome/119.0.6045.214 Safari/537.36"
66.29.137.46 - - [15/Jan/2026:09:05:29 -0500] "POST /wp-cron.php?doing_wp_cron=1768485929.6103620529174804687500 HTTP/1.1" 200 0 "-" "WordPress/6.9; https://tuzdayscloset.com"
66.249.73.65 - - [15/Jan/2026:09:05:28 -0500] "GET /?_g=2839677 HTTP/1.1" 200 27585 "-" "Mozilla/5.0 (Linux; Android 6.0.1; Nexus 5X Build/MMB29P) AppleWebKit/537.36 (KHTML, like Gecko) Chrome/143.0.7499.192 Mobile Safari/537.36 (compatible; Googlebot/2.1; +http://www.google.com/bot.html)"
114.119.154.124 - - [15/Jan/2026:09:11:04 -0500] "GET /?_g=3141042 HTTP/1.1" 200 31480 "https://tuzdayscloset.com/sitemap.xml" "Mozilla/5.0 (Linux; Android 7.0;) AppleWebKit/537.36 (KHTML, like Gecko) Mobile Safari/537.36 (compatible; PetalBot;+https://webmaster.petalsearch.com/site/petalbot)"
66.29.137.46 - - [15/Jan/2026:09:12:29 -0500] "POST /wp-cron.php?doing_wp_cron=1768486349.4477150440216064453125 HTTP/1.1" 200 0 "-" "WordPress/6.9; https://tuzdayscloset.com"
114.119.157.118 - - [15/Jan/2026:09:12:28 -0500] "GET /?_g=2395531 HTTP/1.1" 200 31480 "-" "Mozilla/5.0 (Linux; Android 7.0;) AppleWebKit/537.36 (KHTML, like Gecko) Mobile Safari/537.36 (compatible; PetalBot;+https://webmaster.petalsearch.com/site/petalbot)"
114.119.154.124 - - [15/Jan/2026:09:13:54 -0500] "GET /?_g=1904385 HTTP/1.1" 200 31480 "https://tuzdayscloset.com/sitemap.xml" "Mozilla/5.0 (Linux; Android 7.0;) AppleWebKit/537.36 (KHTML, like Gecko) Mobile Safari/537.36 (compatible; PetalBot;+https://webmaster.petalsearch.com/site/petalbot)"
114.119.154.124 - - [15/Jan/2026:09:15:14 -0500] "GET /?_g=1708998 HTTP/1.1" 200 31480 "-" "Mozilla/5.0 (Linux; Android 7.0;) AppleWebKit/537.36 (KHTML, like Gecko) Mobile Safari/537.36 (compatible; PetalBot;+https://webmaster.petalsearch.com/site/petalbot)"
66.29.137.46 - - [15/Jan/2026:09:28:59 -0500] "POST /wp-cron.php?doing_wp_cron=1768487339.7448511123657226562500 HTTP/1.1" 200 0 "-" "WordPress/6.9; https://tuzdayscloset.com"
114.119.146.114 - - [15/Jan/2026:09:28:58 -0500] "GET /?_g=350712 HTTP/1.1" 200 31480 "https://tuzdayscloset.com/sitemap.xml" "Mozilla/5.0 (Linux; Android 7.0;) AppleWebKit/537.36 (KHTML, like Gecko) Mobile Safari/537.36 (compatible; PetalBot;+https://webmaster.petalsearch.com/site/petalbot)"
114.119.157.118 - - [15/Jan/2026:09:16:40 -0500] "GET /?_g=138211 HTTP/1.1" 200 31480 "https://tuzdayscloset.com/sitemap.xml" "Mozilla/5.0 (Linux; Android 7.0;) AppleWebKit/537.36 (KHTML, like Gecko) Mobile Safari/537.36 (compatible; PetalBot;+https://webmaster.petalsearch.com/site/petalbot)"
114.119.146.215 - - [15/Jan/2026:09:18:03 -0500] "GET /?_g=642770 HTTP/1.1" 200 31480 "https://tuzdayscloset.com/sitemap.xml" "Mozilla/5.0 (Linux; Android 7.0;) AppleWebKit/537.36 (KHTML, like Gecko) Mobile Safari/537.36 (compatible; PetalBot;+https://webmaster.petalsearch.com/site/petalbot)"
167.114.139.76 - - [15/Jan/2026:09:22:09 -0500] "GET /robots.txt HTTP/1.1" 200 69 "-" "Mozilla/5.0 (compatible; AhrefsBot/7.0; +http://ahrefs.com/robot/)"
51.222.95.216 - - [15/Jan/2026:09:22:12 -0500] "GET /sitemap.xml HTTP/1.1" 301 0 "-" "Mozilla/5.0 (compatible; AhrefsBot/7.0; +http://ahrefs.com/robot/)"
51.222.95.216 - - [15/Jan/2026:09:22:13 -0500] "GET /wp-sitemap.xml HTTP/1.1" 200 193 "-" "Mozilla/5.0 (compatible; AhrefsBot/7.0; +http://ahrefs.com/robot/)"
15.235.98.209 - - [15/Jan/2026:09:22:16 -0500] "GET /wp-sitemap-posts-post-1.xml HTTP/1.1" 200 204 "-" "Mozilla/5.0 (compatible; AhrefsBot/7.0; +http://ahrefs.com/robot/)"
142.44.225.82 - - [15/Jan/2026:09:22:19 -0500] "GET /wp-sitemap-posts-page-1.xml HTTP/1.1" 200 211 "-" "Mozilla/5.0 (compatible; AhrefsBot/7.0; +http://ahrefs.com/robot/)"
51.161.37.81 - - [15/Jan/2026:09:22:23 -0500] "GET /wp-sitemap-taxonomies-category-1.xml HTTP/1.1" 200 164 "-" "Mozilla/5.0 (compatible; AhrefsBot/7.0; +http://ahrefs.com/robot/)"
54.39.203.242 - - [15/Jan/2026:09:22:26 -0500] "GET /wp-sitemap-users-1.xml HTTP/1.1" 200 159 "-" "Mozilla/5.0 (compatible; AhrefsBot/7.0; +http://ahrefs.com/robot/)"
66.249.73.66 - - [15/Jan/2026:09:22:32 -0500] "GET /?_g=283155 HTTP/1.1" 200 27585 "-" "Mozilla/5.0 (Linux; Android 6.0.1; Nexus 5X Build/MMB29P) AppleWebKit/537.36 (KHTML, like Gecko) Chrome/143.0.7499.192 Mobile Safari/537.36 (compatible; Googlebot/2.1; +http://www.google.com/bot.html)"
114.119.133.204 - - [15/Jan/2026:09:25:29 -0500] "GET /?_g=2198369 HTTP/1.1" 200 31480 "https://tuzdayscloset.com/sitemap.xml" "Mozilla/5.0 (Linux; Android 7.0;) AppleWebKit/537.36 (KHTML, like Gecko) Mobile Safari/537.36 (compatible; PetalBot;+https://webmaster.petalsearch.com/site/petalbot)"
114.119.146.215 - - [15/Jan/2026:09:30:25 -0500] "GET /?_g=1662289 HTTP/1.1" 200 31480 "-" "Mozilla/5.0 (Linux; Android 7.0;) AppleWebKit/537.36 (KHTML, like Gecko) Mobile Safari/537.36 (compatible; PetalBot;+https://webmaster.petalsearch.com/site/petalbot)"
66.29.137.46 - - [15/Jan/2026:09:44:29 -0500] "POST /wp-cron.php?doing_wp_cron=1768488269.2287199497222900390625 HTTP/1.1" 200 0 "-" "WordPress/6.9; https://tuzdayscloset.com"
114.119.148.165 - - [15/Jan/2026:09:44:28 -0500] "GET /?_g=875705 HTTP/1.1" 200 31480 "https://tuzdayscloset.com/sitemap.xml" "Mozilla/5.0 (Linux; Android 7.0;) AppleWebKit/537.36 (KHTML, like Gecko) Mobile Safari/537.36 (compatible; PetalBot;+https://webmaster.petalsearch.com/site/petalbot)"
114.119.146.114 - - [15/Jan/2026:09:45:50 -0500] "GET /?_g=2887575 HTTP/1.1" 200 31480 "-" "Mozilla/5.0 (Linux; Android 7.0;) AppleWebKit/537.36 (KHTML, like Gecko) Mobile Safari/537.36 (compatible; PetalBot;+https://webmaster.petalsearch.com/site/petalbot)"
114.119.148.165 - - [15/Jan/2026:09:47:17 -0500] "GET /?_g=761949 HTTP/1.1" 200 31480 "https://tuzdayscloset.com/sitemap.xml" "Mozilla/5.0 (Linux; Android 7.0;) AppleWebKit/537.36 (KHTML, like Gecko) Mobile Safari/537.36 (compatible; PetalBot;+https://webmaster.petalsearch.com/site/petalbot)"
114.119.148.165 - - [15/Jan/2026:09:48:37 -0500] "GET /?_g=3161311 HTTP/1.1" 200 31480 "-" "Mozilla/5.0 (Linux; Android 7.0;) AppleWebKit/537.36 (KHTML, like Gecko) Mobile Safari/537.36 (compatible; PetalBot;+https://webmaster.petalsearch.com/site/petalbot)"
114.119.146.215 - - [15/Jan/2026:09:50:02 -0500] "GET /?_g=2829598 HTTP/1.1" 200 31480 "https://tuzdayscloset.com/sitemap.xml" "Mozilla/5.0 (Linux; Android 7.0;) AppleWebKit/537.36 (KHTML, like Gecko) Mobile Safari/537.36 (compatible; PetalBot;+https://webmaster.petalsearch.com/site/petalbot)"
114.119.146.114 - - [15/Jan/2026:09:51:24 -0500] "GET /?_g=2335548 HTTP/1.1" 200 31480 "-" "Mozilla/5.0 (Linux; Android 7.0;) AppleWebKit/537.36 (KHTML, like Gecko) Mobile Safari/537.36 (compatible; PetalBot;+https://webmaster.petalsearch.com/site/petalbot)"
114.119.133.204 - - [15/Jan/2026:09:52:46 -0500] "GET /?_g=3176659 HTTP/1.1" 200 31480 "-" "Mozilla/5.0 (Linux; Android 7.0;) AppleWebKit/537.36 (KHTML, like Gecko) Mobile Safari/537.36 (compatible; PetalBot;+https://webmaster.petalsearch.com/site/petalbot)"
66.249.73.65 - - [15/Jan/2026:09:52:57 -0500] "GET /index.php/zhHant/product/surugaya/86415171/?_g=1519333 HTTP/1.1" 301 0 "-" "Mozilla/5.0 (Linux; Android 6.0.1; Nexus 5X Build/MMB29P) AppleWebKit/537.36 (KHTML, like Gecko) Chrome/143.0.7499.192 Mobile Safari/537.36 (compatible; Googlebot/2.1; +http://www.google.com/bot.html)"
66.249.73.65 - - [15/Jan/2026:09:52:57 -0500] "GET /zhHant/product/surugaya/86415171/?_g=1519333 HTTP/1.1" 404 11987 "-" "Mozilla/5.0 (Linux; Android 6.0.1; Nexus 5X Build/MMB29P) AppleWebKit/537.36 (KHTML, like Gecko) Chrome/143.0.7499.192 Mobile Safari/537.36 (compatible; Googlebot/2.1; +http://www.google.com/bot.html)"
114.119.148.165 - - [15/Jan/2026:09:54:11 -0500] "GET /?_g=2241849 HTTP/1.1" 200 31480 "https://tuzdayscloset.com/sitemap.xml" "Mozilla/5.0 (Linux; Android 7.0;) AppleWebKit/537.36 (KHTML, like Gecko) Mobile Safari/537.36 (compatible; PetalBot;+https://webmaster.petalsearch.com/site/petalbot)"
114.119.133.204 - - [15/Jan/2026:09:55:33 -0500] "GET /?_g=1680038 HTTP/1.1" 200 31480 "https://tuzdayscloset.com/sitemap.xml" "Mozilla/5.0 (Linux; Android 7.0;) AppleWebKit/537.36 (KHTML, like Gecko) Mobile Safari/537.36 (compatible; PetalBot;+https://webmaster.petalsearch.com/site/petalbot)"
66.29.137.46 - - [15/Jan/2026:09:56:59 -0500] "POST /wp-cron.php?doing_wp_cron=1768489019.6694059371948242187500 HTTP/1.1" 200 0 "-" "WordPress/6.9; https://tuzdayscloset.com"
114.119.146.114 - - [15/Jan/2026:09:56:58 -0500] "GET /?_g=1608670 HTTP/1.1" 200 31480 "-" "Mozilla/5.0 (Linux; Android 7.0;) AppleWebKit/537.36 (KHTML, like Gecko) Mobile Safari/537.36 (compatible; PetalBot;+https://webmaster.petalsearch.com/site/petalbot)"
66.249.73.67 - - [15/Jan/2026:09:57:31 -0500] "GET /product/edit/40425622 HTTP/1.1" 404 11989 "-" "Mozilla/5.0 (Linux; Android 6.0.1; Nexus 5X Build/MMB29P) AppleWebKit/537.36 (KHTML, like Gecko) Chrome/143.0.7499.192 Mobile Safari/537.36 (compatible; Googlebot/2.1; +http://www.google.com/bot.html)"
66.249.73.66 - - [15/Jan/2026:09:57:50 -0500] "GET /index.php/safe_search/config//?_g=2884574 HTTP/1.1" 301 0 "-" "Mozilla/5.0 (Linux; Android 6.0.1; Nexus 5X Build/MMB29P) AppleWebKit/537.36 (KHTML, like Gecko) Chrome/143.0.7499.192 Mobile Safari/537.36 (compatible; Googlebot/2.1; +http://www.google.com/bot.html)"
66.249.73.65 - - [15/Jan/2026:09:57:50 -0500] "GET /safe_search/config/?_g=2884574 HTTP/1.1" 404 11987 "-" "Mozilla/5.0 (Linux; Android 6.0.1; Nexus 5X Build/MMB29P) AppleWebKit/537.36 (KHTML, like Gecko) Chrome/143.0.7499.192 Mobile Safari/537.36 (compatible; Googlebot/2.1; +http://www.google.com/bot.html)"
114.119.146.114 - - [15/Jan/2026:09:58:23 -0500] "GET /?_g=641421 HTTP/1.1" 200 31480 "https://tuzdayscloset.com/sitemap.xml" "Mozilla/5.0 (Linux; Android 7.0;) AppleWebKit/537.36 (KHTML, like Gecko) Mobile Safari/537.36 (compatible; PetalBot;+https://webmaster.petalsearch.com/site/petalbot)"
114.119.157.118 - - [15/Jan/2026:09:59:46 -0500] "GET /?_g=369469 HTTP/1.1" 200 31480 "https://tuzdayscloset.com/sitemap.xml" "Mozilla/5.0 (Linux; Android 7.0;) AppleWebKit/537.36 (KHTML, like Gecko) Mobile Safari/537.36 (compatible; PetalBot;+https://webmaster.petalsearch.com/site/petalbot)"
43.130.71.237 - - [15/Jan/2026:10:01:07 -0500] "GET / HTTP/1.1" 301 0 "http://www.tuzdayscloset.com" "Mozilla/5.0 (iPhone; CPU iPhone OS 13_2_3 like Mac OS X) AppleWebKit/605.1.15 (KHTML, like Gecko) Version/13.0.3 Mobile/15E148 Safari/604.1"
43.130.71.237 - - [15/Jan/2026:10:01:08 -0500] "GET / HTTP/1.1" 200 31480 "https://www.tuzdayscloset.com/" "Mozilla/5.0 (iPhone; CPU iPhone OS 13_2_3 like Mac OS X) AppleWebKit/605.1.15 (KHTML, like Gecko) Version/13.0.3 Mobile/15E148 Safari/604.1"
114.119.157.118 - - [15/Jan/2026:10:01:09 -0500] "GET /?_g=1437545 HTTP/1.1" 200 31480 "-" "Mozilla/5.0 (Linux; Android 7.0;) AppleWebKit/537.36 (KHTML, like Gecko) Mobile Safari/537.36 (compatible; PetalBot;+https://webmaster.petalsearch.com/site/petalbot)"
66.249.73.66 - - [15/Jan/2026:10:01:37 -0500] "GET /?_g=628996 HTTP/1.1" 200 27585 "-" "Mozilla/5.0 (Linux; Android 6.0.1; Nexus 5X Build/MMB29P) AppleWebKit/537.36 (KHTML, like Gecko) Chrome/143.0.7499.192 Mobile Safari/537.36 (compatible; Googlebot/2.1; +http://www.google.com/bot.html)"
66.29.137.46 - - [15/Jan/2026:10:02:33 -0500] "POST /wp-cron.php?doing_wp_cron=1768489353.2120709419250488281250 HTTP/1.1" 200 0 "-" "WordPress/6.9; https://tuzdayscloset.com"
114.119.146.114 - - [15/Jan/2026:10:02:33 -0500] "GET /?_g=1851969 HTTP/1.1" 200 31480 "https://tuzdayscloset.com/sitemap.xml" "Mozilla/5.0 (Linux; Android 7.0;) AppleWebKit/537.36 (KHTML, like Gecko) Mobile Safari/537.36 (compatible; PetalBot;+https://webmaster.petalsearch.com/site/petalbot)"
114.119.154.124 - - [15/Jan/2026:10:03:56 -0500] "GET /?_g=1635054 HTTP/1.1" 200 31480 "https://tuzdayscloset.com/sitemap.xml" "Mozilla/5.0 (Linux; Android 7.0;) AppleWebKit/537.36 (KHTML, like Gecko) Mobile Safari/537.36 (compatible; PetalBot;+https://webmaster.petalsearch.com/site/petalbot)"
66.29.137.46 - - [15/Jan/2026:10:17:49 -0500] "POST /wp-cron.php?doing_wp_cron=1768490269.3592960834503173828125 HTTP/1.1" 200 0 "-" "WordPress/6.9; https://tuzdayscloset.com"
114.119.146.114 - - [15/Jan/2026:10:17:48 -0500] "GET /?_g=716912 HTTP/1.1" 200 31480 "https://tuzdayscloset.com/sitemap.xml" "Mozilla/5.0 (Linux; Android 7.0;) AppleWebKit/537.36 (KHTML, like Gecko) Mobile Safari/537.36 (compatible; PetalBot;+https://webmaster.petalsearch.com/site/petalbot)"
114.119.154.124 - - [15/Jan/2026:10:19:09 -0500] "GET /?_g=551373 HTTP/1.1" 200 31480 "-" "Mozilla/5.0 (Linux; Android 7.0;) AppleWebKit/537.36 (KHTML, like Gecko) Mobile Safari/537.36 (compatible; PetalBot;+https://webmaster.petalsearch.com/site/petalbot)"
114.119.154.124 - - [15/Jan/2026:10:20:32 -0500] "GET /?_g=432854 HTTP/1.1" 200 31480 "https://tuzdayscloset.com/sitemap.xml" "Mozilla/5.0 (Linux; Android 7.0;) AppleWebKit/537.36 (KHTML, like Gecko) Mobile Safari/537.36 (compatible; PetalBot;+https://webmaster.petalsearch.com/site/petalbot)"
114.119.148.165 - - [15/Jan/2026:10:21:56 -0500] "GET /?_g=677349 HTTP/1.1" 200 31480 "https://tuzdayscloset.com/sitemap.xml" "Mozilla/5.0 (Linux; Android 7.0;) AppleWebKit/537.36 (KHTML, like Gecko) Mobile Safari/537.36 (compatible; PetalBot;+https://webmaster.petalsearch.com/site/petalbot)"
114.119.157.118 - - [15/Jan/2026:10:23:20 -0500] "GET /?_g=2437713 HTTP/1.1" 200 31480 "https://tuzdayscloset.com/sitemap.xml" "Mozilla/5.0 (Linux; Android 7.0;) AppleWebKit/537.36 (KHTML, like Gecko) Mobile Safari/537.36 (compatible; PetalBot;+https://webmaster.petalsearch.com/site/petalbot)"
114.119.159.148 - - [15/Jan/2026:10:24:43 -0500] "GET /?_g=2351405 HTTP/1.1" 200 31480 "https://tuzdayscloset.com/sitemap.xml" "Mozilla/5.0 (Linux; Android 7.0;) AppleWebKit/537.36 (KHTML, like Gecko) Mobile Safari/537.36 (compatible; PetalBot;+https://webmaster.petalsearch.com/site/petalbot)"
66.29.137.46 - - [15/Jan/2026:10:26:07 -0500] "POST /wp-cron.php?doing_wp_cron=1768490767.2679190635681152343750 HTTP/1.1" 200 0 "-" "WordPress/6.9; https://tuzdayscloset.com"
114.119.154.124 - - [15/Jan/2026:10:26:06 -0500] "GET /?_g=3107410 HTTP/1.1" 200 31480 "https://tuzdayscloset.com/sitemap.xml" "Mozilla/5.0 (Linux; Android 7.0;) AppleWebKit/537.36 (KHTML, like Gecko) Mobile Safari/537.36 (compatible; PetalBot;+https://webmaster.petalsearch.com/site/petalbot)"
114.119.148.165 - - [15/Jan/2026:10:27:30 -0500] "GET /?_g=2251247 HTTP/1.1" 200 31480 "-" "Mozilla/5.0 (Linux; Android 7.0;) AppleWebKit/537.36 (KHTML, like Gecko) Mobile Safari/537.36 (compatible; PetalBot;+https://webmaster.petalsearch.com/site/petalbot)"
114.119.154.124 - - [15/Jan/2026:10:28:54 -0500] "GET /?_g=1929948 HTTP/1.1" 200 31480 "https://tuzdayscloset.com/sitemap.xml" "Mozilla/5.0 (Linux; Android 7.0;) AppleWebKit/537.36 (KHTML, like Gecko) Mobile Safari/537.36 (compatible; PetalBot;+https://webmaster.petalsearch.com/site/petalbot)"
66.249.73.66 - - [15/Jan/2026:10:28:58 -0500] "GET /index.php/safe_search/config//?_g=3122995 HTTP/1.1" 301 0 "-" "Mozilla/5.0 (Linux; Android 6.0.1; Nexus 5X Build/MMB29P) AppleWebKit/537.36 (KHTML, like Gecko) Chrome/143.0.7499.192 Mobile Safari/537.36 (compatible; Googlebot/2.1; +http://www.google.com/bot.html)"
66.249.73.66 - - [15/Jan/2026:10:28:58 -0500] "GET /safe_search/config/?_g=3122995 HTTP/1.1" 404 11989 "-" "Mozilla/5.0 (Linux; Android 6.0.1; Nexus 5X Build/MMB29P) AppleWebKit/537.36 (KHTML, like Gecko) Chrome/143.0.7499.192 Mobile Safari/537.36 (compatible; Googlebot/2.1; +http://www.google.com/bot.html)"
114.119.159.148 - - [15/Jan/2026:10:30:17 -0500] "GET /?_g=1612494 HTTP/1.1" 200 31480 "https://tuzdayscloset.com/sitemap.xml" "Mozilla/5.0 (Linux; Android 7.0;) AppleWebKit/537.36 (KHTML, like Gecko) Mobile Safari/537.36 (compatible; PetalBot;+https://webmaster.petalsearch.com/site/petalbot)"
114.119.159.148 - - [15/Jan/2026:10:31:41 -0500] "GET /?_g=1556221 HTTP/1.1" 200 31480 "https://tuzdayscloset.com/sitemap.xml" "Mozilla/5.0 (Linux; Android 7.0;) AppleWebKit/537.36 (KHTML, like Gecko) Mobile Safari/537.36 (compatible; PetalBot;+https://webmaster.petalsearch.com/site/petalbot)"
114.119.146.114 - - [15/Jan/2026:10:33:06 -0500] "GET /?_g=276893 HTTP/1.1" 200 31480 "https://tuzdayscloset.com/sitemap.xml" "Mozilla/5.0 (Linux; Android 7.0;) AppleWebKit/537.36 (KHTML, like Gecko) Mobile Safari/537.36 (compatible; PetalBot;+https://webmaster.petalsearch.com/site/petalbot)"
114.119.148.165 - - [15/Jan/2026:10:34:30 -0500] "GET /?_g=1395837 HTTP/1.1" 200 31480 "https://tuzdayscloset.com/sitemap.xml" "Mozilla/5.0 (Linux; Android 7.0;) AppleWebKit/537.36 (KHTML, like Gecko) Mobile Safari/537.36 (compatible; PetalBot;+https://webmaster.petalsearch.com/site/petalbot)"
114.119.131.211 - - [15/Jan/2026:10:35:53 -0500] "GET /?_g=1003221 HTTP/1.1" 200 31480 "https://tuzdayscloset.com/sitemap.xml" "Mozilla/5.0 (Linux; Android 7.0;) AppleWebKit/537.36 (KHTML, like Gecko) Mobile Safari/537.36 (compatible; PetalBot;+https://webmaster.petalsearch.com/site/petalbot)"
66.249.73.67 - - [15/Jan/2026:10:38:34 -0500] "GET /index.php/safe_search/config//?_g=1094897 HTTP/1.1" 301 0 "-" "Mozilla/5.0 (Linux; Android 6.0.1; Nexus 5X Build/MMB29P) AppleWebKit/537.36 (KHTML, like Gecko) Chrome/143.0.7499.192 Mobile Safari/537.36 (compatible; Googlebot/2.1; +http://www.google.com/bot.html)"
66.249.73.67 - - [15/Jan/2026:10:38:35 -0500] "GET /safe_search/config/?_g=1094897 HTTP/1.1" 404 11987 "-" "Mozilla/5.0 (Linux; Android 6.0.1; Nexus 5X Build/MMB29P) AppleWebKit/537.36 (KHTML, like Gecko) Chrome/143.0.7499.192 Mobile Safari/537.36 (compatible; Googlebot/2.1; +http://www.google.com/bot.html)"
66.29.137.46 - - [15/Jan/2026:10:41:20 -0500] "POST /wp-cron.php?doing_wp_cron=1768491680.9581489562988281250000 HTTP/1.1" 200 0 "-" "WordPress/6.9; https://tuzdayscloset.com"
66.249.73.66 - - [15/Jan/2026:10:41:20 -0500] "GET /?_g=2571128 HTTP/1.1" 200 27585 "-" "Mozilla/5.0 (Linux; Android 6.0.1; Nexus 5X Build/MMB29P) AppleWebKit/537.36 (KHTML, like Gecko) Chrome/143.0.7499.192 Mobile Safari/537.36 (compatible; Googlebot/2.1; +http://www.google.com/bot.html)"
66.249.73.65 - - [15/Jan/2026:10:42:47 -0500] "GET /zhHant/product/surugaya/09175369?campaign_uid=f64d716db5e979ed2f947dbaf4296895b951ae7f HTTP/1.1" 404 12018 "-" "Mozilla/5.0 (Linux; Android 6.0.1; Nexus 5X Build/MMB29P) AppleWebKit/537.36 (KHTML, like Gecko) Chrome/143.0.7499.192 Mobile Safari/537.36 (compatible; Googlebot/2.1; +http://www.google.com/bot.html)"
114.119.159.148 - - [15/Jan/2026:10:49:24 -0500] "GET /?_g=783048 HTTP/1.1" 200 31480 "https://tuzdayscloset.com/sitemap.xml" "Mozilla/5.0 (Linux; Android 7.0;) AppleWebKit/537.36 (KHTML, like Gecko) Mobile Safari/537.36 (compatible; PetalBot;+https://webmaster.petalsearch.com/site/petalbot)"
114.119.131.211 - - [15/Jan/2026:10:50:55 -0500] "GET /?_g=3145057 HTTP/1.1" 200 31480 "-" "Mozilla/5.0 (Linux; Android 7.0;) AppleWebKit/537.36 (KHTML, like Gecko) Mobile Safari/537.36 (compatible; PetalBot;+https://webmaster.petalsearch.com/site/petalbot)"
114.119.159.148 - - [15/Jan/2026:10:52:10 -0500] "GET /?_g=2267193 HTTP/1.1" 200 31480 "-" "Mozilla/5.0 (Linux; Android 7.0;) AppleWebKit/537.36 (KHTML, like Gecko) Mobile Safari/537.36 (compatible; PetalBot;+https://webmaster.petalsearch.com/site/petalbot)"
114.119.148.165 - - [15/Jan/2026:10:53:34 -0500] "GET /?_g=2222986 HTTP/1.1" 200 31480 "https://tuzdayscloset.com/sitemap.xml" "Mozilla/5.0 (Linux; Android 7.0;) AppleWebKit/537.36 (KHTML, like Gecko) Mobile Safari/537.36 (compatible; PetalBot;+https://webmaster.petalsearch.com/site/petalbot)"
114.119.146.114 - - [15/Jan/2026:10:54:58 -0500] "GET /?_g=1808418 HTTP/1.1" 200 31480 "https://tuzdayscloset.com/sitemap.xml" "Mozilla/5.0 (Linux; Android 7.0;) AppleWebKit/537.36 (KHTML, like Gecko) Mobile Safari/537.36 (compatible; PetalBot;+https://webmaster.petalsearch.com/site/petalbot)"
66.29.137.46 - - [15/Jan/2026:10:56:23 -0500] "POST /wp-cron.php?doing_wp_cron=1768492583.0638439655303955078125 HTTP/1.1" 200 0 "-" "WordPress/6.9; https://tuzdayscloset.com"
114.119.146.215 - - [15/Jan/2026:10:56:22 -0500] "GET /?_g=1386750 HTTP/1.1" 200 31480 "https://tuzdayscloset.com/sitemap.xml" "Mozilla/5.0 (Linux; Android 7.0;) AppleWebKit/537.36 (KHTML, like Gecko) Mobile Safari/537.36 (compatible; PetalBot;+https://webmaster.petalsearch.com/site/petalbot)"
114.119.157.118 - - [15/Jan/2026:10:57:44 -0500] "GET /?_g=234003 HTTP/1.1" 200 31480 "https://tuzdayscloset.com/sitemap.xml" "Mozilla/5.0 (Linux; Android 7.0;) AppleWebKit/537.36 (KHTML, like Gecko) Mobile Safari/537.36 (compatible; PetalBot;+https://webmaster.petalsearch.com/site/petalbot)"
66.29.137.46 - - [15/Jan/2026:11:06:14 -0500] "POST /wp-cron.php?doing_wp_cron=1768493174.4379489421844482421875 HTTP/1.1" 200 0 "-" "WordPress/6.9; https://tuzdayscloset.com"
114.119.159.148 - - [15/Jan/2026:11:06:13 -0500] "GET /?_g=3020352 HTTP/1.1" 200 31480 "https://tuzdayscloset.com/sitemap.xml" "Mozilla/5.0 (Linux; Android 7.0;) AppleWebKit/537.36 (KHTML, like Gecko) Mobile Safari/537.36 (compatible; PetalBot;+https://webmaster.petalsearch.com/site/petalbot)"
66.249.73.66 - - [15/Jan/2026:11:06:41 -0500] "GET /?_g=22052 HTTP/1.1" 200 27585 "-" "Mozilla/5.0 (Linux; Android 6.0.1; Nexus 5X Build/MMB29P) AppleWebKit/537.36 (KHTML, like Gecko) Chrome/143.0.7499.192 Mobile Safari/537.36 (compatible; Googlebot/2.1; +http://www.google.com/bot.html)"
114.119.154.124 - - [15/Jan/2026:11:07:39 -0500] "GET /?_g=2983967 HTTP/1.1" 200 31480 "https://tuzdayscloset.com/sitemap.xml" "Mozilla/5.0 (Linux; Android 7.0;) AppleWebKit/537.36 (KHTML, like Gecko) Mobile Safari/537.36 (compatible; PetalBot;+https://webmaster.petalsearch.com/site/petalbot)"
114.119.154.124 - - [15/Jan/2026:11:09:00 -0500] "GET /?_g=2931036 HTTP/1.1" 200 31480 "https://tuzdayscloset.com/sitemap.xml" "Mozilla/5.0 (Linux; Android 7.0;) AppleWebKit/537.36 (KHTML, like Gecko) Mobile Safari/537.36 (compatible; PetalBot;+https://webmaster.petalsearch.com/site/petalbot)"
114.119.159.148 - - [15/Jan/2026:11:10:23 -0500] "GET /?_g=286513 HTTP/1.1" 200 31480 "-" "Mozilla/5.0 (Linux; Android 7.0;) AppleWebKit/537.36 (KHTML, like Gecko) Mobile Safari/537.36 (compatible; PetalBot;+https://webmaster.petalsearch.com/site/petalbot)"
66.29.137.46 - - [15/Jan/2026:11:11:47 -0500] "POST /wp-cron.php?doing_wp_cron=1768493507.4314980506896972656250 HTTP/1.1" 200 0 "-" "WordPress/6.9; https://tuzdayscloset.com"
114.119.159.148 - - [15/Jan/2026:11:11:46 -0500] "GET /?_g=2853939 HTTP/1.1" 200 31480 "https://tuzdayscloset.com/sitemap.xml" "Mozilla/5.0 (Linux; Android 7.0;) AppleWebKit/537.36 (KHTML, like Gecko) Mobile Safari/537.36 (compatible; PetalBot;+https://webmaster.petalsearch.com/site/petalbot)"
66.249.73.66 - - [15/Jan/2026:11:12:37 -0500] "GET /index.php/safe_search/config//?_g=2592994 HTTP/1.1" 301 0 "-" "Mozilla/5.0 (Linux; Android 6.0.1; Nexus 5X Build/MMB29P) AppleWebKit/537.36 (KHTML, like Gecko) Chrome/143.0.7499.192 Mobile Safari/537.36 (compatible; Googlebot/2.1; +http://www.google.com/bot.html)"
66.249.73.67 - - [15/Jan/2026:11:12:37 -0500] "GET /safe_search/config/?_g=2592994 HTTP/1.1" 404 11987 "-" "Mozilla/5.0 (Linux; Android 6.0.1; Nexus 5X Build/MMB29P) AppleWebKit/537.36 (KHTML, like Gecko) Chrome/143.0.7499.192 Mobile Safari/537.36 (compatible; Googlebot/2.1; +http://www.google.com/bot.html)"
114.119.148.165 - - [15/Jan/2026:11:13:10 -0500] "GET /?_g=2523209 HTTP/1.1" 200 31480 "https://tuzdayscloset.com/sitemap.xml" "Mozilla/5.0 (Linux; Android 7.0;) AppleWebKit/537.36 (KHTML, like Gecko) Mobile Safari/537.36 (compatible; PetalBot;+https://webmaster.petalsearch.com/site/petalbot)"
157.55.39.225 - - [15/Jan/2026:11:13:10 -0500] "GET /robots.txt HTTP/1.1" 200 69 "-" "Mozilla/5.0 AppleWebKit/537.36 (KHTML, like Gecko; compatible; bingbot/2.0; +http://www.bing.com/bingbot.htm) Chrome/116.0.1938.76 Safari/537.36"
157.55.39.225 - - [15/Jan/2026:11:13:10 -0500] "GET /robots.txt HTTP/1.1" 200 69 "-" "Mozilla/5.0 AppleWebKit/537.36 (KHTML, like Gecko; compatible; bingbot/2.0; +http://www.bing.com/bingbot.htm) Chrome/116.0.1938.76 Safari/537.36"
157.55.39.54 - - [15/Jan/2026:11:13:17 -0500] "GET / HTTP/1.1" 200 27583 "-" "Mozilla/5.0 AppleWebKit/537.36 (KHTML, like Gecko; compatible; bingbot/2.0; +http://www.bing.com/bingbot.htm) Chrome/116.0.1938.76 Safari/537.36"
52.167.144.184 - - [15/Jan/2026:11:13:32 -0500] "GET /wp-content/plugins/nicepage/assets/css/nicepage.css?ver=5.0.7 HTTP/1.1" 200 41941 "-" "Mozilla/5.0 AppleWebKit/537.36 (KHTML, like Gecko; compatible; bingbot/2.0; +http://www.bing.com/bingbot.htm) Chrome/116.0.1938.76 Safari/537.36"
52.167.144.184 - - [15/Jan/2026:11:13:32 -0500] "GET /wp-includes/js/jquery/jquery.min.js?ver=3.7.1 HTTP/1.1" 200 29744 "-" "Mozilla/5.0 AppleWebKit/537.36 (KHTML, like Gecko; compatible; bingbot/2.0; +http://www.bing.com/bingbot.htm) Chrome/116.0.1938.76 Safari/537.36"
52.167.144.184 - - [15/Jan/2026:11:13:32 -0500] "GET /wp-includes/js/wp-emoji-release.min.js?ver=6.9 HTTP/1.1" 200 4949 "-" "Mozilla/5.0 AppleWebKit/537.36 (KHTML, like Gecko; compatible; bingbot/2.0; +http://www.bing.com/bingbot.htm) Chrome/116.0.1938.76 Safari/537.36"
52.167.144.184 - - [15/Jan/2026:11:13:33 -0500] "GET /wp-includes/js/jquery/jquery.min.js?ver=3.7.1 HTTP/1.1" 200 29744 "-" "Mozilla/5.0 AppleWebKit/537.36 (KHTML, like Gecko; compatible; bingbot/2.0; +http://www.bing.com/bingbot.htm) Chrome/116.0.1938.76 Safari/537.36"
52.167.144.184 - - [15/Jan/2026:11:13:33 -0500] "GET /wp-content/plugins/nicepage/assets/css/nicepage.css?ver=5.0.7 HTTP/1.1" 200 41941 "-" "Mozilla/5.0 AppleWebKit/537.36 (KHTML, like Gecko; compatible; bingbot/2.0; +http://www.bing.com/bingbot.htm) Chrome/116.0.1938.76 Safari/537.36"
52.167.144.184 - - [15/Jan/2026:11:13:33 -0500] "GET /wp-includes/js/wp-emoji-release.min.js?ver=6.9 HTTP/1.1" 200 4949 "-" "Mozilla/5.0 AppleWebKit/537.36 (KHTML, like Gecko; compatible; bingbot/2.0; +http://www.bing.com/bingbot.htm) Chrome/116.0.1938.76 Safari/537.36"
157.55.39.54 - - [15/Jan/2026:11:13:37 -0500] "GET /wp-content/plugins/nicepage/assets/js/nicepage.js?ver=5.0.7 HTTP/1.1" 200 72408 "-" "Mozilla/5.0 AppleWebKit/537.36 (KHTML, like Gecko; compatible; bingbot/2.0; +http://www.bing.com/bingbot.htm) Chrome/116.0.1938.76 Safari/537.36"
157.55.39.54 - - [15/Jan/2026:11:13:37 -0500] "GET /wp-includes/js/jquery/jquery-migrate.min.js?ver=3.4.1 HTTP/1.1" 200 4678 "-" "Mozilla/5.0 AppleWebKit/537.36 (KHTML, like Gecko; compatible; bingbot/2.0; +http://www.bing.com/bingbot.htm) Chrome/116.0.1938.76 Safari/537.36"
157.55.39.54 - - [15/Jan/2026:11:13:38 -0500] "GET /wp-content/plugins/nicepage/assets/css/media.css?ver=6.9 HTTP/1.1" 200 4881 "-" "Mozilla/5.0 AppleWebKit/537.36 (KHTML, like Gecko; compatible; bingbot/2.0; +http://www.bing.com/bingbot.htm) Chrome/116.0.1938.76 Safari/537.36"
157.55.39.54 - - [15/Jan/2026:11:13:38 -0500] "GET /wp-includes/js/jquery/jquery-migrate.min.js?ver=3.4.1 HTTP/1.1" 200 4678 "-" "Mozilla/5.0 AppleWebKit/537.36 (KHTML, like Gecko; compatible; bingbot/2.0; +http://www.bing.com/bingbot.htm) Chrome/116.0.1938.76 Safari/537.36"
157.55.39.54 - - [15/Jan/2026:11:13:39 -0500] "GET /wp-content/plugins/nicepage/assets/js/nicepage.js?ver=5.0.7 HTTP/1.1" 200 72408 "-" "Mozilla/5.0 AppleWebKit/537.36 (KHTML, like Gecko; compatible; bingbot/2.0; +http://www.bing.com/bingbot.htm) Chrome/116.0.1938.76 Safari/537.36"
157.55.39.54 - - [15/Jan/2026:11:13:39 -0500] "GET /wp-content/plugins/nicepage/assets/css/media.css?ver=6.9 HTTP/1.1" 200 4881 "-" "Mozilla/5.0 AppleWebKit/537.36 (KHTML, like Gecko; compatible; bingbot/2.0; +http://www.bing.com/bingbot.htm) Chrome/116.0.1938.76 Safari/537.36"
114.119.148.165 - - [15/Jan/2026:11:14:33 -0500] "GET /?_g=2761889 HTTP/1.1" 200 31480 "https://tuzdayscloset.com/sitemap.xml" "Mozilla/5.0 (Linux; Android 7.0;) AppleWebKit/537.36 (KHTML, like Gecko) Mobile Safari/537.36 (compatible; PetalBot;+https://webmaster.petalsearch.com/site/petalbot)"
114.119.157.118 - - [15/Jan/2026:11:15:57 -0500] "GET /?_g=2465565 HTTP/1.1" 200 31480 "https://tuzdayscloset.com/sitemap.xml" "Mozilla/5.0 (Linux; Android 7.0;) AppleWebKit/537.36 (KHTML, like Gecko) Mobile Safari/537.36 (compatible; PetalBot;+https://webmaster.petalsearch.com/site/petalbot)"
114.119.131.211 - - [15/Jan/2026:11:17:21 -0500] "GET /?_g=2423586 HTTP/1.1" 200 31480 "-" "Mozilla/5.0 (Linux; Android 7.0;) AppleWebKit/537.36 (KHTML, like Gecko) Mobile Safari/537.36 (compatible; PetalBot;+https://webmaster.petalsearch.com/site/petalbot)"
114.119.157.118 - - [15/Jan/2026:11:18:46 -0500] "GET /?_g=203225 HTTP/1.1" 200 31480 "https://tuzdayscloset.com/sitemap.xml" "Mozilla/5.0 (Linux; Android 7.0;) AppleWebKit/537.36 (KHTML, like Gecko) Mobile Safari/537.36 (compatible; PetalBot;+https://webmaster.petalsearch.com/site/petalbot)"
114.119.133.204 - - [15/Jan/2026:11:20:08 -0500] "GET /?_g=1945716 HTTP/1.1" 200 31480 "https://tuzdayscloset.com/sitemap.xml" "Mozilla/5.0 (Linux; Android 7.0;) AppleWebKit/537.36 (KHTML, like Gecko) Mobile Safari/537.36 (compatible; PetalBot;+https://webmaster.petalsearch.com/site/petalbot)"
114.119.148.165 - - [15/Jan/2026:11:21:31 -0500] "GET /?_g=1322422 HTTP/1.1" 200 31480 "https://tuzdayscloset.com/sitemap.xml" "Mozilla/5.0 (Linux; Android 7.0;) AppleWebKit/537.36 (KHTML, like Gecko) Mobile Safari/537.36 (compatible; PetalBot;+https://webmaster.petalsearch.com/site/petalbot)"
114.119.131.211 - - [15/Jan/2026:11:22:56 -0500] "GET /?_g=1304658 HTTP/1.1" 200 31480 "-" "Mozilla/5.0 (Linux; Android 7.0;) AppleWebKit/537.36 (KHTML, like Gecko) Mobile Safari/537.36 (compatible; PetalBot;+https://webmaster.petalsearch.com/site/petalbot)"
114.119.146.215 - - [15/Jan/2026:11:24:20 -0500] "GET /?_g=2143262 HTTP/1.1" 200 31480 "https://tuzdayscloset.com/sitemap.xml" "Mozilla/5.0 (Linux; Android 7.0;) AppleWebKit/537.36 (KHTML, like Gecko) Mobile Safari/537.36 (compatible; PetalBot;+https://webmaster.petalsearch.com/site/petalbot)"
114.119.133.204 - - [15/Jan/2026:11:25:45 -0500] "GET /?_g=1071389 HTTP/1.1" 200 31480 "-" "Mozilla/5.0 (Linux; Android 7.0;) AppleWebKit/537.36 (KHTML, like Gecko) Mobile Safari/537.36 (compatible; PetalBot;+https://webmaster.petalsearch.com/site/petalbot)"
66.29.137.46 - - [15/Jan/2026:11:38:20 -0500] "POST /wp-cron.php?doing_wp_cron=1768495100.1991369724273681640625 HTTP/1.1" 200 0 "-" "WordPress/6.9; https://tuzdayscloset.com"
114.119.148.165 - - [15/Jan/2026:11:38:19 -0500] "GET /?_g=2999023 HTTP/1.1" 200 31480 "https://tuzdayscloset.com/sitemap.xml" "Mozilla/5.0 (Linux; Android 7.0;) AppleWebKit/537.36 (KHTML, like Gecko) Mobile Safari/537.36 (compatible; PetalBot;+https://webmaster.petalsearch.com/site/petalbot)"
