114.119.159.148 - - [15/Jan/2026:18:30:51 -0500] "GET /?_g=2881236 HTTP/1.1" 200 31480 "https://tuzdayscloset.com/sitemap.xml" "Mozilla/5.0 (Linux; Android 7.0;) AppleWebKit/537.36 (KHTML, like Gecko) Mobile Safari/537.36 (compatible; PetalBot;+https://webmaster.petalsearch.com/site/petalbot)"
114.119.159.148 - - [15/Jan/2026:18:31:23 -0500] "GET /?_g=2699960 HTTP/1.1" 200 31480 "https://tuzdayscloset.com/sitemap.xml" "Mozilla/5.0 (Linux; Android 7.0;) AppleWebKit/537.36 (KHTML, like Gecko) Mobile Safari/537.36 (compatible; PetalBot;+https://webmaster.petalsearch.com/site/petalbot)"
114.119.154.124 - - [15/Jan/2026:18:31:52 -0500] "GET /?_g=3123591 HTTP/1.1" 200 31480 "https://tuzdayscloset.com/sitemap.xml" "Mozilla/5.0 (Linux; Android 7.0;) AppleWebKit/537.36 (KHTML, like Gecko) Mobile Safari/537.36 (compatible; PetalBot;+https://webmaster.petalsearch.com/site/petalbot)"
66.249.73.65 - - [15/Jan/2026:18:32:12 -0500] "GET /?_g=3074258 HTTP/1.1" 200 27585 "-" "Mozilla/5.0 (Linux; Android 6.0.1; Nexus 5X Build/MMB29P) AppleWebKit/537.36 (KHTML, like Gecko) Chrome/143.0.7499.192 Mobile Safari/537.36 (compatible; Googlebot/2.1; +http://www.google.com/bot.html)"
114.119.159.148 - - [15/Jan/2026:18:32:19 -0500] "GET /?_g=984510 HTTP/1.1" 200 31480 "-" "Mozilla/5.0 (Linux; Android 7.0;) AppleWebKit/537.36 (KHTML, like Gecko) Mobile Safari/537.36 (compatible; PetalBot;+https://webmaster.petalsearch.com/site/petalbot)"
66.249.73.66 - - [15/Jan/2026:18:32:31 -0500] "GET /?_g=1523343 HTTP/1.1" 200 27585 "-" "Mozilla/5.0 (Linux; Android 6.0.1; Nexus 5X Build/MMB29P) AppleWebKit/537.36 (KHTML, like Gecko) Chrome/143.0.7499.192 Mobile Safari/537.36 (compatible; Googlebot/2.1; +http://www.google.com/bot.html)"
66.249.73.65 - - [15/Jan/2026:18:32:36 -0500] "GET /?_g=2434620 HTTP/1.1" 200 27585 "-" "Mozilla/5.0 (Linux; Android 6.0.1; Nexus 5X Build/MMB29P) AppleWebKit/537.36 (KHTML, like Gecko) Chrome/143.0.7499.192 Mobile Safari/537.36 (compatible; Googlebot/2.1; +http://www.google.com/bot.html)"
114.119.131.211 - - [15/Jan/2026:18:33:34 -0500] "GET /?_g=688345 HTTP/1.1" 200 31480 "https://tuzdayscloset.com/sitemap.xml" "Mozilla/5.0 (Linux; Android 7.0;) AppleWebKit/537.36 (KHTML, like Gecko) Mobile Safari/537.36 (compatible; PetalBot;+https://webmaster.petalsearch.com/site/petalbot)"
100.52.3.146 - - [15/Jan/2026:18:34:22 -0500] "GET / HTTP/1.1" 301 0 "-" "Mozilla/5.0 (Windows NT 10.0; Win64; x64) AppleWebKit/537.36 (KHTML, like Gecko) HeadlessChrome/138.0.0.0 Safari/537.36"
100.52.3.146 - - [15/Jan/2026:18:34:23 -0500] "GET / HTTP/1.1" 200 31480 "-" "Mozilla/5.0 (Windows NT 10.0; Win64; x64) AppleWebKit/537.36 (KHTML, like Gecko) HeadlessChrome/138.0.0.0 Safari/537.36"
66.249.73.66 - - [15/Jan/2026:18:34:26 -0500] "GET /?_g=363689 HTTP/1.1" 200 27585 "-" "Mozilla/5.0 (Linux; Android 6.0.1; Nexus 5X Build/MMB29P) AppleWebKit/537.36 (KHTML, like Gecko) Chrome/143.0.7499.192 Mobile Safari/537.36 (compatible; Googlebot/2.1; +http://www.google.com/bot.html)"
66.249.73.67 - - [15/Jan/2026:18:34:29 -0500] "GET /?_g=3002613 HTTP/1.1" 200 27585 "-" "Mozilla/5.0 (Linux; Android 6.0.1; Nexus 5X Build/MMB29P) AppleWebKit/537.36 (KHTML, like Gecko) Chrome/143.0.7499.192 Mobile Safari/537.36 (compatible; Googlebot/2.1; +http://www.google.com/bot.html)"
114.119.146.215 - - [15/Jan/2026:18:35:03 -0500] "GET /?_g=3038495 HTTP/1.1" 200 31480 "-" "Mozilla/5.0 (Linux; Android 7.0;) AppleWebKit/537.36 (KHTML, like Gecko) Mobile Safari/537.36 (compatible; PetalBot;+https://webmaster.petalsearch.com/site/petalbot)"
66.249.73.66 - - [15/Jan/2026:18:35:40 -0500] "GET /?_g=2563612 HTTP/1.1" 200 27585 "-" "Mozilla/5.0 (Linux; Android 6.0.1; Nexus 5X Build/MMB29P) AppleWebKit/537.36 (KHTML, like Gecko) Chrome/143.0.7499.192 Mobile Safari/537.36 (compatible; Googlebot/2.1; +http://www.google.com/bot.html)"
114.119.154.124 - - [15/Jan/2026:18:36:21 -0500] "GET /?_g=674283 HTTP/1.1" 200 31480 "https://tuzdayscloset.com/sitemap.xml" "Mozilla/5.0 (Linux; Android 7.0;) AppleWebKit/537.36 (KHTML, like Gecko) Mobile Safari/537.36 (compatible; PetalBot;+https://webmaster.petalsearch.com/site/petalbot)"
66.249.73.66 - - [15/Jan/2026:18:36:33 -0500] "GET /?_g=2221309 HTTP/1.1" 200 27585 "-" "Mozilla/5.0 (Linux; Android 6.0.1; Nexus 5X Build/MMB29P) AppleWebKit/537.36 (KHTML, like Gecko) Chrome/143.0.7499.192 Mobile Safari/537.36 (compatible; Googlebot/2.1; +http://www.google.com/bot.html)"
66.249.73.66 - - [15/Jan/2026:18:36:58 -0500] "GET /?_g=2897178 HTTP/1.1" 200 27585 "-" "Mozilla/5.0 (Linux; Android 6.0.1; Nexus 5X Build/MMB29P) AppleWebKit/537.36 (KHTML, like Gecko) Chrome/143.0.7499.192 Mobile Safari/537.36 (compatible; Googlebot/2.1; +http://www.google.com/bot.html)"
114.119.133.204 - - [15/Jan/2026:18:37:46 -0500] "GET /?_g=2983884 HTTP/1.1" 200 31480 "-" "Mozilla/5.0 (Linux; Android 7.0;) AppleWebKit/537.36 (KHTML, like Gecko) Mobile Safari/537.36 (compatible; PetalBot;+https://webmaster.petalsearch.com/site/petalbot)"
114.119.146.215 - - [15/Jan/2026:18:39:09 -0500] "GET /?_g=2638420 HTTP/1.1" 200 31480 "-" "Mozilla/5.0 (Linux; Android 7.0;) AppleWebKit/537.36 (KHTML, like Gecko) Mobile Safari/537.36 (compatible; PetalBot;+https://webmaster.petalsearch.com/site/petalbot)"
114.119.148.165 - - [15/Jan/2026:18:40:32 -0500] "GET /?_g=1992416 HTTP/1.1" 200 31480 "-" "Mozilla/5.0 (Linux; Android 7.0;) AppleWebKit/537.36 (KHTML, like Gecko) Mobile Safari/537.36 (compatible; PetalBot;+https://webmaster.petalsearch.com/site/petalbot)"
66.29.137.46 - - [15/Jan/2026:18:41:56 -0500] "POST /wp-cron.php?doing_wp_cron=1768520516.4502999782562255859375 HTTP/1.1" 200 0 "-" "WordPress/6.9; https://tuzdayscloset.com"
114.119.146.114 - - [15/Jan/2026:18:41:55 -0500] "GET /?_g=1890165 HTTP/1.1" 200 31480 "https://tuzdayscloset.com/sitemap.xml" "Mozilla/5.0 (Linux; Android 7.0;) AppleWebKit/537.36 (KHTML, like Gecko) Mobile Safari/537.36 (compatible; PetalBot;+https://webmaster.petalsearch.com/site/petalbot)"
15.204.155.25 - - [15/Jan/2026:18:42:15 -0500] "GET /?check_plugin HTTP/1.1" 200 115178 "-" "Mozilla/5.0 (Windows NT 10.0; Win64; x64) AppleWebKit/537.36 (KHTML, like Gecko) Chrome/127.0.0.0 Safari/537.36"
15.204.155.25 - - [15/Jan/2026:18:42:19 -0500] "GET /blog-verify HTTP/1.1" 404 61375 "-" "Mozilla/5.0 (Windows NT 10.0; Win64; x64) AppleWebKit/537.36 (KHTML, like Gecko) Chrome/127.0.0.0 Safari/537.36"
114.119.133.204 - - [15/Jan/2026:18:43:19 -0500] "GET /?_g=1829873 HTTP/1.1" 200 31480 "https://tuzdayscloset.com/sitemap.xml" "Mozilla/5.0 (Linux; Android 7.0;) AppleWebKit/537.36 (KHTML, like Gecko) Mobile Safari/537.36 (compatible; PetalBot;+https://webmaster.petalsearch.com/site/petalbot)"
114.119.146.215 - - [15/Jan/2026:18:44:43 -0500] "GET /?_g=38486 HTTP/1.1" 200 31480 "https://tuzdayscloset.com/sitemap.xml" "Mozilla/5.0 (Linux; Android 7.0;) AppleWebKit/537.36 (KHTML, like Gecko) Mobile Safari/537.36 (compatible; PetalBot;+https://webmaster.petalsearch.com/site/petalbot)"
114.119.157.118 - - [15/Jan/2026:18:46:06 -0500] "GET /?_g=2540783 HTTP/1.1" 200 31480 "https://tuzdayscloset.com/sitemap.xml" "Mozilla/5.0 (Linux; Android 7.0;) AppleWebKit/537.36 (KHTML, like Gecko) Mobile Safari/537.36 (compatible; PetalBot;+https://webmaster.petalsearch.com/site/petalbot)"
66.249.73.67 - - [15/Jan/2026:18:46:20 -0500] "GET /?_g=1053078 HTTP/1.1" 200 27585 "-" "Mozilla/5.0 (Linux; Android 6.0.1; Nexus 5X Build/MMB29P) AppleWebKit/537.36 (KHTML, like Gecko) Chrome/143.0.7499.192 Mobile Safari/537.36 (compatible; Googlebot/2.1; +http://www.google.com/bot.html)"
114.119.146.114 - - [15/Jan/2026:18:47:30 -0500] "GET /?_g=952366 HTTP/1.1" 200 31480 "https://tuzdayscloset.com/sitemap.xml" "Mozilla/5.0 (Linux; Android 7.0;) AppleWebKit/537.36 (KHTML, like Gecko) Mobile Safari/537.36 (compatible; PetalBot;+https://webmaster.petalsearch.com/site/petalbot)"
114.119.148.165 - - [15/Jan/2026:18:48:54 -0500] "GET /?_g=886929 HTTP/1.1" 200 31480 "https://tuzdayscloset.com/sitemap.xml" "Mozilla/5.0 (Linux; Android 7.0;) AppleWebKit/537.36 (KHTML, like Gecko) Mobile Safari/537.36 (compatible; PetalBot;+https://webmaster.petalsearch.com/site/petalbot)"
114.119.157.118 - - [15/Jan/2026:18:50:17 -0500] "GET /?_g=814796 HTTP/1.1" 200 31480 "https://tuzdayscloset.com/sitemap.xml" "Mozilla/5.0 (Linux; Android 7.0;) AppleWebKit/537.36 (KHTML, like Gecko) Mobile Safari/537.36 (compatible; PetalBot;+https://webmaster.petalsearch.com/site/petalbot)"
114.119.148.165 - - [15/Jan/2026:18:51:40 -0500] "GET /?_g=3086452 HTTP/1.1" 200 31480 "-" "Mozilla/5.0 (Linux; Android 7.0;) AppleWebKit/537.36 (KHTML, like Gecko) Mobile Safari/537.36 (compatible; PetalBot;+https://webmaster.petalsearch.com/site/petalbot)"
114.119.159.148 - - [15/Jan/2026:18:53:04 -0500] "GET /?_g=219906 HTTP/1.1" 200 31480 "https://tuzdayscloset.com/sitemap.xml" "Mozilla/5.0 (Linux; Android 7.0;) AppleWebKit/537.36 (KHTML, like Gecko) Mobile Safari/537.36 (compatible; PetalBot;+https://webmaster.petalsearch.com/site/petalbot)"
114.119.157.118 - - [15/Jan/2026:18:54:27 -0500] "GET /?_g=257148 HTTP/1.1" 200 31480 "https://tuzdayscloset.com/sitemap.xml" "Mozilla/5.0 (Linux; Android 7.0;) AppleWebKit/537.36 (KHTML, like Gecko) Mobile Safari/537.36 (compatible; PetalBot;+https://webmaster.petalsearch.com/site/petalbot)"
114.119.131.211 - - [15/Jan/2026:18:55:51 -0500] "GET /?_g=2279186 HTTP/1.1" 200 31480 "https://tuzdayscloset.com/sitemap.xml" "Mozilla/5.0 (Linux; Android 7.0;) AppleWebKit/537.36 (KHTML, like Gecko) Mobile Safari/537.36 (compatible; PetalBot;+https://webmaster.petalsearch.com/site/petalbot)"
114.119.146.215 - - [15/Jan/2026:18:57:15 -0500] "GET /?_g=327693 HTTP/1.1" 200 31480 "https://tuzdayscloset.com/sitemap.xml" "Mozilla/5.0 (Linux; Android 7.0;) AppleWebKit/537.36 (KHTML, like Gecko) Mobile Safari/537.36 (compatible; PetalBot;+https://webmaster.petalsearch.com/site/petalbot)"
114.119.148.165 - - [15/Jan/2026:18:58:38 -0500] "GET /?_g=2351405 HTTP/1.1" 200 31480 "https://tuzdayscloset.com/sitemap.xml" "Mozilla/5.0 (Linux; Android 7.0;) AppleWebKit/537.36 (KHTML, like Gecko) Mobile Safari/537.36 (compatible; PetalBot;+https://webmaster.petalsearch.com/site/petalbot)"
66.29.137.46 - - [15/Jan/2026:18:59:49 -0500] "POST /wp-cron.php?doing_wp_cron=1768521589.2608809471130371093750 HTTP/1.1" 200 0 "-" "WordPress/6.9; https://tuzdayscloset.com"
66.249.73.67 - - [15/Jan/2026:18:59:48 -0500] "GET /?_g=1402728 HTTP/1.1" 200 27585 "-" "Mozilla/5.0 (Linux; Android 6.0.1; Nexus 5X Build/MMB29P) AppleWebKit/537.36 (KHTML, like Gecko) Chrome/143.0.7499.192 Mobile Safari/537.36 (compatible; Googlebot/2.1; +http://www.google.com/bot.html)"
114.119.131.211 - - [15/Jan/2026:19:00:02 -0500] "GET /?_g=738383 HTTP/1.1" 200 31478 "https://tuzdayscloset.com/sitemap.xml" "Mozilla/5.0 (Linux; Android 7.0;) AppleWebKit/537.36 (KHTML, like Gecko) Mobile Safari/537.36 (compatible; PetalBot;+https://webmaster.petalsearch.com/site/petalbot)"
114.119.146.215 - - [15/Jan/2026:19:01:25 -0500] "GET /?_g=2500140 HTTP/1.1" 200 31480 "-" "Mozilla/5.0 (Linux; Android 7.0;) AppleWebKit/537.36 (KHTML, like Gecko) Mobile Safari/537.36 (compatible; PetalBot;+https://webmaster.petalsearch.com/site/petalbot)"
66.29.137.46 - - [15/Jan/2026:19:02:50 -0500] "POST /wp-cron.php?doing_wp_cron=1768521770.8948500156402587890625 HTTP/1.1" 200 0 "-" "WordPress/6.9; https://tuzdayscloset.com"
114.119.146.215 - - [15/Jan/2026:19:02:50 -0500] "GET /?_g=3115782 HTTP/1.1" 200 31480 "https://tuzdayscloset.com/sitemap.xml" "Mozilla/5.0 (Linux; Android 7.0;) AppleWebKit/537.36 (KHTML, like Gecko) Mobile Safari/537.36 (compatible; PetalBot;+https://webmaster.petalsearch.com/site/petalbot)"
66.249.73.67 - - [15/Jan/2026:19:03:22 -0500] "GET /?_g=1904961 HTTP/1.1" 200 27584 "-" "Mozilla/5.0 (Linux; Android 6.0.1; Nexus 5X Build/MMB29P) AppleWebKit/537.36 (KHTML, like Gecko) Chrome/143.0.7499.192 Mobile Safari/537.36 (compatible; Googlebot/2.1; +http://www.google.com/bot.html)"
114.119.146.114 - - [15/Jan/2026:19:04:13 -0500] "GET /?_g=2043322 HTTP/1.1" 200 31480 "-" "Mozilla/5.0 (Linux; Android 7.0;) AppleWebKit/537.36 (KHTML, like Gecko) Mobile Safari/537.36 (compatible; PetalBot;+https://webmaster.petalsearch.com/site/petalbot)"
114.119.148.165 - - [15/Jan/2026:19:05:36 -0500] "GET /?_g=945602 HTTP/1.1" 200 31480 "https://tuzdayscloset.com/sitemap.xml" "Mozilla/5.0 (Linux; Android 7.0;) AppleWebKit/537.36 (KHTML, like Gecko) Mobile Safari/537.36 (compatible; PetalBot;+https://webmaster.petalsearch.com/site/petalbot)"
114.119.159.148 - - [15/Jan/2026:19:07:00 -0500] "GET /?_g=369203 HTTP/1.1" 200 31480 "https://tuzdayscloset.com/sitemap.xml" "Mozilla/5.0 (Linux; Android 7.0;) AppleWebKit/537.36 (KHTML, like Gecko) Mobile Safari/537.36 (compatible; PetalBot;+https://webmaster.petalsearch.com/site/petalbot)"
114.119.159.148 - - [15/Jan/2026:19:08:24 -0500] "GET /?_g=2008604 HTTP/1.1" 200 31480 "https://tuzdayscloset.com/sitemap.xml" "Mozilla/5.0 (Linux; Android 7.0;) AppleWebKit/537.36 (KHTML, like Gecko) Mobile Safari/537.36 (compatible; PetalBot;+https://webmaster.petalsearch.com/site/petalbot)"
114.119.159.148 - - [15/Jan/2026:19:09:47 -0500] "GET /?_g=1942463 HTTP/1.1" 200 31480 "-" "Mozilla/5.0 (Linux; Android 7.0;) AppleWebKit/537.36 (KHTML, like Gecko) Mobile Safari/537.36 (compatible; PetalBot;+https://webmaster.petalsearch.com/site/petalbot)"
66.29.137.46 - - [15/Jan/2026:19:11:10 -0500] "POST /wp-cron.php?doing_wp_cron=1768522270.3334279060363769531250 HTTP/1.1" 200 0 "-" "WordPress/6.9; https://tuzdayscloset.com"
114.119.157.118 - - [15/Jan/2026:19:11:10 -0500] "GET /?_g=37576 HTTP/1.1" 200 31480 "https://tuzdayscloset.com/sitemap.xml" "Mozilla/5.0 (Linux; Android 7.0;) AppleWebKit/537.36 (KHTML, like Gecko) Mobile Safari/537.36 (compatible; PetalBot;+https://webmaster.petalsearch.com/site/petalbot)"
114.119.131.211 - - [15/Jan/2026:19:12:35 -0500] "GET /?_g=2261601 HTTP/1.1" 200 31480 "https://tuzdayscloset.com/sitemap.xml" "Mozilla/5.0 (Linux; Android 7.0;) AppleWebKit/537.36 (KHTML, like Gecko) Mobile Safari/537.36 (compatible; PetalBot;+https://webmaster.petalsearch.com/site/petalbot)"
114.119.157.118 - - [15/Jan/2026:19:13:59 -0500] "GET /?_g=2819079 HTTP/1.1" 200 31480 "https://tuzdayscloset.com/sitemap.xml" "Mozilla/5.0 (Linux; Android 7.0;) AppleWebKit/537.36 (KHTML, like Gecko) Mobile Safari/537.36 (compatible; PetalBot;+https://webmaster.petalsearch.com/site/petalbot)"
114.119.154.124 - - [15/Jan/2026:19:15:22 -0500] "GET /?_g=749755 HTTP/1.1" 200 31480 "https://tuzdayscloset.com/sitemap.xml" "Mozilla/5.0 (Linux; Android 7.0;) AppleWebKit/537.36 (KHTML, like Gecko) Mobile Safari/537.36 (compatible; PetalBot;+https://webmaster.petalsearch.com/site/petalbot)"
114.119.159.148 - - [15/Jan/2026:19:16:45 -0500] "GET /?_g=1938984 HTTP/1.1" 200 31480 "https://tuzdayscloset.com/sitemap.xml" "Mozilla/5.0 (Linux; Android 7.0;) AppleWebKit/537.36 (KHTML, like Gecko) Mobile Safari/537.36 (compatible; PetalBot;+https://webmaster.petalsearch.com/site/petalbot)"
114.119.159.148 - - [15/Jan/2026:19:18:08 -0500] "GET /?_g=1788471 HTTP/1.1" 200 31480 "https://tuzdayscloset.com/sitemap.xml" "Mozilla/5.0 (Linux; Android 7.0;) AppleWebKit/537.36 (KHTML, like Gecko) Mobile Safari/537.36 (compatible; PetalBot;+https://webmaster.petalsearch.com/site/petalbot)"
114.119.154.124 - - [15/Jan/2026:19:19:32 -0500] "GET /?_g=701553 HTTP/1.1" 200 31480 "https://tuzdayscloset.com/sitemap.xml" "Mozilla/5.0 (Linux; Android 7.0;) AppleWebKit/537.36 (KHTML, like Gecko) Mobile Safari/537.36 (compatible; PetalBot;+https://webmaster.petalsearch.com/site/petalbot)"
195.24.236.78 - - [15/Jan/2026:19:20:14 -0500] "GET / HTTP/1.1" 200 115178 "-" "Mozlila/5.0 (Linux; Android 7.0; SM-G892A Bulid/NRD90M; wv) AppleWebKit/537.36 (KHTML, like Gecko) Version/4.0 Chrome/60.0.3112.107 Moblie Safari/537.36"
195.24.236.78 - - [15/Jan/2026:19:20:14 -0500] "GET /wp-content/themes/seotheme/db.php?u HTTP/1.1" 404 61375 "www.google.com" "Mozlila/5.0 (Linux; Android 7.0; SM-G892A Bulid/NRD90M; wv) AppleWebKit/537.36 (KHTML, like Gecko) Version/4.0 Chrome/60.0.3112.107 Moblie Safari/537.36"
195.24.236.78 - - [15/Jan/2026:19:20:14 -0500] "POST /wp-plain.php HTTP/1.1" 404 61307 "www.google.com" "Mozilla/5.0 (Linux; Android 7.0; SM-G892A Bulid/NRD90M; wv) AppleWebKit/537.36 (KHTML, like Gecko) Version/4.0 Chrome/60.0.3112.107 Moblie Safari/537.36"
195.24.236.78 - - [15/Jan/2026:19:20:15 -0500] "GET /qpgskync.php?Fox=d3wL7 HTTP/1.1" 404 61375 "www.google.com" "Mozilla/5.0 (Linux; Android 7.0; SM-G892A Bulid/NRD90M; wv) AppleWebKit/537.36 (KHTML, like Gecko) Version/4.0 Chrome/60.0.3112.107 Moblie Safari/537.36"
195.24.236.78 - - [15/Jan/2026:19:20:15 -0500] "GET /wp-content/plugins/apikey/apikey.php?test=hello HTTP/1.1" 404 61375 "-" "Mozlila/5.0 (Linux; Android 7.0; SM-G892A Bulid/NRD90M; wv) AppleWebKit/537.36 (KHTML, like Gecko) Version/4.0 Chrome/60.0.3112.107 Moblie Safari/537.36"
195.24.236.78 - - [15/Jan/2026:19:20:17 -0500] "GET /wp-content/themes/seotheme/db.php?u HTTP/1.1" 404 61375 "www.google.com" "Mozlila/5.0 (Linux; Android 7.0; SM-G892A Bulid/NRD90M; wv) AppleWebKit/537.36 (KHTML, like Gecko) Version/4.0 Chrome/60.0.3112.107 Moblie Safari/537.36"
195.24.236.78 - - [15/Jan/2026:19:20:21 -0500] "GET /wp-content/plugins/apikey/apikey.php?test=hello HTTP/1.1" 404 61375 "-" "Mozlila/5.0 (Linux; Android 7.0; SM-G892A Bulid/NRD90M; wv) AppleWebKit/537.36 (KHTML, like Gecko) Version/4.0 Chrome/60.0.3112.107 Moblie Safari/537.36"
195.24.236.78 - - [15/Jan/2026:19:20:31 -0500] "GET /wp-content/plugins/apikey/apikey.php?test=hello HTTP/1.1" 404 61375 "-" "Mozlila/5.0 (Linux; Android 7.0; SM-G892A Bulid/NRD90M; wv) AppleWebKit/537.36 (KHTML, like Gecko) Version/4.0 Chrome/60.0.3112.107 Moblie Safari/537.36"
195.24.236.78 - - [15/Jan/2026:19:20:36 -0500] "GET /plugins/content/apismtp/apismtp.php?test=hello HTTP/1.1" 404 61375 "-" "Mozlila/5.0 (Linux; Android 7.0; SM-G892A Bulid/NRD90M; wv) AppleWebKit/537.36 (KHTML, like Gecko) Version/4.0 Chrome/60.0.3112.107 Moblie Safari/537.36"
195.24.236.78 - - [15/Jan/2026:19:20:37 -0500] "GET /wp-content/plugins/apikey/apikey.php.suspected?test=hello HTTP/1.1" 404 61375 "-" "Mozlila/5.0 (Linux; Android 7.0; SM-G892A Bulid/NRD90M; wv) AppleWebKit/537.36 (KHTML, like Gecko) Version/4.0 Chrome/60.0.3112.107 Moblie Safari/537.36"
195.24.236.78 - - [15/Jan/2026:19:20:38 -0500] "GET /plugins/content/apismtp/apismtp.php.suspected?test=hello HTTP/1.1" 404 61375 "-" "Mozlila/5.0 (Linux; Android 7.0; SM-G892A Bulid/NRD90M; wv) AppleWebKit/537.36 (KHTML, like Gecko) Version/4.0 Chrome/60.0.3112.107 Moblie Safari/537.36"
114.119.146.114 - - [15/Jan/2026:19:20:55 -0500] "GET /?_g=559730 HTTP/1.1" 200 31480 "https://tuzdayscloset.com/sitemap.xml" "Mozilla/5.0 (Linux; Android 7.0;) AppleWebKit/537.36 (KHTML, like Gecko) Mobile Safari/537.36 (compatible; PetalBot;+https://webmaster.petalsearch.com/site/petalbot)"
114.119.148.165 - - [15/Jan/2026:19:22:19 -0500] "GET /?_g=386646 HTTP/1.1" 200 31480 "https://tuzdayscloset.com/sitemap.xml" "Mozilla/5.0 (Linux; Android 7.0;) AppleWebKit/537.36 (KHTML, like Gecko) Mobile Safari/537.36 (compatible; PetalBot;+https://webmaster.petalsearch.com/site/petalbot)"
114.119.133.204 - - [15/Jan/2026:19:23:42 -0500] "GET /?_g=2545605 HTTP/1.1" 200 31480 "https://tuzdayscloset.com/sitemap.xml" "Mozilla/5.0 (Linux; Android 7.0;) AppleWebKit/537.36 (KHTML, like Gecko) Mobile Safari/537.36 (compatible; PetalBot;+https://webmaster.petalsearch.com/site/petalbot)"
114.119.146.215 - - [15/Jan/2026:19:25:06 -0500] "GET /?_g=2251247 HTTP/1.1" 200 31480 "-" "Mozilla/5.0 (Linux; Android 7.0;) AppleWebKit/537.36 (KHTML, like Gecko) Mobile Safari/537.36 (compatible; PetalBot;+https://webmaster.petalsearch.com/site/petalbot)"
114.119.154.124 - - [15/Jan/2026:19:26:29 -0500] "GET /?_g=2119949 HTTP/1.1" 200 31480 "https://tuzdayscloset.com/sitemap.xml" "Mozilla/5.0 (Linux; Android 7.0;) AppleWebKit/537.36 (KHTML, like Gecko) Mobile Safari/537.36 (compatible; PetalBot;+https://webmaster.petalsearch.com/site/petalbot)"
66.29.137.46 - - [15/Jan/2026:19:27:54 -0500] "POST /wp-cron.php?doing_wp_cron=1768523274.7862520217895507812500 HTTP/1.1" 200 0 "-" "WordPress/6.9; https://tuzdayscloset.com"
114.119.146.114 - - [15/Jan/2026:19:27:53 -0500] "GET /?_g=831798 HTTP/1.1" 200 31480 "https://tuzdayscloset.com/sitemap.xml" "Mozilla/5.0 (Linux; Android 7.0;) AppleWebKit/537.36 (KHTML, like Gecko) Mobile Safari/537.36 (compatible; PetalBot;+https://webmaster.petalsearch.com/site/petalbot)"
114.119.146.215 - - [15/Jan/2026:19:29:17 -0500] "GET /?_g=363753 HTTP/1.1" 200 31480 "https://tuzdayscloset.com/sitemap.xml" "Mozilla/5.0 (Linux; Android 7.0;) AppleWebKit/537.36 (KHTML, like Gecko) Mobile Safari/537.36 (compatible; PetalBot;+https://webmaster.petalsearch.com/site/petalbot)"
114.119.148.165 - - [15/Jan/2026:19:30:41 -0500] "GET /?_g=2888853 HTTP/1.1" 200 31480 "https://tuzdayscloset.com/sitemap.xml" "Mozilla/5.0 (Linux; Android 7.0;) AppleWebKit/537.36 (KHTML, like Gecko) Mobile Safari/537.36 (compatible; PetalBot;+https://webmaster.petalsearch.com/site/petalbot)"
66.249.73.67 - - [15/Jan/2026:19:31:22 -0500] "GET /?_g=1488340 HTTP/1.1" 200 27585 "-" "Mozilla/5.0 (Linux; Android 6.0.1; Nexus 5X Build/MMB29P) AppleWebKit/537.36 (KHTML, like Gecko) Chrome/143.0.7499.192 Mobile Safari/537.36 (compatible; Googlebot/2.1; +http://www.google.com/bot.html)"
114.119.133.204 - - [15/Jan/2026:19:32:09 -0500] "GET /?_g=2634066 HTTP/1.1" 200 31480 "https://tuzdayscloset.com/sitemap.xml" "Mozilla/5.0 (Linux; Android 7.0;) AppleWebKit/537.36 (KHTML, like Gecko) Mobile Safari/537.36 (compatible; PetalBot;+https://webmaster.petalsearch.com/site/petalbot)"
114.119.157.118 - - [15/Jan/2026:19:33:28 -0500] "GET /?_g=1697514 HTTP/1.1" 200 31480 "https://tuzdayscloset.com/sitemap.xml" "Mozilla/5.0 (Linux; Android 7.0;) AppleWebKit/537.36 (KHTML, like Gecko) Mobile Safari/537.36 (compatible; PetalBot;+https://webmaster.petalsearch.com/site/petalbot)"
114.119.131.211 - - [15/Jan/2026:19:34:51 -0500] "GET /?_g=1664301 HTTP/1.1" 200 31480 "https://tuzdayscloset.com/sitemap.xml" "Mozilla/5.0 (Linux; Android 7.0;) AppleWebKit/537.36 (KHTML, like Gecko) Mobile Safari/537.36 (compatible; PetalBot;+https://webmaster.petalsearch.com/site/petalbot)"
114.119.159.148 - - [15/Jan/2026:19:36:15 -0500] "GET /?_g=532147 HTTP/1.1" 200 31480 "-" "Mozilla/5.0 (Linux; Android 7.0;) AppleWebKit/537.36 (KHTML, like Gecko) Mobile Safari/537.36 (compatible; PetalBot;+https://webmaster.petalsearch.com/site/petalbot)"
114.119.133.204 - - [15/Jan/2026:19:37:38 -0500] "GET /?_g=3161311 HTTP/1.1" 200 31480 "-" "Mozilla/5.0 (Linux; Android 7.0;) AppleWebKit/537.36 (KHTML, like Gecko) Mobile Safari/537.36 (compatible; PetalBot;+https://webmaster.petalsearch.com/site/petalbot)"
114.119.146.215 - - [15/Jan/2026:19:39:02 -0500] "GET /?_g=2171947 HTTP/1.1" 200 31480 "-" "Mozilla/5.0 (Linux; Android 7.0;) AppleWebKit/537.36 (KHTML, like Gecko) Mobile Safari/537.36 (compatible; PetalBot;+https://webmaster.petalsearch.com/site/petalbot)"
114.119.133.204 - - [15/Jan/2026:19:40:26 -0500] "GET /?_g=1652172 HTTP/1.1" 200 31480 "https://tuzdayscloset.com/sitemap.xml" "Mozilla/5.0 (Linux; Android 7.0;) AppleWebKit/537.36 (KHTML, like Gecko) Mobile Safari/537.36 (compatible; PetalBot;+https://webmaster.petalsearch.com/site/petalbot)"
66.29.137.46 - - [15/Jan/2026:19:41:52 -0500] "POST /wp-cron.php?doing_wp_cron=1768524112.3356380462646484375000 HTTP/1.1" 200 0 "-" "WordPress/6.9; https://tuzdayscloset.com"
114.119.146.114 - - [15/Jan/2026:19:41:51 -0500] "GET /?_g=1811667 HTTP/1.1" 200 31480 "-" "Mozilla/5.0 (Linux; Android 7.0;) AppleWebKit/537.36 (KHTML, like Gecko) Mobile Safari/537.36 (compatible; PetalBot;+https://webmaster.petalsearch.com/site/petalbot)"
114.119.146.114 - - [15/Jan/2026:19:43:13 -0500] "GET /?_g=1762443 HTTP/1.1" 200 31480 "https://tuzdayscloset.com/sitemap.xml" "Mozilla/5.0 (Linux; Android 7.0;) AppleWebKit/537.36 (KHTML, like Gecko) Mobile Safari/537.36 (compatible; PetalBot;+https://webmaster.petalsearch.com/site/petalbot)"
114.119.157.118 - - [15/Jan/2026:19:44:37 -0500] "GET /?_g=1613275 HTTP/1.1" 200 31480 "-" "Mozilla/5.0 (Linux; Android 7.0;) AppleWebKit/537.36 (KHTML, like Gecko) Mobile Safari/537.36 (compatible; PetalBot;+https://webmaster.petalsearch.com/site/petalbot)"
66.29.137.46 - - [15/Jan/2026:19:46:01 -0500] "POST /wp-cron.php?doing_wp_cron=1768524361.1101169586181640625000 HTTP/1.1" 200 0 "-" "WordPress/6.9; https://tuzdayscloset.com"
114.119.148.165 - - [15/Jan/2026:19:46:00 -0500] "GET /?_g=362432 HTTP/1.1" 200 31480 "https://tuzdayscloset.com/sitemap.xml" "Mozilla/5.0 (Linux; Android 7.0;) AppleWebKit/537.36 (KHTML, like Gecko) Mobile Safari/537.36 (compatible; PetalBot;+https://webmaster.petalsearch.com/site/petalbot)"
114.119.146.215 - - [15/Jan/2026:19:47:23 -0500] "GET /?_g=310714 HTTP/1.1" 200 31480 "-" "Mozilla/5.0 (Linux; Android 7.0;) AppleWebKit/537.36 (KHTML, like Gecko) Mobile Safari/537.36 (compatible; PetalBot;+https://webmaster.petalsearch.com/site/petalbot)"
54.39.89.174 - - [15/Jan/2026:19:47:51 -0500] "GET /sitemap.xml HTTP/1.1" 301 0 "-" "Mozilla/5.0 (compatible; AhrefsBot/7.0; +http://ahrefs.com/robot/)"
54.39.89.174 - - [15/Jan/2026:19:47:51 -0500] "GET /wp-sitemap.xml HTTP/1.1" 200 193 "-" "Mozilla/5.0 (compatible; AhrefsBot/7.0; +http://ahrefs.com/robot/)"
54.39.89.211 - - [15/Jan/2026:19:47:54 -0500] "GET /wp-sitemap-posts-post-1.xml HTTP/1.1" 200 204 "-" "Mozilla/5.0 (compatible; AhrefsBot/7.0; +http://ahrefs.com/robot/)"
142.44.233.3 - - [15/Jan/2026:19:47:58 -0500] "GET /wp-sitemap-posts-page-1.xml HTTP/1.1" 200 211 "-" "Mozilla/5.0 (compatible; AhrefsBot/7.0; +http://ahrefs.com/robot/)"
142.44.228.255 - - [15/Jan/2026:19:48:01 -0500] "GET /wp-sitemap-taxonomies-category-1.xml HTTP/1.1" 200 164 "-" "Mozilla/5.0 (compatible; AhrefsBot/7.0; +http://ahrefs.com/robot/)"
15.235.98.38 - - [15/Jan/2026:19:48:04 -0500] "GET /wp-sitemap-users-1.xml HTTP/1.1" 200 159 "-" "Mozilla/5.0 (compatible; AhrefsBot/7.0; +http://ahrefs.com/robot/)"
114.119.133.204 - - [15/Jan/2026:19:48:47 -0500] "GET /?_g=2620000 HTTP/1.1" 200 31480 "https://tuzdayscloset.com/sitemap.xml" "Mozilla/5.0 (Linux; Android 7.0;) AppleWebKit/537.36 (KHTML, like Gecko) Mobile Safari/537.36 (compatible; PetalBot;+https://webmaster.petalsearch.com/site/petalbot)"
114.119.146.215 - - [15/Jan/2026:19:50:10 -0500] "GET /?_g=591715 HTTP/1.1" 200 31480 "https://tuzdayscloset.com/sitemap.xml" "Mozilla/5.0 (Linux; Android 7.0;) AppleWebKit/537.36 (KHTML, like Gecko) Mobile Safari/537.36 (compatible; PetalBot;+https://webmaster.petalsearch.com/site/petalbot)"
114.119.154.124 - - [15/Jan/2026:19:51:49 -0500] "GET /?_g=446918 HTTP/1.1" 200 31480 "https://tuzdayscloset.com/sitemap.xml" "Mozilla/5.0 (Linux; Android 7.0;) AppleWebKit/537.36 (KHTML, like Gecko) Mobile Safari/537.36 (compatible; PetalBot;+https://webmaster.petalsearch.com/site/petalbot)"
114.119.159.148 - - [15/Jan/2026:19:52:59 -0500] "GET /?_g=2859265 HTTP/1.1" 200 31480 "https://tuzdayscloset.com/sitemap.xml" "Mozilla/5.0 (Linux; Android 7.0;) AppleWebKit/537.36 (KHTML, like Gecko) Mobile Safari/537.36 (compatible; PetalBot;+https://webmaster.petalsearch.com/site/petalbot)"
114.119.146.114 - - [15/Jan/2026:19:54:23 -0500] "GET /?_g=1693699 HTTP/1.1" 200 31480 "-" "Mozilla/5.0 (Linux; Android 7.0;) AppleWebKit/537.36 (KHTML, like Gecko) Mobile Safari/537.36 (compatible; PetalBot;+https://webmaster.petalsearch.com/site/petalbot)"
114.119.131.211 - - [15/Jan/2026:19:55:45 -0500] "GET /?_g=1604340 HTTP/1.1" 200 31480 "https://tuzdayscloset.com/sitemap.xml" "Mozilla/5.0 (Linux; Android 7.0;) AppleWebKit/537.36 (KHTML, like Gecko) Mobile Safari/537.36 (compatible; PetalBot;+https://webmaster.petalsearch.com/site/petalbot)"
66.249.73.66 - - [15/Jan/2026:19:56:05 -0500] "GET /?_g=2550387 HTTP/1.1" 200 27584 "-" "Mozilla/5.0 (Linux; Android 6.0.1; Nexus 5X Build/MMB29P) AppleWebKit/537.36 (KHTML, like Gecko) Chrome/143.0.7499.192 Mobile Safari/537.36 (compatible; Googlebot/2.1; +http://www.google.com/bot.html)"
66.29.137.46 - - [15/Jan/2026:19:57:10 -0500] "POST /wp-cron.php?doing_wp_cron=1768525030.8016300201416015625000 HTTP/1.1" 200 0 "-" "WordPress/6.9; https://tuzdayscloset.com"
114.119.146.114 - - [15/Jan/2026:19:57:10 -0500] "GET /?_g=3215217 HTTP/1.1" 200 31480 "https://tuzdayscloset.com/sitemap.xml" "Mozilla/5.0 (Linux; Android 7.0;) AppleWebKit/537.36 (KHTML, like Gecko) Mobile Safari/537.36 (compatible; PetalBot;+https://webmaster.petalsearch.com/site/petalbot)"
114.119.131.211 - - [15/Jan/2026:19:58:32 -0500] "GET /?_g=1603747 HTTP/1.1" 200 31480 "https://tuzdayscloset.com/sitemap.xml" "Mozilla/5.0 (Linux; Android 7.0;) AppleWebKit/537.36 (KHTML, like Gecko) Mobile Safari/537.36 (compatible; PetalBot;+https://webmaster.petalsearch.com/site/petalbot)"
114.119.146.114 - - [15/Jan/2026:19:59:57 -0500] "GET /?_g=1543690 HTTP/1.1" 200 31480 "-" "Mozilla/5.0 (Linux; Android 7.0;) AppleWebKit/537.36 (KHTML, like Gecko) Mobile Safari/537.36 (compatible; PetalBot;+https://webmaster.petalsearch.com/site/petalbot)"
114.119.148.165 - - [15/Jan/2026:20:01:23 -0500] "GET /?_g=1500969 HTTP/1.1" 200 31480 "https://tuzdayscloset.com/sitemap.xml" "Mozilla/5.0 (Linux; Android 7.0;) AppleWebKit/537.36 (KHTML, like Gecko) Mobile Safari/537.36 (compatible; PetalBot;+https://webmaster.petalsearch.com/site/petalbot)"
66.29.137.46 - - [15/Jan/2026:20:02:43 -0500] "POST /wp-cron.php?doing_wp_cron=1768525363.4083559513092041015625 HTTP/1.1" 200 0 "-" "WordPress/6.9; https://tuzdayscloset.com"
114.119.148.165 - - [15/Jan/2026:20:02:43 -0500] "GET /?_g=1488568 HTTP/1.1" 200 31480 "https://tuzdayscloset.com/sitemap.xml" "Mozilla/5.0 (Linux; Android 7.0;) AppleWebKit/537.36 (KHTML, like Gecko) Mobile Safari/537.36 (compatible; PetalBot;+https://webmaster.petalsearch.com/site/petalbot)"
114.119.131.211 - - [15/Jan/2026:20:04:07 -0500] "GET /?_g=1408981 HTTP/1.1" 200 31480 "https://tuzdayscloset.com/sitemap.xml" "Mozilla/5.0 (Linux; Android 7.0;) AppleWebKit/537.36 (KHTML, like Gecko) Mobile Safari/537.36 (compatible; PetalBot;+https://webmaster.petalsearch.com/site/petalbot)"
114.119.154.124 - - [15/Jan/2026:20:05:30 -0500] "GET /?_g=2787863 HTTP/1.1" 200 31480 "https://tuzdayscloset.com/sitemap.xml" "Mozilla/5.0 (Linux; Android 7.0;) AppleWebKit/537.36 (KHTML, like Gecko) Mobile Safari/537.36 (compatible; PetalBot;+https://webmaster.petalsearch.com/site/petalbot)"
114.119.159.148 - - [15/Jan/2026:20:06:54 -0500] "GET /?_g=2108665 HTTP/1.1" 200 31480 "https://tuzdayscloset.com/sitemap.xml" "Mozilla/5.0 (Linux; Android 7.0;) AppleWebKit/537.36 (KHTML, like Gecko) Mobile Safari/537.36 (compatible; PetalBot;+https://webmaster.petalsearch.com/site/petalbot)"
114.119.131.211 - - [15/Jan/2026:20:08:17 -0500] "GET /?_g=140521 HTTP/1.1" 200 31480 "https://tuzdayscloset.com/sitemap.xml" "Mozilla/5.0 (Linux; Android 7.0;) AppleWebKit/537.36 (KHTML, like Gecko) Mobile Safari/537.36 (compatible; PetalBot;+https://webmaster.petalsearch.com/site/petalbot)"
114.119.159.148 - - [15/Jan/2026:20:09:41 -0500] "GET /?_g=2668730 HTTP/1.1" 200 31480 "https://tuzdayscloset.com/sitemap.xml" "Mozilla/5.0 (Linux; Android 7.0;) AppleWebKit/537.36 (KHTML, like Gecko) Mobile Safari/537.36 (compatible; PetalBot;+https://webmaster.petalsearch.com/site/petalbot)"
114.119.159.148 - - [15/Jan/2026:20:11:04 -0500] "GET /?_g=1391821 HTTP/1.1" 200 31480 "https://tuzdayscloset.com/sitemap.xml" "Mozilla/5.0 (Linux; Android 7.0;) AppleWebKit/537.36 (KHTML, like Gecko) Mobile Safari/537.36 (compatible; PetalBot;+https://webmaster.petalsearch.com/site/petalbot)"
66.29.137.46 - - [15/Jan/2026:20:12:29 -0500] "POST /wp-cron.php?doing_wp_cron=1768525949.9552710056304931640625 HTTP/1.1" 200 0 "-" "WordPress/6.9; https://tuzdayscloset.com"
114.119.146.114 - - [15/Jan/2026:20:12:29 -0500] "GET /?_g=1383770 HTTP/1.1" 200 31480 "https://tuzdayscloset.com/sitemap.xml" "Mozilla/5.0 (Linux; Android 7.0;) AppleWebKit/537.36 (KHTML, like Gecko) Mobile Safari/537.36 (compatible; PetalBot;+https://webmaster.petalsearch.com/site/petalbot)"
114.119.133.204 - - [15/Jan/2026:20:13:54 -0500] "GET /?_g=137242 HTTP/1.1" 200 31480 "https://tuzdayscloset.com/sitemap.xml" "Mozilla/5.0 (Linux; Android 7.0;) AppleWebKit/537.36 (KHTML, like Gecko) Mobile Safari/537.36 (compatible; PetalBot;+https://webmaster.petalsearch.com/site/petalbot)"
114.119.157.118 - - [15/Jan/2026:20:15:17 -0500] "GET /?_g=1348962 HTTP/1.1" 200 31480 "-" "Mozilla/5.0 (Linux; Android 7.0;) AppleWebKit/537.36 (KHTML, like Gecko) Mobile Safari/537.36 (compatible; PetalBot;+https://webmaster.petalsearch.com/site/petalbot)"
114.119.148.165 - - [15/Jan/2026:20:16:39 -0500] "GET /?_g=13386 HTTP/1.1" 200 31480 "-" "Mozilla/5.0 (Linux; Android 7.0;) AppleWebKit/537.36 (KHTML, like Gecko) Mobile Safari/537.36 (compatible; PetalBot;+https://webmaster.petalsearch.com/site/petalbot)"
114.119.133.204 - - [15/Jan/2026:20:18:03 -0500] "GET /?_g=1304658 HTTP/1.1" 200 31480 "-" "Mozilla/5.0 (Linux; Android 7.0;) AppleWebKit/537.36 (KHTML, like Gecko) Mobile Safari/537.36 (compatible; PetalBot;+https://webmaster.petalsearch.com/site/petalbot)"
114.119.148.165 - - [15/Jan/2026:20:19:26 -0500] "GET /?_g=1303716 HTTP/1.1" 200 31480 "https://tuzdayscloset.com/sitemap.xml" "Mozilla/5.0 (Linux; Android 7.0;) AppleWebKit/537.36 (KHTML, like Gecko) Mobile Safari/537.36 (compatible; PetalBot;+https://webmaster.petalsearch.com/site/petalbot)"
114.119.157.118 - - [15/Jan/2026:20:20:51 -0500] "GET /?_g=1296747 HTTP/1.1" 200 31480 "https://tuzdayscloset.com/sitemap.xml" "Mozilla/5.0 (Linux; Android 7.0;) AppleWebKit/537.36 (KHTML, like Gecko) Mobile Safari/537.36 (compatible; PetalBot;+https://webmaster.petalsearch.com/site/petalbot)"
114.119.154.124 - - [15/Jan/2026:20:22:17 -0500] "GET /?_g=1290458 HTTP/1.1" 200 31480 "-" "Mozilla/5.0 (Linux; Android 7.0;) AppleWebKit/537.36 (KHTML, like Gecko) Mobile Safari/537.36 (compatible; PetalBot;+https://webmaster.petalsearch.com/site/petalbot)"
114.119.157.118 - - [15/Jan/2026:20:23:39 -0500] "GET /?_g=202596 HTTP/1.1" 200 31480 "https://tuzdayscloset.com/sitemap.xml" "Mozilla/5.0 (Linux; Android 7.0;) AppleWebKit/537.36 (KHTML, like Gecko) Mobile Safari/537.36 (compatible; PetalBot;+https://webmaster.petalsearch.com/site/petalbot)"
114.119.146.215 - - [15/Jan/2026:20:25:02 -0500] "GET /?_g=1267471 HTTP/1.1" 200 31480 "https://tuzdayscloset.com/sitemap.xml" "Mozilla/5.0 (Linux; Android 7.0;) AppleWebKit/537.36 (KHTML, like Gecko) Mobile Safari/537.36 (compatible; PetalBot;+https://webmaster.petalsearch.com/site/petalbot)"
66.29.137.46 - - [15/Jan/2026:20:26:26 -0500] "POST /wp-cron.php?doing_wp_cron=1768526786.3882269859313964843750 HTTP/1.1" 200 0 "-" "WordPress/6.9; https://tuzdayscloset.com"
114.119.146.215 - - [15/Jan/2026:20:26:25 -0500] "GET /?_g=1596338 HTTP/1.1" 200 31480 "-" "Mozilla/5.0 (Linux; Android 7.0;) AppleWebKit/537.36 (KHTML, like Gecko) Mobile Safari/537.36 (compatible; PetalBot;+https://webmaster.petalsearch.com/site/petalbot)"
114.119.133.204 - - [15/Jan/2026:20:27:49 -0500] "GET /?_g=1251359 HTTP/1.1" 200 31480 "-" "Mozilla/5.0 (Linux; Android 7.0;) AppleWebKit/537.36 (KHTML, like Gecko) Mobile Safari/537.36 (compatible; PetalBot;+https://webmaster.petalsearch.com/site/petalbot)"
114.119.133.204 - - [15/Jan/2026:20:29:15 -0500] "GET /?_g=1227721 HTTP/1.1" 200 31480 "https://tuzdayscloset.com/sitemap.xml" "Mozilla/5.0 (Linux; Android 7.0;) AppleWebKit/537.36 (KHTML, like Gecko) Mobile Safari/537.36 (compatible; PetalBot;+https://webmaster.petalsearch.com/site/petalbot)"
66.249.73.65 - - [15/Jan/2026:20:29:20 -0500] "GET /?_g=416550 HTTP/1.1" 200 27584 "-" "Mozilla/5.0 (Linux; Android 6.0.1; Nexus 5X Build/MMB29P) AppleWebKit/537.36 (KHTML, like Gecko) Chrome/143.0.7499.192 Mobile Safari/537.36 (compatible; Googlebot/2.1; +http://www.google.com/bot.html)"
114.119.148.165 - - [15/Jan/2026:20:30:36 -0500] "GET /?_g=1213837 HTTP/1.1" 200 31480 "-" "Mozilla/5.0 (Linux; Android 7.0;) AppleWebKit/537.36 (KHTML, like Gecko) Mobile Safari/537.36 (compatible; PetalBot;+https://webmaster.petalsearch.com/site/petalbot)"
114.119.131.211 - - [15/Jan/2026:20:31:59 -0500] "GET /?_g=1212901 HTTP/1.1" 200 31480 "https://tuzdayscloset.com/sitemap.xml" "Mozilla/5.0 (Linux; Android 7.0;) AppleWebKit/537.36 (KHTML, like Gecko) Mobile Safari/537.36 (compatible; PetalBot;+https://webmaster.petalsearch.com/site/petalbot)"
114.119.157.118 - - [15/Jan/2026:20:33:23 -0500] "GET /?_g=1203574 HTTP/1.1" 200 31480 "https://tuzdayscloset.com/sitemap.xml" "Mozilla/5.0 (Linux; Android 7.0;) AppleWebKit/537.36 (KHTML, like Gecko) Mobile Safari/537.36 (compatible; PetalBot;+https://webmaster.petalsearch.com/site/petalbot)"
114.119.146.114 - - [15/Jan/2026:20:34:47 -0500] "GET /?_g=1201856 HTTP/1.1" 200 31480 "-" "Mozilla/5.0 (Linux; Android 7.0;) AppleWebKit/537.36 (KHTML, like Gecko) Mobile Safari/537.36 (compatible; PetalBot;+https://webmaster.petalsearch.com/site/petalbot)"
114.119.157.118 - - [15/Jan/2026:20:36:10 -0500] "GET /?_g=1196700 HTTP/1.1" 200 31480 "-" "Mozilla/5.0 (Linux; Android 7.0;) AppleWebKit/537.36 (KHTML, like Gecko) Mobile Safari/537.36 (compatible; PetalBot;+https://webmaster.petalsearch.com/site/petalbot)"
114.119.133.204 - - [15/Jan/2026:20:37:33 -0500] "GET /?_g=1186135 HTTP/1.1" 200 31480 "https://tuzdayscloset.com/sitemap.xml" "Mozilla/5.0 (Linux; Android 7.0;) AppleWebKit/537.36 (KHTML, like Gecko) Mobile Safari/537.36 (compatible; PetalBot;+https://webmaster.petalsearch.com/site/petalbot)"
114.119.154.124 - - [15/Jan/2026:20:38:57 -0500] "GET /?_g=1183960 HTTP/1.1" 200 31480 "https://tuzdayscloset.com/sitemap.xml" "Mozilla/5.0 (Linux; Android 7.0;) AppleWebKit/537.36 (KHTML, like Gecko) Mobile Safari/537.36 (compatible; PetalBot;+https://webmaster.petalsearch.com/site/petalbot)"
114.119.146.215 - - [15/Jan/2026:20:40:24 -0500] "GET /?_g=115129 HTTP/1.1" 200 31480 "https://tuzdayscloset.com/sitemap.xml" "Mozilla/5.0 (Linux; Android 7.0;) AppleWebKit/537.36 (KHTML, like Gecko) Mobile Safari/537.36 (compatible; PetalBot;+https://webmaster.petalsearch.com/site/petalbot)"
66.29.137.46 - - [15/Jan/2026:20:41:44 -0500] "POST /wp-cron.php?doing_wp_cron=1768527704.6362440586090087890625 HTTP/1.1" 200 0 "-" "WordPress/6.9; https://tuzdayscloset.com"
114.119.154.124 - - [15/Jan/2026:20:41:44 -0500] "GET /?_g=1105935 HTTP/1.1" 200 31480 "https://tuzdayscloset.com/sitemap.xml" "Mozilla/5.0 (Linux; Android 7.0;) AppleWebKit/537.36 (KHTML, like Gecko) Mobile Safari/537.36 (compatible; PetalBot;+https://webmaster.petalsearch.com/site/petalbot)"
114.119.148.165 - - [15/Jan/2026:20:43:09 -0500] "GET /?_g=1090578 HTTP/1.1" 200 31480 "https://tuzdayscloset.com/sitemap.xml" "Mozilla/5.0 (Linux; Android 7.0;) AppleWebKit/537.36 (KHTML, like Gecko) Mobile Safari/537.36 (compatible; PetalBot;+https://webmaster.petalsearch.com/site/petalbot)"
114.119.148.165 - - [15/Jan/2026:20:44:34 -0500] "GET /?_g=1086960 HTTP/1.1" 200 31480 "-" "Mozilla/5.0 (Linux; Android 7.0;) AppleWebKit/537.36 (KHTML, like Gecko) Mobile Safari/537.36 (compatible; PetalBot;+https://webmaster.petalsearch.com/site/petalbot)"
114.119.131.211 - - [15/Jan/2026:20:45:56 -0500] "GET /?_g=1071389 HTTP/1.1" 200 31480 "-" "Mozilla/5.0 (Linux; Android 7.0;) AppleWebKit/537.36 (KHTML, like Gecko) Mobile Safari/537.36 (compatible; PetalBot;+https://webmaster.petalsearch.com/site/petalbot)"
114.119.146.114 - - [15/Jan/2026:20:47:19 -0500] "GET /?_g=1035474 HTTP/1.1" 200 31480 "https://tuzdayscloset.com/sitemap.xml" "Mozilla/5.0 (Linux; Android 7.0;) AppleWebKit/537.36 (KHTML, like Gecko) Mobile Safari/537.36 (compatible; PetalBot;+https://webmaster.petalsearch.com/site/petalbot)"
114.119.133.204 - - [15/Jan/2026:20:48:43 -0500] "GET /?_g=1033000 HTTP/1.1" 200 31480 "https://tuzdayscloset.com/sitemap.xml" "Mozilla/5.0 (Linux; Android 7.0;) AppleWebKit/537.36 (KHTML, like Gecko) Mobile Safari/537.36 (compatible; PetalBot;+https://webmaster.petalsearch.com/site/petalbot)"
43.130.40.120 - - [15/Jan/2026:20:49:14 -0500] "GET / HTTP/1.1" 200 31480 "http://tuzdayscloset.com" "Mozilla/5.0 (iPhone; CPU iPhone OS 13_2_3 like Mac OS X) AppleWebKit/605.1.15 (KHTML, like Gecko) Version/13.0.3 Mobile/15E148 Safari/604.1"
114.119.146.114 - - [15/Jan/2026:20:50:06 -0500] "GET /?_g=1029668 HTTP/1.1" 200 31480 "-" "Mozilla/5.0 (Linux; Android 7.0;) AppleWebKit/537.36 (KHTML, like Gecko) Mobile Safari/537.36 (compatible; PetalBot;+https://webmaster.petalsearch.com/site/petalbot)"
114.119.131.211 - - [15/Jan/2026:20:51:32 -0500] "GET /?_g=1016876 HTTP/1.1" 200 31480 "https://tuzdayscloset.com/sitemap.xml" "Mozilla/5.0 (Linux; Android 7.0;) AppleWebKit/537.36 (KHTML, like Gecko) Mobile Safari/537.36 (compatible; PetalBot;+https://webmaster.petalsearch.com/site/petalbot)"
66.249.73.67 - - [15/Jan/2026:20:54:03 -0500] "GET /?_g=1851345 HTTP/1.1" 200 27585 "-" "Mozilla/5.0 (Linux; Android 6.0.1; Nexus 5X Build/MMB29P) AppleWebKit/537.36 (KHTML, like Gecko) Chrome/143.0.7499.192 Mobile Safari/537.36 (compatible; Googlebot/2.1; +http://www.google.com/bot.html)"
66.29.137.46 - - [15/Jan/2026:21:22:17 -0500] "POST /wp-cron.php?doing_wp_cron=1768530136.9773049354553222656250 HTTP/1.1" 200 0 "-" "WordPress/6.9; https://tuzdayscloset.com"
114.119.146.114 - - [15/Jan/2026:21:22:16 -0500] "GET /?_g=2235140 HTTP/1.1" 200 31480 "https://tuzdayscloset.com/sitemap.xml" "Mozilla/5.0 (Linux; Android 7.0;) AppleWebKit/537.36 (KHTML, like Gecko) Mobile Safari/537.36 (compatible; PetalBot;+https://webmaster.petalsearch.com/site/petalbot)"
142.44.233.60 - - [15/Jan/2026:21:24:08 -0500] "GET / HTTP/1.1" 200 27583 "-" "Mozilla/5.0 (compatible; AhrefsBot/7.0; +http://ahrefs.com/robot/)"
185.191.171.7 - - [15/Jan/2026:21:58:22 -0500] "GET /robots.txt HTTP/1.1" 200 69 "-" "Mozilla/5.0 (compatible; SemrushBot/7~bl; +http://www.semrush.com/bot.html)"
185.191.171.7 - - [15/Jan/2026:21:58:23 -0500] "GET /sample-page/ HTTP/1.1" 200 13954 "-" "Mozilla/5.0 (compatible; SemrushBot/7~bl; +http://www.semrush.com/bot.html)"
66.29.137.46 - - [15/Jan/2026:22:10:16 -0500] "POST /wp-cron.php?doing_wp_cron=1768533016.9499111175537109375000 HTTP/1.1" 200 0 "-" "WordPress/6.9; https://tuzdayscloset.com"
66.249.73.66 - - [15/Jan/2026:22:10:14 -0500] "GET /?_g=2624186 HTTP/1.1" 200 27585 "-" "Mozilla/5.0 (Linux; Android 6.0.1; Nexus 5X Build/MMB29P) AppleWebKit/537.36 (KHTML, like Gecko) Chrome/143.0.7499.192 Mobile Safari/537.36 (compatible; Googlebot/2.1; +http://www.google.com/bot.html)"
155.94.129.99 - - [15/Jan/2026:22:12:32 -0500] "GET / HTTP/1.1" 200 31480 "-" "Mozilla/5.0 (Debian; Linux x86_64) AppleWebKit/537.36 (KHTML, like Gecko) Chrome/134.0.0.0 Safari/537.36"
155.94.129.99 - - [15/Jan/2026:22:12:38 -0500] "GET / HTTP/1.1" 200 31480 "-" "Mozilla/5.0 (X11; Linux x86_64; rv:1.9.5.20) Gecko/ Firefox/3.6.8"
66.29.137.46 - - [15/Jan/2026:22:14:50 -0500] "POST /wp-cron.php?doing_wp_cron=1768533290.4439849853515625000000 HTTP/1.1" 200 0 "-" "WordPress/6.9; https://tuzdayscloset.com"
114.119.154.124 - - [15/Jan/2026:22:14:49 -0500] "GET /?_g=1385910 HTTP/1.1" 200 31480 "https://tuzdayscloset.com/sitemap.xml" "Mozilla/5.0 (Linux; Android 7.0;) AppleWebKit/537.36 (KHTML, like Gecko) Mobile Safari/537.36 (compatible; PetalBot;+https://webmaster.petalsearch.com/site/petalbot)"
104.210.140.131 - - [15/Jan/2026:22:21:38 -0500] "GET /robots.txt HTTP/1.1" 200 69 "-" "Mozilla/5.0 (Macintosh; Intel Mac OS X 10_15_7) AppleWebKit/537.36 (KHTML, like Gecko) Chrome/131.0.0.0 Safari/537.36; compatible; OAI-SearchBot/1.0; +https://openai.com/searchbot"
114.119.154.124 - - [15/Jan/2026:22:56:08 -0500] "GET /?_g=2761889 HTTP/1.1" 200 31480 "https://tuzdayscloset.com/sitemap.xml" "Mozilla/5.0 (Linux; Android 7.0;) AppleWebKit/537.36 (KHTML, like Gecko) Mobile Safari/537.36 (compatible; PetalBot;+https://webmaster.petalsearch.com/site/petalbot)"
66.29.137.46 - - [15/Jan/2026:23:26:18 -0500] "POST /wp-cron.php?doing_wp_cron=1768537578.5124518871307373046875 HTTP/1.1" 200 0 "-" "WordPress/6.9; https://tuzdayscloset.com"
66.249.73.66 - - [15/Jan/2026:23:26:16 -0500] "GET /?_g=1264291 HTTP/1.1" 200 27585 "-" "Mozilla/5.0 (Linux; Android 6.0.1; Nexus 5X Build/MMB29P) AppleWebKit/537.36 (KHTML, like Gecko) Chrome/143.0.7499.192 Mobile Safari/537.36 (compatible; Googlebot/2.1; +http://www.google.com/bot.html)"
114.119.146.215 - - [15/Jan/2026:23:35:47 -0500] "GET /?_g=2412820 HTTP/1.1" 200 31480 "https://tuzdayscloset.com/sitemap.xml" "Mozilla/5.0 (Linux; Android 7.0;) AppleWebKit/537.36 (KHTML, like Gecko) Mobile Safari/537.36 (compatible; PetalBot;+https://webmaster.petalsearch.com/site/petalbot)"
114.119.131.211 - - [15/Jan/2026:23:37:11 -0500] "GET /?_g=2340843 HTTP/1.1" 200 31480 "https://tuzdayscloset.com/sitemap.xml" "Mozilla/5.0 (Linux; Android 7.0;) AppleWebKit/537.36 (KHTML, like Gecko) Mobile Safari/537.36 (compatible; PetalBot;+https://webmaster.petalsearch.com/site/petalbot)"
114.119.146.114 - - [15/Jan/2026:23:38:32 -0500] "GET /?_g=2326847 HTTP/1.1" 200 31480 "https://tuzdayscloset.com/sitemap.xml" "Mozilla/5.0 (Linux; Android 7.0;) AppleWebKit/537.36 (KHTML, like Gecko) Mobile Safari/537.36 (compatible; PetalBot;+https://webmaster.petalsearch.com/site/petalbot)"
66.249.73.67 - - [15/Jan/2026:23:39:23 -0500] "GET /?_g=947283 HTTP/1.1" 200 27585 "-" "Mozilla/5.0 (Linux; Android 6.0.1; Nexus 5X Build/MMB29P) AppleWebKit/537.36 (KHTML, like Gecko) Chrome/143.0.7499.192 Mobile Safari/537.36 (compatible; Googlebot/2.1; +http://www.google.com/bot.html)"
114.119.131.211 - - [15/Jan/2026:23:39:56 -0500] "GET /?_g=204137 HTTP/1.1" 200 31480 "-" "Mozilla/5.0 (Linux; Android 7.0;) AppleWebKit/537.36 (KHTML, like Gecko) Mobile Safari/537.36 (compatible; PetalBot;+https://webmaster.petalsearch.com/site/petalbot)"
66.29.137.46 - - [15/Jan/2026:23:41:18 -0500] "POST /wp-cron.php?doing_wp_cron=1768538478.7067890167236328125000 HTTP/1.1" 200 0 "-" "WordPress/6.9; https://tuzdayscloset.com"
114.119.146.215 - - [15/Jan/2026:23:41:18 -0500] "GET /?_g=671324 HTTP/1.1" 200 31480 "https://tuzdayscloset.com/sitemap.xml" "Mozilla/5.0 (Linux; Android 7.0;) AppleWebKit/537.36 (KHTML, like Gecko) Mobile Safari/537.36 (compatible; PetalBot;+https://webmaster.petalsearch.com/site/petalbot)"
114.119.157.118 - - [15/Jan/2026:23:42:44 -0500] "GET /?_g=1502079 HTTP/1.1" 200 31480 "https://tuzdayscloset.com/sitemap.xml" "Mozilla/5.0 (Linux; Android 7.0;) AppleWebKit/537.36 (KHTML, like Gecko) Mobile Safari/537.36 (compatible; PetalBot;+https://webmaster.petalsearch.com/site/petalbot)"
114.119.146.114 - - [15/Jan/2026:23:44:05 -0500] "GET /?_g=2163597 HTTP/1.1" 200 31480 "https://tuzdayscloset.com/sitemap.xml" "Mozilla/5.0 (Linux; Android 7.0;) AppleWebKit/537.36 (KHTML, like Gecko) Mobile Safari/537.36 (compatible; PetalBot;+https://webmaster.petalsearch.com/site/petalbot)"
114.119.159.148 - - [15/Jan/2026:23:45:29 -0500] "GET /?_g=1475490 HTTP/1.1" 200 31480 "-" "Mozilla/5.0 (Linux; Android 7.0;) AppleWebKit/537.36 (KHTML, like Gecko) Mobile Safari/537.36 (compatible; PetalBot;+https://webmaster.petalsearch.com/site/petalbot)"
114.119.133.204 - - [15/Jan/2026:23:46:53 -0500] "GET /?_g=1104440 HTTP/1.1" 200 31480 "-" "Mozilla/5.0 (Linux; Android 7.0;) AppleWebKit/537.36 (KHTML, like Gecko) Mobile Safari/537.36 (compatible; PetalBot;+https://webmaster.petalsearch.com/site/petalbot)"
66.29.137.46 - - [15/Jan/2026:23:57:15 -0500] "POST /wp-cron.php?doing_wp_cron=1768539435.6129460334777832031250 HTTP/1.1" 200 0 "-" "WordPress/6.9; https://tuzdayscloset.com"
114.119.146.114 - - [15/Jan/2026:23:57:14 -0500] "GET /?_g=2727601 HTTP/1.1" 200 31480 "https://tuzdayscloset.com/sitemap.xml" "Mozilla/5.0 (Linux; Android 7.0;) AppleWebKit/537.36 (KHTML, like Gecko) Mobile Safari/537.36 (compatible; PetalBot;+https://webmaster.petalsearch.com/site/petalbot)"
114.119.133.204 - - [15/Jan/2026:23:58:31 -0500] "GET /?_g=1717440 HTTP/1.1" 200 31480 "https://tuzdayscloset.com/sitemap.xml" "Mozilla/5.0 (Linux; Android 7.0;) AppleWebKit/537.36 (KHTML, like Gecko) Mobile Safari/537.36 (compatible; PetalBot;+https://webmaster.petalsearch.com/site/petalbot)"
66.29.137.46 - - [16/Jan/2026:00:13:48 -0500] "POST /wp-cron.php?doing_wp_cron=1768540428.6473510265350341796875 HTTP/1.1" 200 0 "-" "WordPress/6.9; https://tuzdayscloset.com"
114.119.146.114 - - [16/Jan/2026:00:13:47 -0500] "GET /?_g=513143 HTTP/1.1" 200 31480 "https://tuzdayscloset.com/sitemap.xml" "Mozilla/5.0 (Linux; Android 7.0;) AppleWebKit/537.36 (KHTML, like Gecko) Mobile Safari/537.36 (compatible; PetalBot;+https://webmaster.petalsearch.com/site/petalbot)"
114.119.146.114 - - [16/Jan/2026:00:15:06 -0500] "GET /?_g=3008286 HTTP/1.1" 200 31480 "https://tuzdayscloset.com/sitemap.xml" "Mozilla/5.0 (Linux; Android 7.0;) AppleWebKit/537.36 (KHTML, like Gecko) Mobile Safari/537.36 (compatible; PetalBot;+https://webmaster.petalsearch.com/site/petalbot)"
114.119.133.204 - - [16/Jan/2026:00:16:30 -0500] "GET /?_g=1462204 HTTP/1.1" 200 31480 "https://tuzdayscloset.com/sitemap.xml" "Mozilla/5.0 (Linux; Android 7.0;) AppleWebKit/537.36 (KHTML, like Gecko) Mobile Safari/537.36 (compatible; PetalBot;+https://webmaster.petalsearch.com/site/petalbot)"
114.119.154.124 - - [16/Jan/2026:00:17:53 -0500] "GET /?_g=1180641 HTTP/1.1" 200 31480 "https://tuzdayscloset.com/sitemap.xml" "Mozilla/5.0 (Linux; Android 7.0;) AppleWebKit/537.36 (KHTML, like Gecko) Mobile Safari/537.36 (compatible; PetalBot;+https://webmaster.petalsearch.com/site/petalbot)"
66.29.137.46 - - [16/Jan/2026:00:21:50 -0500] "GET / HTTP/1.1" 200 115178 "-" "Mozilla/5.0 (Windows NT 10.0; Win64; x64; rv:122.0) Gecko/20100101 Firefox/122.0"
66.29.137.46 - - [16/Jan/2026:00:29:57 -0500] "POST /wp-cron.php?doing_wp_cron=1768541397.8977730274200439453125 HTTP/1.1" 200 0 "-" "WordPress/6.9; https://tuzdayscloset.com"
