66.249.73.233 - - [15/Jan/2026:07:25:54 -0500] "GET /index.php//?_g=836817 HTTP/1.1" 404 1251 "-" "Mozilla/5.0 (Linux; Android 6.0.1; Nexus 5X Build/MMB29P) AppleWebKit/537.36 (KHTML, like Gecko) Chrome/143.0.7499.192 Mobile Safari/537.36 (compatible; Googlebot/2.1; +http://www.google.com/bot.html)"
66.249.73.233 - - [15/Jan/2026:07:25:54 -0500] "GET /index.php/zhHant/product/surugaya/16057303//?_g=2120463 HTTP/1.1" 404 1251 "-" "Mozilla/5.0 (Linux; Android 6.0.1; Nexus 5X Build/MMB29P) AppleWebKit/537.36 (KHTML, like Gecko) Chrome/143.0.7499.192 Mobile Safari/537.36 (compatible; Googlebot/2.1; +http://www.google.com/bot.html)"
204.76.203.204 - - [15/Jan/2026:07:25:55 -0500] "GET /?SA HTTP/1.1" 200 8649 "https://tipsytuzdays.com/?SA" "Mozilla/5.0 (Linux; Android 5.1.1; SAMSUNG SM-J110M) AppleWebKit/537.36 (KHTML, like Gecko) SamsungBrowser/11.2 Chrome/75.0.3770.143 Mobile Safari/537.36"
204.76.203.204 - - [15/Jan/2026:07:25:55 -0500] "GET /admin.php HTTP/1.1" 302 0 "https://tipsytuzdays.com/admin.php" "Mozilla/5.0 (Linux; Android 5.1.1; SAMSUNG SM-J110M) AppleWebKit/537.36 (KHTML, like Gecko) SamsungBrowser/11.2 Chrome/75.0.3770.143 Mobile Safari/537.36"
204.76.203.204 - - [15/Jan/2026:07:25:56 -0500] "GET /admin.php?p= HTTP/1.1" 200 20011 "https://tipsytuzdays.com/admin.php" "Mozilla/5.0 (Linux; Android 5.1.1; SAMSUNG SM-J110M) AppleWebKit/537.36 (KHTML, like Gecko) SamsungBrowser/11.2 Chrome/75.0.3770.143 Mobile Safari/537.36"
66.249.73.233 - - [15/Jan/2026:07:25:56 -0500] "GET /index.php/zhHant/product/surugaya/16057303//?_g=2025981 HTTP/1.1" 404 1251 "-" "Mozilla/5.0 (Linux; Android 6.0.1; Nexus 5X Build/MMB29P) AppleWebKit/537.36 (KHTML, like Gecko) Chrome/143.0.7499.192 Mobile Safari/537.36 (compatible; Googlebot/2.1; +http://www.google.com/bot.html)"
45.84.107.47 - - [15/Jan/2026:07:25:57 -0500] "GET /cgi-bin__dac4e89 HTTP/1.1" 301 795 "https://tipsytuzdays.com/cgi-bin__dac4e89" "Mozilla/5.0 (Linux; Android 5.1.1; SAMSUNG SM-J110M) AppleWebKit/537.36 (KHTML, like Gecko) SamsungBrowser/11.2 Chrome/75.0.3770.143 Mobile Safari/537.36"
45.84.107.47 - - [15/Jan/2026:07:25:57 -0500] "GET /cgi-bin__dac4e89/ HTTP/1.1" 200 1348 "https://tipsytuzdays.com/cgi-bin__dac4e89" "Mozilla/5.0 (Linux; Android 5.1.1; SAMSUNG SM-J110M) AppleWebKit/537.36 (KHTML, like Gecko) SamsungBrowser/11.2 Chrome/75.0.3770.143 Mobile Safari/537.36"
45.84.107.47 - - [15/Jan/2026:07:25:58 -0500] "GET /error_log HTTP/1.1" 403 1242 "https://tipsytuzdays.com/error_log" "Mozilla/5.0 (Linux; Android 5.1.1; SAMSUNG SM-J110M) AppleWebKit/537.36 (KHTML, like Gecko) SamsungBrowser/11.2 Chrome/75.0.3770.143 Mobile Safari/537.36"
66.249.73.233 - - [15/Jan/2026:07:25:58 -0500] "GET /index.php/zhHant/product/surugaya/16057303//?_g=1307571 HTTP/1.1" 404 1251 "-" "Mozilla/5.0 (Linux; Android 6.0.1; Nexus 5X Build/MMB29P) AppleWebKit/537.36 (KHTML, like Gecko) Chrome/143.0.7499.192 Mobile Safari/537.36 (compatible; Googlebot/2.1; +http://www.google.com/bot.html)"
66.249.73.233 - - [15/Jan/2026:07:25:58 -0500] "GET /index.php/vintagegame.html//?_g=783492 HTTP/1.1" 404 1251 "-" "Mozilla/5.0 (Linux; Android 6.0.1; Nexus 5X Build/MMB29P) AppleWebKit/537.36 (KHTML, like Gecko) Chrome/143.0.7499.192 Mobile Safari/537.36 (compatible; Googlebot/2.1; +http://www.google.com/bot.html)"
66.249.73.233 - - [15/Jan/2026:07:25:58 -0500] "GET /index.php/product/edit/25895154//?_g=600124 HTTP/1.1" 404 1251 "-" "Mozilla/5.0 (Linux; Android 6.0.1; Nexus 5X Build/MMB29P) AppleWebKit/537.36 (KHTML, like Gecko) Chrome/143.0.7499.192 Mobile Safari/537.36 (compatible; Googlebot/2.1; +http://www.google.com/bot.html)"
45.84.107.47 - - [15/Jan/2026:07:25:59 -0500] "GET /error_log__dac4e89 HTTP/1.1" 200 9139749 "https://tipsytuzdays.com/error_log__dac4e89" "Mozilla/5.0 (Linux; Android 5.1.1; SAMSUNG SM-J110M) AppleWebKit/537.36 (KHTML, like Gecko) SamsungBrowser/11.2 Chrome/75.0.3770.143 Mobile Safari/537.36"
66.249.73.233 - - [15/Jan/2026:07:26:00 -0500] "GET /index.php//?_g=1701859 HTTP/1.1" 404 1251 "-" "Mozilla/5.0 (Linux; Android 6.0.1; Nexus 5X Build/MMB29P) AppleWebKit/537.36 (KHTML, like Gecko) Chrome/143.0.7499.192 Mobile Safari/537.36 (compatible; Googlebot/2.1; +http://www.google.com/bot.html)"
66.249.73.233 - - [15/Jan/2026:07:26:00 -0500] "GET /index.php/zhHant/product/surugaya/16057303//?_g=765986 HTTP/1.1" 404 1251 "-" "Mozilla/5.0 (Linux; Android 6.0.1; Nexus 5X Build/MMB29P) AppleWebKit/537.36 (KHTML, like Gecko) Chrome/143.0.7499.192 Mobile Safari/537.36 (compatible; Googlebot/2.1; +http://www.google.com/bot.html)"
40.77.167.41 - - [15/Jan/2026:07:26:04 -0500] "GET /?_g=2779264 HTTP/1.1" 200 1706 "-" "Mozilla/5.0 AppleWebKit/537.36 (KHTML, like Gecko; compatible; bingbot/2.0; +http://www.bing.com/bingbot.htm) Chrome/116.0.1938.76 Safari/537.36"
66.249.73.233 - - [15/Jan/2026:07:26:04 -0500] "GET /index.php/vintagegame.html//?_g=206323 HTTP/1.1" 404 1251 "-" "Mozilla/5.0 (Linux; Android 6.0.1; Nexus 5X Build/MMB29P) AppleWebKit/537.36 (KHTML, like Gecko) Chrome/143.0.7499.192 Mobile Safari/537.36 (compatible; Googlebot/2.1; +http://www.google.com/bot.html)"
66.249.73.233 - - [15/Jan/2026:07:26:06 -0500] "GET /index.php/vintagegame.html//?_g=808616 HTTP/1.1" 404 1251 "-" "Mozilla/5.0 (Linux; Android 6.0.1; Nexus 5X Build/MMB29P) AppleWebKit/537.36 (KHTML, like Gecko) Chrome/143.0.7499.192 Mobile Safari/537.36 (compatible; Googlebot/2.1; +http://www.google.com/bot.html)"
66.249.73.233 - - [15/Jan/2026:07:26:08 -0500] "GET /index.php/vintagegame.html//?_g=1301152 HTTP/1.1" 404 1251 "-" "Mozilla/5.0 (Linux; Android 6.0.1; Nexus 5X Build/MMB29P) AppleWebKit/537.36 (KHTML, like Gecko) Chrome/143.0.7499.192 Mobile Safari/537.36 (compatible; Googlebot/2.1; +http://www.google.com/bot.html)"
66.249.73.233 - - [15/Jan/2026:07:26:10 -0500] "GET /index.php/vintagegame.html//?_g=2359053 HTTP/1.1" 404 1251 "-" "Mozilla/5.0 (Linux; Android 6.0.1; Nexus 5X Build/MMB29P) AppleWebKit/537.36 (KHTML, like Gecko) Chrome/143.0.7499.192 Mobile Safari/537.36 (compatible; Googlebot/2.1; +http://www.google.com/bot.html)"
66.249.73.233 - - [15/Jan/2026:07:26:14 -0500] "GET /index.php/vintagegame.html//?_g=576207 HTTP/1.1" 404 1251 "-" "Mozilla/5.0 (Linux; Android 6.0.1; Nexus 5X Build/MMB29P) AppleWebKit/537.36 (KHTML, like Gecko) Chrome/143.0.7499.192 Mobile Safari/537.36 (compatible; Googlebot/2.1; +http://www.google.com/bot.html)"
66.249.73.233 - - [15/Jan/2026:07:26:16 -0500] "GET /index.php/vintagegame.html//?_g=1976014 HTTP/1.1" 404 1251 "-" "Mozilla/5.0 (Linux; Android 6.0.1; Nexus 5X Build/MMB29P) AppleWebKit/537.36 (KHTML, like Gecko) Chrome/143.0.7499.192 Mobile Safari/537.36 (compatible; Googlebot/2.1; +http://www.google.com/bot.html)"
66.249.73.233 - - [15/Jan/2026:07:26:16 -0500] "GET /index.php//?_g=1405036 HTTP/1.1" 404 1251 "-" "Mozilla/5.0 (Linux; Android 6.0.1; Nexus 5X Build/MMB29P) AppleWebKit/537.36 (KHTML, like Gecko) Chrome/143.0.7499.192 Mobile Safari/537.36 (compatible; Googlebot/2.1; +http://www.google.com/bot.html)"
66.249.73.233 - - [15/Jan/2026:07:26:18 -0500] "GET /index.php/vintagegame.html//?_g=204692 HTTP/1.1" 404 1251 "-" "Mozilla/5.0 (Linux; Android 6.0.1; Nexus 5X Build/MMB29P) AppleWebKit/537.36 (KHTML, like Gecko) Chrome/143.0.7499.192 Mobile Safari/537.36 (compatible; Googlebot/2.1; +http://www.google.com/bot.html)"
66.249.73.233 - - [15/Jan/2026:07:26:20 -0500] "GET /index.php/vintagegame.html//?_g=2707983 HTTP/1.1" 404 1251 "-" "Mozilla/5.0 (Linux; Android 6.0.1; Nexus 5X Build/MMB29P) AppleWebKit/537.36 (KHTML, like Gecko) Chrome/143.0.7499.192 Mobile Safari/537.36 (compatible; Googlebot/2.1; +http://www.google.com/bot.html)"
176.65.149.96 - - [15/Jan/2026:07:26:21 -0500] "GET /googledc4a3a463ddb8889.html__dac4e89 HTTP/1.1" 200 53 "https://tipsytuzdays.com/googledc4a3a463ddb8889.html__dac4e89" "Mozilla/5.0 (Linux; Android 5.1.1; SAMSUNG SM-J110M) AppleWebKit/537.36 (KHTML, like Gecko) SamsungBrowser/11.2 Chrome/75.0.3770.143 Mobile Safari/537.36"
66.249.73.102 - - [15/Jan/2026:07:26:22 -0500] "GET /?_g=1313418 HTTP/1.1" 200 1707 "-" "Mozilla/5.0 (Linux; Android 6.0.1; Nexus 5X Build/MMB29P) AppleWebKit/537.36 (KHTML, like Gecko) Chrome/143.0.7499.192 Mobile Safari/537.36 (compatible; Googlebot/2.1; +http://www.google.com/bot.html)"
66.249.73.233 - - [15/Jan/2026:07:26:22 -0500] "GET /index.php/vintagegame.html//?_g=1853528 HTTP/1.1" 404 1251 "-" "Mozilla/5.0 (Linux; Android 6.0.1; Nexus 5X Build/MMB29P) AppleWebKit/537.36 (KHTML, like Gecko) Chrome/143.0.7499.192 Mobile Safari/537.36 (compatible; Googlebot/2.1; +http://www.google.com/bot.html)"
66.249.73.102 - - [15/Jan/2026:07:26:22 -0500] "GET /?_g=921886 HTTP/1.1" 200 1707 "-" "Mozilla/5.0 (Linux; Android 6.0.1; Nexus 5X Build/MMB29P) AppleWebKit/537.36 (KHTML, like Gecko) Chrome/143.0.7499.192 Mobile Safari/537.36 (compatible; Googlebot/2.1; +http://www.google.com/bot.html)"
66.249.73.233 - - [15/Jan/2026:07:26:25 -0500] "GET /index.php/vintagegame.html//?_g=653211 HTTP/1.1" 404 1251 "-" "Mozilla/5.0 (Linux; Android 6.0.1; Nexus 5X Build/MMB29P) AppleWebKit/537.36 (KHTML, like Gecko) Chrome/143.0.7499.192 Mobile Safari/537.36 (compatible; Googlebot/2.1; +http://www.google.com/bot.html)"
66.249.73.233 - - [15/Jan/2026:07:26:27 -0500] "GET /index.php/vintagegame.html//?_g=489118 HTTP/1.1" 404 1251 "-" "Mozilla/5.0 (Linux; Android 6.0.1; Nexus 5X Build/MMB29P) AppleWebKit/537.36 (KHTML, like Gecko) Chrome/143.0.7499.192 Mobile Safari/537.36 (compatible; Googlebot/2.1; +http://www.google.com/bot.html)"
45.80.158.27 - - [15/Jan/2026:07:26:27 -0500] "GET /readme.html__dac4e89 HTTP/1.1" 200 7425 "https://tipsytuzdays.com/readme.html__dac4e89" "Mozilla/5.0 (Linux; Android 5.1.1; SAMSUNG SM-J110M) AppleWebKit/537.36 (KHTML, like Gecko) SamsungBrowser/11.2 Chrome/75.0.3770.143 Mobile Safari/537.36"
45.80.158.27 - - [15/Jan/2026:07:26:28 -0500] "GET /wp-activate.php__dac4e89 HTTP/1.1" 200 7349 "https://tipsytuzdays.com/wp-activate.php__dac4e89" "Mozilla/5.0 (Linux; Android 5.1.1; SAMSUNG SM-J110M) AppleWebKit/537.36 (KHTML, like Gecko) SamsungBrowser/11.2 Chrome/75.0.3770.143 Mobile Safari/537.36"
45.80.158.27 - - [15/Jan/2026:07:26:29 -0500] "GET /wp-admin__dac4e89 HTTP/1.1" 301 795 "https://tipsytuzdays.com/wp-admin__dac4e89" "Mozilla/5.0 (Linux; Android 5.1.1; SAMSUNG SM-J110M) AppleWebKit/537.36 (KHTML, like Gecko) SamsungBrowser/11.2 Chrome/75.0.3770.143 Mobile Safari/537.36"
66.249.73.233 - - [15/Jan/2026:07:26:29 -0500] "GET /index.php/vintagegame.html//?_g=116035 HTTP/1.1" 404 1251 "-" "Mozilla/5.0 (Linux; Android 6.0.1; Nexus 5X Build/MMB29P) AppleWebKit/537.36 (KHTML, like Gecko) Chrome/143.0.7499.192 Mobile Safari/537.36 (compatible; Googlebot/2.1; +http://www.google.com/bot.html)"
45.80.158.27 - - [15/Jan/2026:07:26:29 -0500] "GET /wp-admin__dac4e89/ HTTP/1.1" 200 1350 "https://tipsytuzdays.com/wp-admin__dac4e89" "Mozilla/5.0 (Linux; Android 5.1.1; SAMSUNG SM-J110M) AppleWebKit/537.36 (KHTML, like Gecko) SamsungBrowser/11.2 Chrome/75.0.3770.143 Mobile Safari/537.36"
45.80.158.27 - - [15/Jan/2026:07:26:30 -0500] "GET /wp-blog-header.php__dac4e89 HTTP/1.1" 200 351 "https://tipsytuzdays.com/wp-blog-header.php__dac4e89" "Mozilla/5.0 (Linux; Android 5.1.1; SAMSUNG SM-J110M) AppleWebKit/537.36 (KHTML, like Gecko) SamsungBrowser/11.2 Chrome/75.0.3770.143 Mobile Safari/537.36"
45.80.158.27 - - [15/Jan/2026:07:26:31 -0500] "GET /wp-comments-post.php__dac4e89 HTTP/1.1" 200 2323 "https://tipsytuzdays.com/wp-comments-post.php__dac4e89" "Mozilla/5.0 (Linux; Android 5.1.1; SAMSUNG SM-J110M) AppleWebKit/537.36 (KHTML, like Gecko) SamsungBrowser/11.2 Chrome/75.0.3770.143 Mobile Safari/537.36"
66.249.73.233 - - [15/Jan/2026:07:26:31 -0500] "GET /index.php/product/edit/25895154//?_g=2261366 HTTP/1.1" 404 1251 "-" "Mozilla/5.0 (Linux; Android 6.0.1; Nexus 5X Build/MMB29P) AppleWebKit/537.36 (KHTML, like Gecko) Chrome/143.0.7499.192 Mobile Safari/537.36 (compatible; Googlebot/2.1; +http://www.google.com/bot.html)"
66.249.73.101 - - [15/Jan/2026:07:26:31 -0500] "GET /?_g=542574 HTTP/1.1" 200 1707 "-" "Mozilla/5.0 (Linux; Android 6.0.1; Nexus 5X Build/MMB29P) AppleWebKit/537.36 (KHTML, like Gecko) Chrome/143.0.7499.192 Mobile Safari/537.36 (compatible; Googlebot/2.1; +http://www.google.com/bot.html)"
45.80.158.27 - - [15/Jan/2026:07:26:32 -0500] "GET /wp-config-sample.php__dac4e89 HTTP/1.1" 200 3339 "https://tipsytuzdays.com/wp-config-sample.php__dac4e89" "Mozilla/5.0 (Linux; Android 5.1.1; SAMSUNG SM-J110M) AppleWebKit/537.36 (KHTML, like Gecko) SamsungBrowser/11.2 Chrome/75.0.3770.143 Mobile Safari/537.36"
176.65.149.100 - - [15/Jan/2026:07:26:32 -0500] "GET /wp-config.php__dac4e89 HTTP/1.1" 403 1242 "https://tipsytuzdays.com/wp-config.php__dac4e89" "Mozilla/5.0 (Linux; Android 5.1.1; SAMSUNG SM-J110M) AppleWebKit/537.36 (KHTML, like Gecko) SamsungBrowser/11.2 Chrome/75.0.3770.143 Mobile Safari/537.36"
176.65.149.100 - - [15/Jan/2026:07:26:33 -0500] "GET /wp-content__dac4e89 HTTP/1.1" 301 795 "https://tipsytuzdays.com/wp-content__dac4e89" "Mozilla/5.0 (Linux; Android 5.1.1; SAMSUNG SM-J110M) AppleWebKit/537.36 (KHTML, like Gecko) SamsungBrowser/11.2 Chrome/75.0.3770.143 Mobile Safari/537.36"
176.65.149.100 - - [15/Jan/2026:07:26:33 -0500] "GET /wp-content__dac4e89/ HTTP/1.1" 200 1354 "https://tipsytuzdays.com/wp-content__dac4e89" "Mozilla/5.0 (Linux; Android 5.1.1; SAMSUNG SM-J110M) AppleWebKit/537.36 (KHTML, like Gecko) SamsungBrowser/11.2 Chrome/75.0.3770.143 Mobile Safari/537.36"
66.249.73.233 - - [15/Jan/2026:07:26:34 -0500] "GET /index.php/vintagegame.html//?_g=124679 HTTP/1.1" 404 1251 "-" "Mozilla/5.0 (Linux; Android 6.0.1; Nexus 5X Build/MMB29P) AppleWebKit/537.36 (KHTML, like Gecko) Chrome/143.0.7499.192 Mobile Safari/537.36 (compatible; Googlebot/2.1; +http://www.google.com/bot.html)"
176.65.149.100 - - [15/Jan/2026:07:26:34 -0500] "GET /wp-cron.php__dac4e89 HTTP/1.1" 200 5617 "https://tipsytuzdays.com/wp-cron.php__dac4e89" "Mozilla/5.0 (Linux; Android 5.1.1; SAMSUNG SM-J110M) AppleWebKit/537.36 (KHTML, like Gecko) SamsungBrowser/11.2 Chrome/75.0.3770.143 Mobile Safari/537.36"
176.65.149.100 - - [15/Jan/2026:07:26:35 -0500] "GET /wp-includes__dac4e89 HTTP/1.1" 301 795 "https://tipsytuzdays.com/wp-includes__dac4e89" "Mozilla/5.0 (Linux; Android 5.1.1; SAMSUNG SM-J110M) AppleWebKit/537.36 (KHTML, like Gecko) SamsungBrowser/11.2 Chrome/75.0.3770.143 Mobile Safari/537.36"
176.65.149.100 - - [15/Jan/2026:07:26:35 -0500] "GET /wp-includes__dac4e89/ HTTP/1.1" 200 1356 "https://tipsytuzdays.com/wp-includes__dac4e89" "Mozilla/5.0 (Linux; Android 5.1.1; SAMSUNG SM-J110M) AppleWebKit/537.36 (KHTML, like Gecko) SamsungBrowser/11.2 Chrome/75.0.3770.143 Mobile Safari/537.36"
176.65.149.100 - - [15/Jan/2026:07:26:36 -0500] "GET /wp-links-opml.php__dac4e89 HTTP/1.1" 200 2493 "https://tipsytuzdays.com/wp-links-opml.php__dac4e89" "Mozilla/5.0 (Linux; Android 5.1.1; SAMSUNG SM-J110M) AppleWebKit/537.36 (KHTML, like Gecko) SamsungBrowser/11.2 Chrome/75.0.3770.143 Mobile Safari/537.36"
176.65.149.100 - - [15/Jan/2026:07:26:36 -0500] "GET /wp-load.php__dac4e89 HTTP/1.1" 200 3937 "https://tipsytuzdays.com/wp-load.php__dac4e89" "Mozilla/5.0 (Linux; Android 5.1.1; SAMSUNG SM-J110M) AppleWebKit/537.36 (KHTML, like Gecko) SamsungBrowser/11.2 Chrome/75.0.3770.143 Mobile Safari/537.36"
176.65.149.100 - - [15/Jan/2026:07:26:37 -0500] "GET /wp-loada.php__dac4e89 HTTP/1.1" 200 206 "https://tipsytuzdays.com/wp-loada.php__dac4e89" "Mozilla/5.0 (Linux; Android 5.1.1; SAMSUNG SM-J110M) AppleWebKit/537.36 (KHTML, like Gecko) SamsungBrowser/11.2 Chrome/75.0.3770.143 Mobile Safari/537.36"
176.65.149.100 - - [15/Jan/2026:07:26:38 -0500] "GET /wp-loadb.php__dac4e89 HTTP/1.1" 200 19815 "https://tipsytuzdays.com/wp-loadb.php__dac4e89" "Mozilla/5.0 (Linux; Android 5.1.1; SAMSUNG SM-J110M) AppleWebKit/537.36 (KHTML, like Gecko) SamsungBrowser/11.2 Chrome/75.0.3770.143 Mobile Safari/537.36"
66.249.73.233 - - [15/Jan/2026:07:26:38 -0500] "GET /index.php/vintagegame.html//?_g=1765423 HTTP/1.1" 404 1251 "-" "Mozilla/5.0 (Linux; Android 6.0.1; Nexus 5X Build/MMB29P) AppleWebKit/537.36 (KHTML, like Gecko) Chrome/143.0.7499.192 Mobile Safari/537.36 (compatible; Googlebot/2.1; +http://www.google.com/bot.html)"
176.65.149.100 - - [15/Jan/2026:07:26:39 -0500] "GET /wp-login.php__dac4e89 HTTP/1.1" 200 51437 "https://tipsytuzdays.com/wp-login.php__dac4e89" "Mozilla/5.0 (Linux; Android 5.1.1; SAMSUNG SM-J110M) AppleWebKit/537.36 (KHTML, like Gecko) SamsungBrowser/11.2 Chrome/75.0.3770.143 Mobile Safari/537.36"
66.249.73.233 - - [15/Jan/2026:07:26:39 -0500] "GET /index.php/vintagegame.html//?_g=102565 HTTP/1.1" 404 1251 "-" "Mozilla/5.0 (Linux; Android 6.0.1; Nexus 5X Build/MMB29P) AppleWebKit/537.36 (KHTML, like Gecko) Chrome/143.0.7499.192 Mobile Safari/537.36 (compatible; Googlebot/2.1; +http://www.google.com/bot.html)"
176.65.149.100 - - [15/Jan/2026:07:26:40 -0500] "GET /wp-mail.php__dac4e89 HTTP/1.1" 200 8727 "https://tipsytuzdays.com/wp-mail.php__dac4e89" "Mozilla/5.0 (Linux; Android 5.1.1; SAMSUNG SM-J110M) AppleWebKit/537.36 (KHTML, like Gecko) SamsungBrowser/11.2 Chrome/75.0.3770.143 Mobile Safari/537.36"
66.249.73.100 - - [15/Jan/2026:07:26:41 -0500] "GET /?_g=2361201 HTTP/1.1" 200 1707 "-" "Mozilla/5.0 (Linux; Android 6.0.1; Nexus 5X Build/MMB29P) AppleWebKit/537.36 (KHTML, like Gecko) Chrome/143.0.7499.192 Mobile Safari/537.36 (compatible; Googlebot/2.1; +http://www.google.com/bot.html)"
176.65.149.100 - - [15/Jan/2026:07:26:41 -0500] "GET /wp-settings.php__dac4e89 HTTP/1.1" 200 31055 "https://tipsytuzdays.com/wp-settings.php__dac4e89" "Mozilla/5.0 (Linux; Android 5.1.1; SAMSUNG SM-J110M) AppleWebKit/537.36 (KHTML, like Gecko) SamsungBrowser/11.2 Chrome/75.0.3770.143 Mobile Safari/537.36"
176.65.149.100 - - [15/Jan/2026:07:26:42 -0500] "GET /wp-signup.php__dac4e89 HTTP/1.1" 200 34516 "https://tipsytuzdays.com/wp-signup.php__dac4e89" "Mozilla/5.0 (Linux; Android 5.1.1; SAMSUNG SM-J110M) AppleWebKit/537.36 (KHTML, like Gecko) SamsungBrowser/11.2 Chrome/75.0.3770.143 Mobile Safari/537.36"
66.249.73.233 - - [15/Jan/2026:07:26:43 -0500] "GET /index.php/vintagegame.html//?_g=965727 HTTP/1.1" 404 1251 "-" "Mozilla/5.0 (Linux; Android 6.0.1; Nexus 5X Build/MMB29P) AppleWebKit/537.36 (KHTML, like Gecko) Chrome/143.0.7499.192 Mobile Safari/537.36 (compatible; Googlebot/2.1; +http://www.google.com/bot.html)"
192.76.153.253 - - [15/Jan/2026:07:26:43 -0500] "GET /wp-trackback.php__dac4e89 HTTP/1.1" 200 5214 "https://tipsytuzdays.com/wp-trackback.php__dac4e89" "Mozilla/5.0 (Linux; Android 5.1.1; SAMSUNG SM-J110M) AppleWebKit/537.36 (KHTML, like Gecko) SamsungBrowser/11.2 Chrome/75.0.3770.143 Mobile Safari/537.36"
66.249.73.233 - - [15/Jan/2026:07:26:46 -0500] "GET /index.php/product/edit/25895154//?_g=1931853 HTTP/1.1" 404 1251 "-" "Mozilla/5.0 (Linux; Android 6.0.1; Nexus 5X Build/MMB29P) AppleWebKit/537.36 (KHTML, like Gecko) Chrome/143.0.7499.192 Mobile Safari/537.36 (compatible; Googlebot/2.1; +http://www.google.com/bot.html)"
66.249.73.233 - - [15/Jan/2026:07:26:48 -0500] "GET /index.php/vintagegame.html//?_g=94295 HTTP/1.1" 404 1251 "-" "Mozilla/5.0 (Linux; Android 6.0.1; Nexus 5X Build/MMB29P) AppleWebKit/537.36 (KHTML, like Gecko) Chrome/143.0.7499.192 Mobile Safari/537.36 (compatible; Googlebot/2.1; +http://www.google.com/bot.html)"
66.249.73.233 - - [15/Jan/2026:07:26:50 -0500] "GET /index.php/vintagegame.html//?_g=1261800 HTTP/1.1" 404 1251 "-" "Mozilla/5.0 (Linux; Android 6.0.1; Nexus 5X Build/MMB29P) AppleWebKit/537.36 (KHTML, like Gecko) Chrome/143.0.7499.192 Mobile Safari/537.36 (compatible; Googlebot/2.1; +http://www.google.com/bot.html)"
66.249.73.233 - - [15/Jan/2026:07:26:54 -0500] "GET /index.php/product/edit/25895154//?_g=1622641 HTTP/1.1" 404 1251 "-" "Mozilla/5.0 (Linux; Android 6.0.1; Nexus 5X Build/MMB29P) AppleWebKit/537.36 (KHTML, like Gecko) Chrome/143.0.7499.192 Mobile Safari/537.36 (compatible; Googlebot/2.1; +http://www.google.com/bot.html)"
66.249.73.100 - - [15/Jan/2026:07:26:54 -0500] "GET /?_g=2456091 HTTP/1.1" 200 1708 "-" "Mozilla/5.0 (Linux; Android 6.0.1; Nexus 5X Build/MMB29P) AppleWebKit/537.36 (KHTML, like Gecko) Chrome/143.0.7499.192 Mobile Safari/537.36 (compatible; Googlebot/2.1; +http://www.google.com/bot.html)"
66.249.73.233 - - [15/Jan/2026:07:26:56 -0500] "GET /index.php/vintagegame.html//?_g=2498344 HTTP/1.1" 404 1251 "-" "Mozilla/5.0 (Linux; Android 6.0.1; Nexus 5X Build/MMB29P) AppleWebKit/537.36 (KHTML, like Gecko) Chrome/143.0.7499.192 Mobile Safari/537.36 (compatible; Googlebot/2.1; +http://www.google.com/bot.html)"
66.249.73.233 - - [15/Jan/2026:07:26:58 -0500] "GET /index.php/vintagegame.html//?_g=1470683 HTTP/1.1" 404 1251 "-" "Mozilla/5.0 (Linux; Android 6.0.1; Nexus 5X Build/MMB29P) AppleWebKit/537.36 (KHTML, like Gecko) Chrome/143.0.7499.192 Mobile Safari/537.36 (compatible; Googlebot/2.1; +http://www.google.com/bot.html)"
66.249.73.235 - - [15/Jan/2026:07:27:00 -0500] "GET /index.php//?_g=170942 HTTP/1.1" 404 1251 "-" "Mozilla/5.0 (Linux; Android 6.0.1; Nexus 5X Build/MMB29P) AppleWebKit/537.36 (KHTML, like Gecko) Chrome/143.0.7499.192 Mobile Safari/537.36 (compatible; Googlebot/2.1; +http://www.google.com/bot.html)"
66.249.73.235 - - [15/Jan/2026:07:27:03 -0500] "GET /index.php/vintagegame.html//?_g=1276234 HTTP/1.1" 404 1251 "-" "Mozilla/5.0 (Linux; Android 6.0.1; Nexus 5X Build/MMB29P) AppleWebKit/537.36 (KHTML, like Gecko) Chrome/143.0.7499.192 Mobile Safari/537.36 (compatible; Googlebot/2.1; +http://www.google.com/bot.html)"
66.249.73.100 - - [15/Jan/2026:07:27:03 -0500] "GET /?_g=1518611 HTTP/1.1" 200 1707 "-" "Mozilla/5.0 (Linux; Android 6.0.1; Nexus 5X Build/MMB29P) AppleWebKit/537.36 (KHTML, like Gecko) Chrome/143.0.7499.192 Mobile Safari/537.36 (compatible; Googlebot/2.1; +http://www.google.com/bot.html)"
66.249.73.233 - - [15/Jan/2026:07:27:05 -0500] "GET /index.php/vintagegame.html//?_g=242662 HTTP/1.1" 404 1251 "-" "Mozilla/5.0 (Linux; Android 6.0.1; Nexus 5X Build/MMB29P) AppleWebKit/537.36 (KHTML, like Gecko) Chrome/143.0.7499.192 Mobile Safari/537.36 (compatible; Googlebot/2.1; +http://www.google.com/bot.html)"
66.249.73.233 - - [15/Jan/2026:07:27:07 -0500] "GET /index.php/vintagegame.html//?_g=1233079 HTTP/1.1" 404 1251 "-" "Mozilla/5.0 (Linux; Android 6.0.1; Nexus 5X Build/MMB29P) AppleWebKit/537.36 (KHTML, like Gecko) Chrome/143.0.7499.192 Mobile Safari/537.36 (compatible; Googlebot/2.1; +http://www.google.com/bot.html)"
66.249.73.233 - - [15/Jan/2026:07:27:10 -0500] "GET /index.php/vintagegame.html//?_g=2525870 HTTP/1.1" 404 1251 "-" "Mozilla/5.0 (Linux; Android 6.0.1; Nexus 5X Build/MMB29P) AppleWebKit/537.36 (KHTML, like Gecko) Chrome/143.0.7499.192 Mobile Safari/537.36 (compatible; Googlebot/2.1; +http://www.google.com/bot.html)"
66.249.73.233 - - [15/Jan/2026:07:27:14 -0500] "GET /index.php/vintagegame.html//?_g=961389 HTTP/1.1" 404 1251 "-" "Mozilla/5.0 (Linux; Android 6.0.1; Nexus 5X Build/MMB29P) AppleWebKit/537.36 (KHTML, like Gecko) Chrome/143.0.7499.192 Mobile Safari/537.36 (compatible; Googlebot/2.1; +http://www.google.com/bot.html)"
66.249.73.233 - - [15/Jan/2026:07:27:16 -0500] "GET /index.php/vintagegame.html//?_g=1855870 HTTP/1.1" 404 1251 "-" "Mozilla/5.0 (Linux; Android 6.0.1; Nexus 5X Build/MMB29P) AppleWebKit/537.36 (KHTML, like Gecko) Chrome/143.0.7499.192 Mobile Safari/537.36 (compatible; Googlebot/2.1; +http://www.google.com/bot.html)"
66.249.73.233 - - [15/Jan/2026:07:27:18 -0500] "GET /index.php/zhHant/product/surugaya/16057303//?_g=714081 HTTP/1.1" 404 1251 "-" "Mozilla/5.0 (Linux; Android 6.0.1; Nexus 5X Build/MMB29P) AppleWebKit/537.36 (KHTML, like Gecko) Chrome/143.0.7499.192 Mobile Safari/537.36 (compatible; Googlebot/2.1; +http://www.google.com/bot.html)"
66.249.73.233 - - [15/Jan/2026:07:27:20 -0500] "GET /index.php/zhHant/product/surugaya/16057303//?_g=1417329 HTTP/1.1" 404 1251 "-" "Mozilla/5.0 (Linux; Android 6.0.1; Nexus 5X Build/MMB29P) AppleWebKit/537.36 (KHTML, like Gecko) Chrome/143.0.7499.192 Mobile Safari/537.36 (compatible; Googlebot/2.1; +http://www.google.com/bot.html)"
66.249.73.233 - - [15/Jan/2026:07:27:22 -0500] "GET /index.php/vintagegame.html//?_g=2595301 HTTP/1.1" 404 1251 "-" "Mozilla/5.0 (Linux; Android 6.0.1; Nexus 5X Build/MMB29P) AppleWebKit/537.36 (KHTML, like Gecko) Chrome/143.0.7499.192 Mobile Safari/537.36 (compatible; Googlebot/2.1; +http://www.google.com/bot.html)"
66.249.73.233 - - [15/Jan/2026:07:27:26 -0500] "GET /index.php/vintagegame.html//?_g=926099 HTTP/1.1" 404 1251 "-" "Mozilla/5.0 (Linux; Android 6.0.1; Nexus 5X Build/MMB29P) AppleWebKit/537.36 (KHTML, like Gecko) Chrome/143.0.7499.192 Mobile Safari/537.36 (compatible; Googlebot/2.1; +http://www.google.com/bot.html)"
66.249.73.233 - - [15/Jan/2026:07:27:28 -0500] "GET /index.php/vintagegame.html//?_g=2194665 HTTP/1.1" 404 1251 "-" "Mozilla/5.0 (Linux; Android 6.0.1; Nexus 5X Build/MMB29P) AppleWebKit/537.36 (KHTML, like Gecko) Chrome/143.0.7499.192 Mobile Safari/537.36 (compatible; Googlebot/2.1; +http://www.google.com/bot.html)"
66.249.73.101 - - [15/Jan/2026:07:27:28 -0500] "GET /?_g=3133 HTTP/1.1" 200 1708 "-" "Mozilla/5.0 (Linux; Android 6.0.1; Nexus 5X Build/MMB29P) AppleWebKit/537.36 (KHTML, like Gecko) Chrome/143.0.7499.192 Mobile Safari/537.36 (compatible; Googlebot/2.1; +http://www.google.com/bot.html)"
66.249.73.233 - - [15/Jan/2026:07:27:30 -0500] "GET /index.php/vintagegame.html//?_g=188032 HTTP/1.1" 404 1251 "-" "Mozilla/5.0 (Linux; Android 6.0.1; Nexus 5X Build/MMB29P) AppleWebKit/537.36 (KHTML, like Gecko) Chrome/143.0.7499.192 Mobile Safari/537.36 (compatible; Googlebot/2.1; +http://www.google.com/bot.html)"
66.249.73.233 - - [15/Jan/2026:07:27:32 -0500] "GET /index.php/vintagegame.html//?_g=845488 HTTP/1.1" 404 1251 "-" "Mozilla/5.0 (Linux; Android 6.0.1; Nexus 5X Build/MMB29P) AppleWebKit/537.36 (KHTML, like Gecko) Chrome/143.0.7499.192 Mobile Safari/537.36 (compatible; Googlebot/2.1; +http://www.google.com/bot.html)"
66.249.73.233 - - [15/Jan/2026:07:27:32 -0500] "GET /index.php/vintagegame.html//?_g=1890388 HTTP/1.1" 404 1251 "-" "Mozilla/5.0 (Linux; Android 6.0.1; Nexus 5X Build/MMB29P) AppleWebKit/537.36 (KHTML, like Gecko) Chrome/143.0.7499.192 Mobile Safari/537.36 (compatible; Googlebot/2.1; +http://www.google.com/bot.html)"
66.249.73.233 - - [15/Jan/2026:07:27:34 -0500] "GET /index.php/zhHant/product/surugaya/16057303//?_g=1979053 HTTP/1.1" 404 1251 "-" "Mozilla/5.0 (Linux; Android 6.0.1; Nexus 5X Build/MMB29P) AppleWebKit/537.36 (KHTML, like Gecko) Chrome/143.0.7499.192 Mobile Safari/537.36 (compatible; Googlebot/2.1; +http://www.google.com/bot.html)"
66.249.73.233 - - [15/Jan/2026:07:27:34 -0500] "GET /index.php/zhHant/product/surugaya/16057303//?_g=1577672 HTTP/1.1" 404 1251 "-" "Mozilla/5.0 (Linux; Android 6.0.1; Nexus 5X Build/MMB29P) AppleWebKit/537.36 (KHTML, like Gecko) Chrome/143.0.7499.192 Mobile Safari/537.36 (compatible; Googlebot/2.1; +http://www.google.com/bot.html)"
66.249.73.233 - - [15/Jan/2026:07:27:36 -0500] "GET /index.php/zhHant/product/surugaya/16057303//?_g=111803 HTTP/1.1" 404 1251 "-" "Mozilla/5.0 (Linux; Android 6.0.1; Nexus 5X Build/MMB29P) AppleWebKit/537.36 (KHTML, like Gecko) Chrome/143.0.7499.192 Mobile Safari/537.36 (compatible; Googlebot/2.1; +http://www.google.com/bot.html)"
66.249.73.233 - - [15/Jan/2026:07:27:39 -0500] "GET /index.php/zhHant/product/surugaya/16057303//?_g=1384503 HTTP/1.1" 404 1251 "-" "Mozilla/5.0 (Linux; Android 6.0.1; Nexus 5X Build/MMB29P) AppleWebKit/537.36 (KHTML, like Gecko) Chrome/143.0.7499.192 Mobile Safari/537.36 (compatible; Googlebot/2.1; +http://www.google.com/bot.html)"
66.249.73.233 - - [15/Jan/2026:07:27:41 -0500] "GET /index.php/zhHant/product/surugaya/16057303//?_g=2237285 HTTP/1.1" 404 1251 "-" "Mozilla/5.0 (Linux; Android 6.0.1; Nexus 5X Build/MMB29P) AppleWebKit/537.36 (KHTML, like Gecko) Chrome/143.0.7499.192 Mobile Safari/537.36 (compatible; Googlebot/2.1; +http://www.google.com/bot.html)"
66.249.73.233 - - [15/Jan/2026:07:27:43 -0500] "GET /index.php/vintagegame.html//?_g=1797945 HTTP/1.1" 404 1251 "-" "Mozilla/5.0 (Linux; Android 6.0.1; Nexus 5X Build/MMB29P) AppleWebKit/537.36 (KHTML, like Gecko) Chrome/143.0.7499.192 Mobile Safari/537.36 (compatible; Googlebot/2.1; +http://www.google.com/bot.html)"
66.249.73.233 - - [15/Jan/2026:07:27:46 -0500] "GET /index.php/vintagegame.html//?_g=432999 HTTP/1.1" 404 1251 "-" "Mozilla/5.0 (Linux; Android 6.0.1; Nexus 5X Build/MMB29P) AppleWebKit/537.36 (KHTML, like Gecko) Chrome/143.0.7499.192 Mobile Safari/537.36 (compatible; Googlebot/2.1; +http://www.google.com/bot.html)"
66.249.73.233 - - [15/Jan/2026:07:27:48 -0500] "GET /index.php/vintagegame.html//?_g=2229689 HTTP/1.1" 404 1251 "-" "Mozilla/5.0 (Linux; Android 6.0.1; Nexus 5X Build/MMB29P) AppleWebKit/537.36 (KHTML, like Gecko) Chrome/143.0.7499.192 Mobile Safari/537.36 (compatible; Googlebot/2.1; +http://www.google.com/bot.html)"
66.249.73.233 - - [15/Jan/2026:07:27:50 -0500] "GET /index.php/vintagegame.html//?_g=13425 HTTP/1.1" 404 1251 "-" "Mozilla/5.0 (Linux; Android 6.0.1; Nexus 5X Build/MMB29P) AppleWebKit/537.36 (KHTML, like Gecko) Chrome/143.0.7499.192 Mobile Safari/537.36 (compatible; Googlebot/2.1; +http://www.google.com/bot.html)"
66.249.73.233 - - [15/Jan/2026:07:27:53 -0500] "GET /index.php/vintagegame.html//?_g=1803711 HTTP/1.1" 404 1251 "-" "Mozilla/5.0 (Linux; Android 6.0.1; Nexus 5X Build/MMB29P) AppleWebKit/537.36 (KHTML, like Gecko) Chrome/143.0.7499.192 Mobile Safari/537.36 (compatible; Googlebot/2.1; +http://www.google.com/bot.html)"
40.77.167.41 - - [15/Jan/2026:07:27:53 -0500] "GET /?_g=885370 HTTP/1.1" 200 1707 "-" "Mozilla/5.0 AppleWebKit/537.36 (KHTML, like Gecko; compatible; bingbot/2.0; +http://www.bing.com/bingbot.htm) Chrome/116.0.1938.76 Safari/537.36"
66.249.73.233 - - [15/Jan/2026:07:27:55 -0500] "GET /index.php/vintagegame.html//?_g=1317332 HTTP/1.1" 404 1251 "-" "Mozilla/5.0 (Linux; Android 6.0.1; Nexus 5X Build/MMB29P) AppleWebKit/537.36 (KHTML, like Gecko) Chrome/143.0.7499.192 Mobile Safari/537.36 (compatible; Googlebot/2.1; +http://www.google.com/bot.html)"
66.249.73.233 - - [15/Jan/2026:07:27:58 -0500] "GET /index.php/vintagegame.html//?_g=192687 HTTP/1.1" 404 1251 "-" "Mozilla/5.0 (Linux; Android 6.0.1; Nexus 5X Build/MMB29P) AppleWebKit/537.36 (KHTML, like Gecko) Chrome/143.0.7499.192 Mobile Safari/537.36 (compatible; Googlebot/2.1; +http://www.google.com/bot.html)"
66.249.73.233 - - [15/Jan/2026:07:28:00 -0500] "GET /index.php/vintagegame.html//?_g=2590753 HTTP/1.1" 404 1251 "-" "Mozilla/5.0 (Linux; Android 6.0.1; Nexus 5X Build/MMB29P) AppleWebKit/537.36 (KHTML, like Gecko) Chrome/143.0.7499.192 Mobile Safari/537.36 (compatible; Googlebot/2.1; +http://www.google.com/bot.html)"
66.249.73.233 - - [15/Jan/2026:07:28:02 -0500] "GET /index.php/vintagegame.html//?_g=98843 HTTP/1.1" 404 1251 "-" "Mozilla/5.0 (Linux; Android 6.0.1; Nexus 5X Build/MMB29P) AppleWebKit/537.36 (KHTML, like Gecko) Chrome/143.0.7499.192 Mobile Safari/537.36 (compatible; Googlebot/2.1; +http://www.google.com/bot.html)"
66.249.73.233 - - [15/Jan/2026:07:28:05 -0500] "GET /index.php/vintagegame.html//?_g=515452 HTTP/1.1" 404 1251 "-" "Mozilla/5.0 (Linux; Android 6.0.1; Nexus 5X Build/MMB29P) AppleWebKit/537.36 (KHTML, like Gecko) Chrome/143.0.7499.192 Mobile Safari/537.36 (compatible; Googlebot/2.1; +http://www.google.com/bot.html)"
66.249.73.233 - - [15/Jan/2026:07:28:07 -0500] "GET /index.php/vintagegame.html//?_g=1176155 HTTP/1.1" 404 1251 "-" "Mozilla/5.0 (Linux; Android 6.0.1; Nexus 5X Build/MMB29P) AppleWebKit/537.36 (KHTML, like Gecko) Chrome/143.0.7499.192 Mobile Safari/537.36 (compatible; Googlebot/2.1; +http://www.google.com/bot.html)"
66.249.73.233 - - [15/Jan/2026:07:28:10 -0500] "GET /index.php/zhHant/product/surugaya/16057303//?_g=2328277 HTTP/1.1" 404 1251 "-" "Mozilla/5.0 (Linux; Android 6.0.1; Nexus 5X Build/MMB29P) AppleWebKit/537.36 (KHTML, like Gecko) Chrome/143.0.7499.192 Mobile Safari/537.36 (compatible; Googlebot/2.1; +http://www.google.com/bot.html)"
66.249.73.233 - - [15/Jan/2026:07:28:12 -0500] "GET /index.php/vintagegame.html//?_g=2615801 HTTP/1.1" 404 1251 "-" "Mozilla/5.0 (Linux; Android 6.0.1; Nexus 5X Build/MMB29P) AppleWebKit/537.36 (KHTML, like Gecko) Chrome/143.0.7499.192 Mobile Safari/537.36 (compatible; Googlebot/2.1; +http://www.google.com/bot.html)"
52.167.144.238 - - [15/Jan/2026:07:28:13 -0500] "GET /?_g=1681562 HTTP/1.1" 200 1707 "-" "Mozilla/5.0 AppleWebKit/537.36 (KHTML, like Gecko; compatible; bingbot/2.0; +http://www.bing.com/bingbot.htm) Chrome/116.0.1938.76 Safari/537.36"
66.249.73.233 - - [15/Jan/2026:07:28:14 -0500] "GET /index.php/vintagegame.html//?_g=1994774 HTTP/1.1" 404 1251 "-" "Mozilla/5.0 (Linux; Android 6.0.1; Nexus 5X Build/MMB29P) AppleWebKit/537.36 (KHTML, like Gecko) Chrome/143.0.7499.192 Mobile Safari/537.36 (compatible; Googlebot/2.1; +http://www.google.com/bot.html)"
66.249.73.233 - - [15/Jan/2026:07:28:16 -0500] "GET /index.php/zhHant/product/surugaya/16057303//?_g=1352438 HTTP/1.1" 404 1251 "-" "Mozilla/5.0 (Linux; Android 6.0.1; Nexus 5X Build/MMB29P) AppleWebKit/537.36 (KHTML, like Gecko) Chrome/143.0.7499.192 Mobile Safari/537.36 (compatible; Googlebot/2.1; +http://www.google.com/bot.html)"
66.249.73.233 - - [15/Jan/2026:07:28:18 -0500] "GET /index.php/vintagegame.html//?_g=1206707 HTTP/1.1" 404 1251 "-" "Mozilla/5.0 (Linux; Android 6.0.1; Nexus 5X Build/MMB29P) AppleWebKit/537.36 (KHTML, like Gecko) Chrome/143.0.7499.192 Mobile Safari/537.36 (compatible; Googlebot/2.1; +http://www.google.com/bot.html)"
66.249.73.233 - - [15/Jan/2026:07:28:18 -0500] "GET /index.php/zhHant/product/surugaya/16057303//?_g=2245337 HTTP/1.1" 404 1251 "-" "Mozilla/5.0 (Linux; Android 6.0.1; Nexus 5X Build/MMB29P) AppleWebKit/537.36 (KHTML, like Gecko) Chrome/143.0.7499.192 Mobile Safari/537.36 (compatible; Googlebot/2.1; +http://www.google.com/bot.html)"
66.249.73.101 - - [15/Jan/2026:07:28:18 -0500] "GET /?_g=1900387 HTTP/1.1" 200 1707 "-" "Mozilla/5.0 (Linux; Android 6.0.1; Nexus 5X Build/MMB29P) AppleWebKit/537.36 (KHTML, like Gecko) Chrome/143.0.7499.192 Mobile Safari/537.36 (compatible; Googlebot/2.1; +http://www.google.com/bot.html)"
66.249.73.233 - - [15/Jan/2026:07:28:19 -0500] "GET /index.php/vintagegame.html//?_g=2504390 HTTP/1.1" 404 1251 "-" "Mozilla/5.0 (Linux; Android 6.0.1; Nexus 5X Build/MMB29P) AppleWebKit/537.36 (KHTML, like Gecko) Chrome/143.0.7499.192 Mobile Safari/537.36 (compatible; Googlebot/2.1; +http://www.google.com/bot.html)"
66.249.73.233 - - [15/Jan/2026:07:28:22 -0500] "GET /index.php/vintagegame.html//?_g=1041497 HTTP/1.1" 404 1251 "-" "Mozilla/5.0 (Linux; Android 6.0.1; Nexus 5X Build/MMB29P) AppleWebKit/537.36 (KHTML, like Gecko) Chrome/143.0.7499.192 Mobile Safari/537.36 (compatible; Googlebot/2.1; +http://www.google.com/bot.html)"
66.249.73.233 - - [15/Jan/2026:07:28:24 -0500] "GET /index.php/vintagegame.html//?_g=1441633 HTTP/1.1" 404 1251 "-" "Mozilla/5.0 (Linux; Android 6.0.1; Nexus 5X Build/MMB29P) AppleWebKit/537.36 (KHTML, like Gecko) Chrome/143.0.7499.192 Mobile Safari/537.36 (compatible; Googlebot/2.1; +http://www.google.com/bot.html)"
66.249.73.233 - - [15/Jan/2026:07:28:26 -0500] "GET /index.php/vintagegame.html//?_g=931165 HTTP/1.1" 404 1251 "-" "Mozilla/5.0 (Linux; Android 6.0.1; Nexus 5X Build/MMB29P) AppleWebKit/537.36 (KHTML, like Gecko) Chrome/143.0.7499.192 Mobile Safari/537.36 (compatible; Googlebot/2.1; +http://www.google.com/bot.html)"
66.249.73.233 - - [15/Jan/2026:07:28:29 -0500] "GET /index.php/vintagegame.html//?_g=1023659 HTTP/1.1" 404 1251 "-" "Mozilla/5.0 (Linux; Android 6.0.1; Nexus 5X Build/MMB29P) AppleWebKit/537.36 (KHTML, like Gecko) Chrome/143.0.7499.192 Mobile Safari/537.36 (compatible; Googlebot/2.1; +http://www.google.com/bot.html)"
66.249.73.233 - - [15/Jan/2026:07:28:32 -0500] "GET /index.php/vintagegame.html//?_g=2396625 HTTP/1.1" 404 1251 "-" "Mozilla/5.0 (Linux; Android 6.0.1; Nexus 5X Build/MMB29P) AppleWebKit/537.36 (KHTML, like Gecko) Chrome/143.0.7499.192 Mobile Safari/537.36 (compatible; Googlebot/2.1; +http://www.google.com/bot.html)"
66.249.73.233 - - [15/Jan/2026:07:28:34 -0500] "GET /index.php/vintagegame.html//?_g=2055355 HTTP/1.1" 404 1251 "-" "Mozilla/5.0 (Linux; Android 6.0.1; Nexus 5X Build/MMB29P) AppleWebKit/537.36 (KHTML, like Gecko) Chrome/143.0.7499.192 Mobile Safari/537.36 (compatible; Googlebot/2.1; +http://www.google.com/bot.html)"
66.249.73.233 - - [15/Jan/2026:07:28:38 -0500] "GET /index.php/zhHant/product/surugaya/16057303//?_g=1055584 HTTP/1.1" 404 1251 "-" "Mozilla/5.0 (Linux; Android 6.0.1; Nexus 5X Build/MMB29P) AppleWebKit/537.36 (KHTML, like Gecko) Chrome/143.0.7499.192 Mobile Safari/537.36 (compatible; Googlebot/2.1; +http://www.google.com/bot.html)"
66.249.73.233 - - [15/Jan/2026:07:28:38 -0500] "GET /index.php/zhHant/product/surugaya/16057303//?_g=2049946 HTTP/1.1" 404 1251 "-" "Mozilla/5.0 (Linux; Android 6.0.1; Nexus 5X Build/MMB29P) AppleWebKit/537.36 (KHTML, like Gecko) Chrome/143.0.7499.192 Mobile Safari/537.36 (compatible; Googlebot/2.1; +http://www.google.com/bot.html)"
66.249.73.233 - - [15/Jan/2026:07:28:40 -0500] "GET /index.php/zhHant/product/surugaya/16057303//?_g=2162078 HTTP/1.1" 404 1251 "-" "Mozilla/5.0 (Linux; Android 6.0.1; Nexus 5X Build/MMB29P) AppleWebKit/537.36 (KHTML, like Gecko) Chrome/143.0.7499.192 Mobile Safari/537.36 (compatible; Googlebot/2.1; +http://www.google.com/bot.html)"
66.249.73.233 - - [15/Jan/2026:07:28:42 -0500] "GET /index.php/zhHant/product/surugaya/16057303//?_g=505165 HTTP/1.1" 404 1251 "-" "Mozilla/5.0 (Linux; Android 6.0.1; Nexus 5X Build/MMB29P) AppleWebKit/537.36 (KHTML, like Gecko) Chrome/143.0.7499.192 Mobile Safari/537.36 (compatible; Googlebot/2.1; +http://www.google.com/bot.html)"
66.249.73.233 - - [15/Jan/2026:07:28:44 -0500] "GET /index.php/zhHant/product/surugaya/16057303//?_g=671337 HTTP/1.1" 404 1251 "-" "Mozilla/5.0 (Linux; Android 6.0.1; Nexus 5X Build/MMB29P) AppleWebKit/537.36 (KHTML, like Gecko) Chrome/143.0.7499.192 Mobile Safari/537.36 (compatible; Googlebot/2.1; +http://www.google.com/bot.html)"
66.249.73.233 - - [15/Jan/2026:07:28:46 -0500] "GET /index.php/zhHant/product/surugaya/16057303//?_g=1557784 HTTP/1.1" 404 1251 "-" "Mozilla/5.0 (Linux; Android 6.0.1; Nexus 5X Build/MMB29P) AppleWebKit/537.36 (KHTML, like Gecko) Chrome/143.0.7499.192 Mobile Safari/537.36 (compatible; Googlebot/2.1; +http://www.google.com/bot.html)"
66.249.73.233 - - [15/Jan/2026:07:28:48 -0500] "GET /index.php/product/edit/25895154//?_g=721668 HTTP/1.1" 404 1251 "-" "Mozilla/5.0 (Linux; Android 6.0.1; Nexus 5X Build/MMB29P) AppleWebKit/537.36 (KHTML, like Gecko) Chrome/143.0.7499.192 Mobile Safari/537.36 (compatible; Googlebot/2.1; +http://www.google.com/bot.html)"
66.249.73.233 - - [15/Jan/2026:07:28:52 -0500] "GET /index.php/vintagegame.html//?_g=413929 HTTP/1.1" 404 1251 "-" "Mozilla/5.0 (Linux; Android 6.0.1; Nexus 5X Build/MMB29P) AppleWebKit/537.36 (KHTML, like Gecko) Chrome/143.0.7499.192 Mobile Safari/537.36 (compatible; Googlebot/2.1; +http://www.google.com/bot.html)"
66.249.73.100 - - [15/Jan/2026:07:28:52 -0500] "GET /index.php/safe_search/config//?_g=796541 HTTP/1.1" 404 1251 "-" "Mozilla/5.0 (Linux; Android 6.0.1; Nexus 5X Build/MMB29P) AppleWebKit/537.36 (KHTML, like Gecko) Chrome/143.0.7499.192 Mobile Safari/537.36 (compatible; Googlebot/2.1; +http://www.google.com/bot.html)"
52.167.144.190 - - [15/Jan/2026:07:28:53 -0500] "GET /index.php//?_g=2374171 HTTP/1.1" 404 1251 "-" "Mozilla/5.0 AppleWebKit/537.36 (KHTML, like Gecko; compatible; bingbot/2.0; +http://www.bing.com/bingbot.htm) Chrome/116.0.1938.76 Safari/537.36"
66.249.73.101 - - [15/Jan/2026:07:28:56 -0500] "GET /?_g=819754 HTTP/1.1" 200 1707 "-" "Mozilla/5.0 (Linux; Android 6.0.1; Nexus 5X Build/MMB29P) AppleWebKit/537.36 (KHTML, like Gecko) Chrome/143.0.7499.192 Mobile Safari/537.36 (compatible; Googlebot/2.1; +http://www.google.com/bot.html)"
66.249.73.233 - - [15/Jan/2026:07:28:56 -0500] "GET /index.php/vintagegame.html//?_g=281664 HTTP/1.1" 404 1251 "-" "Mozilla/5.0 (Linux; Android 6.0.1; Nexus 5X Build/MMB29P) AppleWebKit/537.36 (KHTML, like Gecko) Chrome/143.0.7499.192 Mobile Safari/537.36 (compatible; Googlebot/2.1; +http://www.google.com/bot.html)"
66.249.73.233 - - [15/Jan/2026:07:28:58 -0500] "GET /index.php/vintagegame.html//?_g=122926 HTTP/1.1" 404 1251 "-" "Mozilla/5.0 (Linux; Android 6.0.1; Nexus 5X Build/MMB29P) AppleWebKit/537.36 (KHTML, like Gecko) Chrome/143.0.7499.192 Mobile Safari/537.36 (compatible; Googlebot/2.1; +http://www.google.com/bot.html)"
66.249.73.233 - - [15/Jan/2026:07:29:00 -0500] "GET /index.php/vintagegame.html//?_g=350923 HTTP/1.1" 404 1251 "-" "Mozilla/5.0 (Linux; Android 6.0.1; Nexus 5X Build/MMB29P) AppleWebKit/537.36 (KHTML, like Gecko) Chrome/143.0.7499.192 Mobile Safari/537.36 (compatible; Googlebot/2.1; +http://www.google.com/bot.html)"
66.249.73.233 - - [15/Jan/2026:07:29:00 -0500] "GET /index.php/vintagegame.html//?_g=2017434 HTTP/1.1" 404 1251 "-" "Mozilla/5.0 (Linux; Android 6.0.1; Nexus 5X Build/MMB29P) AppleWebKit/537.36 (KHTML, like Gecko) Chrome/143.0.7499.192 Mobile Safari/537.36 (compatible; Googlebot/2.1; +http://www.google.com/bot.html)"
66.249.73.233 - - [15/Jan/2026:07:29:02 -0500] "GET /index.php/zhHant/product/surugaya/16057303//?_g=267633 HTTP/1.1" 404 1251 "-" "Mozilla/5.0 (Linux; Android 6.0.1; Nexus 5X Build/MMB29P) AppleWebKit/537.36 (KHTML, like Gecko) Chrome/143.0.7499.192 Mobile Safari/537.36 (compatible; Googlebot/2.1; +http://www.google.com/bot.html)"
66.249.73.234 - - [15/Jan/2026:07:29:05 -0500] "GET /index.php/zhHant/product/surugaya/16057303//?_g=402684 HTTP/1.1" 404 1251 "-" "Mozilla/5.0 (Linux; Android 6.0.1; Nexus 5X Build/MMB29P) AppleWebKit/537.36 (KHTML, like Gecko) Chrome/143.0.7499.192 Mobile Safari/537.36 (compatible; Googlebot/2.1; +http://www.google.com/bot.html)"
66.249.73.234 - - [15/Jan/2026:07:29:07 -0500] "GET /index.php/zhHant/product/surugaya/16057303//?_g=747380 HTTP/1.1" 404 1251 "-" "Mozilla/5.0 (Linux; Android 6.0.1; Nexus 5X Build/MMB29P) AppleWebKit/537.36 (KHTML, like Gecko) Chrome/143.0.7499.192 Mobile Safari/537.36 (compatible; Googlebot/2.1; +http://www.google.com/bot.html)"
66.249.73.233 - - [15/Jan/2026:07:29:09 -0500] "GET /index.php/zhHant/product/surugaya/16057303//?_g=2428491 HTTP/1.1" 404 1251 "-" "Mozilla/5.0 (Linux; Android 6.0.1; Nexus 5X Build/MMB29P) AppleWebKit/537.36 (KHTML, like Gecko) Chrome/143.0.7499.192 Mobile Safari/537.36 (compatible; Googlebot/2.1; +http://www.google.com/bot.html)"
66.249.73.233 - - [15/Jan/2026:07:29:11 -0500] "GET /index.php/zhHant/product/surugaya/16057303//?_g=2576647 HTTP/1.1" 404 1251 "-" "Mozilla/5.0 (Linux; Android 6.0.1; Nexus 5X Build/MMB29P) AppleWebKit/537.36 (KHTML, like Gecko) Chrome/143.0.7499.192 Mobile Safari/537.36 (compatible; Googlebot/2.1; +http://www.google.com/bot.html)"
66.249.73.233 - - [15/Jan/2026:07:29:13 -0500] "GET /index.php/zhHant/product/surugaya/16057303//?_g=2245803 HTTP/1.1" 404 1251 "-" "Mozilla/5.0 (Linux; Android 6.0.1; Nexus 5X Build/MMB29P) AppleWebKit/537.36 (KHTML, like Gecko) Chrome/143.0.7499.192 Mobile Safari/537.36 (compatible; Googlebot/2.1; +http://www.google.com/bot.html)"
66.249.73.233 - - [15/Jan/2026:07:29:19 -0500] "GET /index.php/zhHant/product/surugaya/16057303//?_g=61895 HTTP/1.1" 404 1251 "-" "Mozilla/5.0 (Linux; Android 6.0.1; Nexus 5X Build/MMB29P) AppleWebKit/537.36 (KHTML, like Gecko) Chrome/143.0.7499.192 Mobile Safari/537.36 (compatible; Googlebot/2.1; +http://www.google.com/bot.html)"
66.249.73.233 - - [15/Jan/2026:07:29:21 -0500] "GET /index.php/zhHant/product/surugaya/16057303//?_g=2085414 HTTP/1.1" 404 1251 "-" "Mozilla/5.0 (Linux; Android 6.0.1; Nexus 5X Build/MMB29P) AppleWebKit/537.36 (KHTML, like Gecko) Chrome/143.0.7499.192 Mobile Safari/537.36 (compatible; Googlebot/2.1; +http://www.google.com/bot.html)"
66.249.73.233 - - [15/Jan/2026:07:29:21 -0500] "GET /index.php/zhHant/product/surugaya/16057303//?_g=2522711 HTTP/1.1" 404 1251 "-" "Mozilla/5.0 (Linux; Android 6.0.1; Nexus 5X Build/MMB29P) AppleWebKit/537.36 (KHTML, like Gecko) Chrome/143.0.7499.192 Mobile Safari/537.36 (compatible; Googlebot/2.1; +http://www.google.com/bot.html)"
66.249.73.101 - - [15/Jan/2026:07:29:21 -0500] "GET /?_g=1643276 HTTP/1.1" 200 1707 "-" "Mozilla/5.0 (Linux; Android 6.0.1; Nexus 5X Build/MMB29P) AppleWebKit/537.36 (KHTML, like Gecko) Chrome/143.0.7499.192 Mobile Safari/537.36 (compatible; Googlebot/2.1; +http://www.google.com/bot.html)"
66.249.73.101 - - [15/Jan/2026:07:29:21 -0500] "GET /?_g=2704504 HTTP/1.1" 200 1707 "-" "Mozilla/5.0 (Linux; Android 6.0.1; Nexus 5X Build/MMB29P) AppleWebKit/537.36 (KHTML, like Gecko) Chrome/143.0.7499.192 Mobile Safari/537.36 (compatible; Googlebot/2.1; +http://www.google.com/bot.html)"
66.249.73.233 - - [15/Jan/2026:07:29:22 -0500] "GET /index.php/zhHant/product/surugaya/16057303//?_g=2057400 HTTP/1.1" 404 1251 "-" "Mozilla/5.0 (Linux; Android 6.0.1; Nexus 5X Build/MMB29P) AppleWebKit/537.36 (KHTML, like Gecko) Chrome/143.0.7499.192 Mobile Safari/537.36 (compatible; Googlebot/2.1; +http://www.google.com/bot.html)"
66.249.73.233 - - [15/Jan/2026:07:29:23 -0500] "GET /index.php/zhHant/product/surugaya/16057303//?_g=1048864 HTTP/1.1" 404 1251 "-" "Mozilla/5.0 (Linux; Android 6.0.1; Nexus 5X Build/MMB29P) AppleWebKit/537.36 (KHTML, like Gecko) Chrome/143.0.7499.192 Mobile Safari/537.36 (compatible; Googlebot/2.1; +http://www.google.com/bot.html)"
66.249.73.100 - - [15/Jan/2026:07:29:24 -0500] "GET /index.php//?_g=2596184 HTTP/1.1" 404 1251 "-" "Mozilla/5.0 (Linux; Android 6.0.1; Nexus 5X Build/MMB29P) AppleWebKit/537.36 (KHTML, like Gecko) Chrome/143.0.7499.192 Mobile Safari/537.36 (compatible; Googlebot/2.1; +http://www.google.com/bot.html)"
66.249.73.233 - - [15/Jan/2026:07:29:27 -0500] "GET /index.php/zhHant/product/surugaya/16057303//?_g=1958049 HTTP/1.1" 404 1251 "-" "Mozilla/5.0 (Linux; Android 6.0.1; Nexus 5X Build/MMB29P) AppleWebKit/537.36 (KHTML, like Gecko) Chrome/143.0.7499.192 Mobile Safari/537.36 (compatible; Googlebot/2.1; +http://www.google.com/bot.html)"
66.249.73.233 - - [15/Jan/2026:07:29:29 -0500] "GET /index.php/zhHant/product/surugaya/16057303//?_g=303052 HTTP/1.1" 404 1251 "-" "Mozilla/5.0 (Linux; Android 6.0.1; Nexus 5X Build/MMB29P) AppleWebKit/537.36 (KHTML, like Gecko) Chrome/143.0.7499.192 Mobile Safari/537.36 (compatible; Googlebot/2.1; +http://www.google.com/bot.html)"
66.249.73.233 - - [15/Jan/2026:07:29:33 -0500] "GET /index.php/zhHant/product/surugaya/16057303//?_g=2530348 HTTP/1.1" 404 1251 "-" "Mozilla/5.0 (Linux; Android 6.0.1; Nexus 5X Build/MMB29P) AppleWebKit/537.36 (KHTML, like Gecko) Chrome/143.0.7499.192 Mobile Safari/537.36 (compatible; Googlebot/2.1; +http://www.google.com/bot.html)"
66.249.73.233 - - [15/Jan/2026:07:29:35 -0500] "GET /index.php/zhHant/product/surugaya/16057303//?_g=1417487 HTTP/1.1" 404 1251 "-" "Mozilla/5.0 (Linux; Android 6.0.1; Nexus 5X Build/MMB29P) AppleWebKit/537.36 (KHTML, like Gecko) Chrome/143.0.7499.192 Mobile Safari/537.36 (compatible; Googlebot/2.1; +http://www.google.com/bot.html)"
66.249.73.101 - - [15/Jan/2026:07:29:35 -0500] "GET /?_g=965332 HTTP/1.1" 200 1708 "-" "Mozilla/5.0 (Linux; Android 6.0.1; Nexus 5X Build/MMB29P) AppleWebKit/537.36 (KHTML, like Gecko) Chrome/143.0.7499.192 Mobile Safari/537.36 (compatible; Googlebot/2.1; +http://www.google.com/bot.html)"
66.249.73.233 - - [15/Jan/2026:07:29:37 -0500] "GET /index.php/zhHant/product/surugaya/16057303//?_g=1997676 HTTP/1.1" 404 1251 "-" "Mozilla/5.0 (Linux; Android 6.0.1; Nexus 5X Build/MMB29P) AppleWebKit/537.36 (KHTML, like Gecko) Chrome/143.0.7499.192 Mobile Safari/537.36 (compatible; Googlebot/2.1; +http://www.google.com/bot.html)"
66.249.73.233 - - [15/Jan/2026:07:29:39 -0500] "GET /index.php/zhHant/product/surugaya/16057303//?_g=2223735 HTTP/1.1" 404 1251 "-" "Mozilla/5.0 (Linux; Android 6.0.1; Nexus 5X Build/MMB29P) AppleWebKit/537.36 (KHTML, like Gecko) Chrome/143.0.7499.192 Mobile Safari/537.36 (compatible; Googlebot/2.1; +http://www.google.com/bot.html)"
66.249.73.233 - - [15/Jan/2026:07:29:41 -0500] "GET /index.php/zhHant/product/surugaya/16057303//?_g=472865 HTTP/1.1" 404 1251 "-" "Mozilla/5.0 (Linux; Android 6.0.1; Nexus 5X Build/MMB29P) AppleWebKit/537.36 (KHTML, like Gecko) Chrome/143.0.7499.192 Mobile Safari/537.36 (compatible; Googlebot/2.1; +http://www.google.com/bot.html)"
66.249.73.233 - - [15/Jan/2026:07:29:43 -0500] "GET /index.php/zhHant/product/surugaya/16057303//?_g=2400955 HTTP/1.1" 404 1251 "-" "Mozilla/5.0 (Linux; Android 6.0.1; Nexus 5X Build/MMB29P) AppleWebKit/537.36 (KHTML, like Gecko) Chrome/143.0.7499.192 Mobile Safari/537.36 (compatible; Googlebot/2.1; +http://www.google.com/bot.html)"
66.249.73.233 - - [15/Jan/2026:07:29:47 -0500] "GET /index.php/zhHant/product/surugaya/16057303//?_g=1095550 HTTP/1.1" 404 1251 "-" "Mozilla/5.0 (Linux; Android 6.0.1; Nexus 5X Build/MMB29P) AppleWebKit/537.36 (KHTML, like Gecko) Chrome/143.0.7499.192 Mobile Safari/537.36 (compatible; Googlebot/2.1; +http://www.google.com/bot.html)"
66.249.73.100 - - [15/Jan/2026:07:29:47 -0500] "GET /?_g=1730870 HTTP/1.1" 200 1707 "-" "Mozilla/5.0 (Linux; Android 6.0.1; Nexus 5X Build/MMB29P) AppleWebKit/537.36 (KHTML, like Gecko) Chrome/143.0.7499.192 Mobile Safari/537.36 (compatible; Googlebot/2.1; +http://www.google.com/bot.html)"
66.249.73.233 - - [15/Jan/2026:07:29:50 -0500] "GET /index.php/zhHant/product/surugaya/16057303//?_g=2131309 HTTP/1.1" 404 1251 "-" "Mozilla/5.0 (Linux; Android 6.0.1; Nexus 5X Build/MMB29P) AppleWebKit/537.36 (KHTML, like Gecko) Chrome/143.0.7499.192 Mobile Safari/537.36 (compatible; Googlebot/2.1; +http://www.google.com/bot.html)"
66.249.73.233 - - [15/Jan/2026:07:29:52 -0500] "GET /index.php/zhHant/product/surugaya/16057303//?_g=2213778 HTTP/1.1" 404 1251 "-" "Mozilla/5.0 (Linux; Android 6.0.1; Nexus 5X Build/MMB29P) AppleWebKit/537.36 (KHTML, like Gecko) Chrome/143.0.7499.192 Mobile Safari/537.36 (compatible; Googlebot/2.1; +http://www.google.com/bot.html)"
